{"id":175808,"date":"2025-12-03T15:34:11","date_gmt":"2025-12-03T21:34:11","guid":{"rendered":"https:\/\/ucenfotec.ac.cr\/ecommerce\/?post_type=product&#038;p=175808"},"modified":"2026-04-27T11:03:30","modified_gmt":"2026-04-27T17:03:30","slug":"kali-linux-para-principiantes","status":"publish","type":"product","link":"https:\/\/ucenfotec.ac.cr\/ecommerce\/producto\/kali-linux-para-principiantes\/","title":{"rendered":"Kali Linux para Principiantes"},"content":{"rendered":"<div class=\"fusion-fullwidth fullwidth-box fusion-builder-row-1 fusion-flex-container nonhundred-percent-fullwidth non-hundred-percent-height-scrolling\" style=\"--awb-border-radius-top-left:0px;--awb-border-radius-top-right:0px;--awb-border-radius-bottom-right:0px;--awb-border-radius-bottom-left:0px;--awb-flex-wrap:wrap;\" ><div class=\"fusion-builder-row fusion-row fusion-flex-align-items-flex-start fusion-flex-content-wrap\" style=\"max-width:1216.8px;margin-left: calc(-4% \/ 2 );margin-right: calc(-4% \/ 2 );\"><div class=\"fusion-layout-column fusion_builder_column fusion-builder-column-0 fusion_builder_column_1_1 1_1 fusion-flex-column\" style=\"--awb-bg-size:cover;--awb-width-large:100%;--awb-margin-top-large:0px;--awb-spacing-right-large:1.92%;--awb-margin-bottom-large:0px;--awb-spacing-left-large:1.92%;--awb-width-medium:100%;--awb-spacing-right-medium:1.92%;--awb-spacing-left-medium:1.92%;--awb-width-small:100%;--awb-spacing-right-small:1.92%;--awb-spacing-left-small:1.92%;\"><div class=\"fusion-column-wrapper fusion-flex-justify-content-flex-start fusion-content-layout-column\"><div class=\"fusion-text fusion-text-1\"><p><span data-sheets-root=\"1\">Kali Linux es una distribuci\u00f3n especializada de GNU\/Linux dise\u00f1ada para la formaci\u00f3n y la pr\u00e1ctica de la ciberseguridad, orientada al an\u00e1lisis, la evaluaci\u00f3n y la prueba de la seguridad de sistemas inform\u00e1ticos. Integra un amplio conjunto de herramientas para pruebas de penetraci\u00f3n, an\u00e1lisis de redes y evaluaci\u00f3n de vulnerabilidades, organizadas por categor\u00edas funcionales. Su arquitectura flexible permite su instalaci\u00f3n en entornos f\u00edsicos y virtuales, facilitando el aprendizaje en laboratorios controlados.<\/span><\/p>\n<p><span data-sheets-root=\"1\">Las principales tem\u00e1ticas por abordar incluyen la configuraci\u00f3n, verificaci\u00f3n de la versi\u00f3n, navegaci\u00f3n, administraci\u00f3n de archivos, exploraci\u00f3n de las herramientas de seguridad y herramientas b\u00e1sicas de red en Kali Linux, la estructura del directorio de herramientas de compilaci\u00f3n, el escaneo de puertos de red con Nmap, la consola de Metasploit, el reconocimiento de KAli con Nmap y DNS, el escaneo de vulnerabilidades de Kali con Nikto, el descifrado de contrase\u00f1as de Kali con John, inyecci\u00f3n SQL de Kali con sqlmap, explotaci\u00f3n de Kali con Metasploit y la configuraci\u00f3n del firewall de Kali con iptables.<\/span><\/p>\n<p><span data-sheets-root=\"1\">El curso est\u00e1 dise\u00f1ado por competencias y alineado con el marco global de habilidades y competencias para un mundo digital SFIA, por lo que se propone que los estudiantes logren responder a un nivel de responsabilidad 2, de manera que ayudan con la implementaci\u00f3n y el monitoreo de pol\u00edticas y protocolos de seguridad en diferentes sistemas.<\/span><\/p>\n<hr \/>\n<p><strong>Contenidos<\/strong><\/p>\n<p><span data-sheets-root=\"1\">1. Configuraci\u00f3n de tu entorno Kali Linux.<br \/>\n2. Verificar la versi\u00f3n de Kali Linux.<br \/>\n3. Navegaci\u00f3n y administraci\u00f3n de archivos en Kali.<br \/>\n4. Estructura del directorio de herramientas de compilaci\u00f3n.<br \/>\n5. Exploraci\u00f3n de las herramientas de seguridad de Kali.<br \/>\n6. Herramientas b\u00e1sicas de red en Kali.<br \/>\n7. Escaneo de puertos de red con Nmap.<br \/>\n8. Iniciar la consola de Metasploit.<br \/>\n9. Reconocimiento de Kali con Nmap y DNS.<br \/>\n10. Escaneo de vulnerabilidades de Kali con Nikto.<br \/>\n11. Descifrado de contrase\u00f1as de Kali con John.<br \/>\n12. Inyecci\u00f3n SQL de Kali con sqlmap.<br \/>\n13. Explotaci\u00f3n de Kali con Metasploit.<br \/>\n14. Ataques de contrase\u00f1as de Kali con Hydra.<br \/>\n15. Configuraci\u00f3n del firewall de Kali con iptables.<\/span><\/p>\n<hr \/>\n<p><a href=\"https:\/\/ucenfotec.ac.cr\/ecommerce\/wp-content\/uploads\/sites\/13\/2025\/12\/TI-709-Kali-Linux-para-Principiantes.png\"><img decoding=\"async\" class=\"lazyload aligncenter size-full wp-image-175815\" src=\"https:\/\/ucenfotec.ac.cr\/ecommerce\/wp-content\/uploads\/sites\/13\/2025\/12\/TI-709-Kali-Linux-para-Principiantes.png\" data-orig-src=\"https:\/\/ucenfotec.ac.cr\/ecommerce\/wp-content\/uploads\/sites\/13\/2025\/12\/TI-709-Kali-Linux-para-Principiantes.png\" alt=\"TI-709 Kali Linux para Principiantes - Universidad CENFOTEC\" width=\"300\" height=\"300\" srcset=\"data:image\/svg+xml,%3Csvg%20xmlns%3D%27http%3A%2F%2Fwww.w3.org%2F2000%2Fsvg%27%20width%3D%27300%27%20height%3D%27300%27%20viewBox%3D%270%200%20300%20300%27%3E%3Crect%20width%3D%27300%27%20height%3D%27300%27%20fill-opacity%3D%220%22%2F%3E%3C%2Fsvg%3E\" data-srcset=\"https:\/\/ucenfotec.ac.cr\/ecommerce\/wp-content\/uploads\/sites\/13\/2025\/12\/TI-709-Kali-Linux-para-Principiantes-66x66.png 66w, https:\/\/ucenfotec.ac.cr\/ecommerce\/wp-content\/uploads\/sites\/13\/2025\/12\/TI-709-Kali-Linux-para-Principiantes-100x100.png 100w, https:\/\/ucenfotec.ac.cr\/ecommerce\/wp-content\/uploads\/sites\/13\/2025\/12\/TI-709-Kali-Linux-para-Principiantes-150x150.png 150w, https:\/\/ucenfotec.ac.cr\/ecommerce\/wp-content\/uploads\/sites\/13\/2025\/12\/TI-709-Kali-Linux-para-Principiantes-200x200.png 200w, https:\/\/ucenfotec.ac.cr\/ecommerce\/wp-content\/uploads\/sites\/13\/2025\/12\/TI-709-Kali-Linux-para-Principiantes.png 300w\" data-sizes=\"auto\" data-orig-sizes=\"(max-width: 300px) 100vw, 300px\" \/><\/a><\/p>\n<hr \/>\n<\/div><\/div><\/div><\/div><\/div>\n","protected":false},"excerpt":{"rendered":"<p><span data-sheets-root=\"1\">Este curso introduce al uso pr\u00e1ctico de Kali Linux para pruebas de penetraci\u00f3n y auditor\u00edas de seguridad, dominando herramientas de an\u00e1lisis, escaneo, explotaci\u00f3n y defensa \u00e9tica.<\/span><\/p>\n","protected":false},"featured_media":53378,"template":"","meta":{"_relevanssi_hide_post":"","_relevanssi_hide_content":"","_relevanssi_pin_for_all":"","_relevanssi_pin_keywords":"","_relevanssi_unpin_keywords":"","_relevanssi_related_keywords":"","_relevanssi_related_include_ids":"","_relevanssi_related_exclude_ids":"","_relevanssi_related_no_append":"","_relevanssi_related_not_related":"","_relevanssi_related_posts":"","_relevanssi_noindex_reason":""},"product_brand":[],"product_cat":[16],"product_tag":[2989,2832,730,1711,2987,2995,2994,2830,2990,2831,2833,761,2511,2992,2991,2993,2829,2828,2730,2723,2988,2827,1347,2632,2513,2512,884],"class_list":{"0":"post-175808","1":"product","2":"type-product","3":"status-publish","4":"has-post-thumbnail","6":"product_cat-tecnologias-de-informacion","7":"product_tag-administracion-de-archivos","8":"product_tag-auditoria-de-red","9":"product_tag-ciberseguridad","10":"product_tag-comandos","11":"product_tag-configuracion-del-entorno","12":"product_tag-descifrado-de-contrasenas","13":"product_tag-escaneo-de-puertos","14":"product_tag-escaneo-de-vulnerabilidades","15":"product_tag-estructura-del-directorio","16":"product_tag-explotacion-controlada","17":"product_tag-forense-digital","18":"product_tag-hacking-etico","19":"product_tag-hardening","20":"product_tag-herramieintas-de-seguridad","21":"product_tag-herramientas-de-compilacion","22":"product_tag-herramientas-de-red-en-kali","23":"product_tag-iptables","24":"product_tag-john-the-ripper","25":"product_tag-kali-linux","26":"product_tag-metasploit","27":"product_tag-navegacion-en-kali-linux","28":"product_tag-nmap","29":"product_tag-pruebas-de-penetracion","30":"product_tag-reconocimiento","31":"product_tag-seguridad-defensiva","32":"product_tag-seguridad-ofensiva","33":"product_tag-sql","35":"first","36":"instock","37":"virtual","38":"sold-individually","39":"taxable","40":"purchasable","41":"product-type-simple"},"yoast_head":"<!-- This site is optimized with the Yoast SEO Premium plugin v27.4 (Yoast SEO v27.4) - https:\/\/yoast.com\/product\/yoast-seo-premium-wordpress\/ -->\n<title>Kali Linux para Principiantes<\/title>\n<meta name=\"description\" content=\"Domine Kali Linux y sus herramientas para an\u00e1lisis, escaneo y defensa \u00e9tica en ciberseguridad, fortaleciendo habilidades pr\u00e1cticas en entornos reales.\" \/>\n<meta name=\"robots\" content=\"index, follow, max-snippet:-1, max-image-preview:large, max-video-preview:-1\" \/>\n<link rel=\"canonical\" href=\"https:\/\/ucenfotec.ac.cr\/ecommerce\/producto\/kali-linux-para-principiantes\/\" \/>\n<meta property=\"og:locale\" content=\"es_ES\" \/>\n<meta property=\"og:type\" content=\"article\" \/>\n<meta property=\"og:title\" content=\"Kali Linux para Principiantes\" \/>\n<meta property=\"og:description\" content=\"Domine Kali Linux y sus herramientas para an\u00e1lisis, escaneo y defensa \u00e9tica en ciberseguridad, fortaleciendo habilidades pr\u00e1cticas en entornos reales.\" \/>\n<meta property=\"og:url\" content=\"https:\/\/ucenfotec.ac.cr\/ecommerce\/producto\/kali-linux-para-principiantes\/\" \/>\n<meta property=\"og:site_name\" content=\"Cursos - CENFOTEC\" \/>\n<meta property=\"article:modified_time\" content=\"2026-04-27T17:03:30+00:00\" \/>\n<meta property=\"og:image\" content=\"https:\/\/ucenfotec.ac.cr\/ecommerce\/wp-content\/uploads\/sites\/13\/2022\/05\/Information-Technology.jpg\" \/>\n\t<meta property=\"og:image:width\" content=\"500\" \/>\n\t<meta property=\"og:image:height\" content=\"650\" \/>\n\t<meta property=\"og:image:type\" content=\"image\/jpeg\" \/>\n<meta name=\"twitter:card\" content=\"summary_large_image\" \/>\n<meta name=\"twitter:label1\" content=\"Tiempo de lectura\" \/>\n\t<meta name=\"twitter:data1\" content=\"2 minutos\" \/>\n<script type=\"application\/ld+json\" class=\"yoast-schema-graph\">{\"@context\":\"https:\\\/\\\/schema.org\",\"@graph\":[{\"@type\":\"WebPage\",\"@id\":\"https:\\\/\\\/ucenfotec.ac.cr\\\/ecommerce\\\/producto\\\/kali-linux-para-principiantes\\\/\",\"url\":\"https:\\\/\\\/ucenfotec.ac.cr\\\/ecommerce\\\/producto\\\/kali-linux-para-principiantes\\\/\",\"name\":\"Kali Linux para Principiantes\",\"isPartOf\":{\"@id\":\"https:\\\/\\\/ucenfotec.ac.cr\\\/ecommerce\\\/#website\"},\"primaryImageOfPage\":{\"@id\":\"https:\\\/\\\/ucenfotec.ac.cr\\\/ecommerce\\\/producto\\\/kali-linux-para-principiantes\\\/#primaryimage\"},\"image\":{\"@id\":\"https:\\\/\\\/ucenfotec.ac.cr\\\/ecommerce\\\/producto\\\/kali-linux-para-principiantes\\\/#primaryimage\"},\"thumbnailUrl\":\"https:\\\/\\\/ucenfotec.ac.cr\\\/ecommerce\\\/wp-content\\\/uploads\\\/sites\\\/13\\\/2022\\\/05\\\/Information-Technology.jpg\",\"datePublished\":\"2025-12-03T21:34:11+00:00\",\"dateModified\":\"2026-04-27T17:03:30+00:00\",\"description\":\"Domine Kali Linux y sus herramientas para an\u00e1lisis, escaneo y defensa \u00e9tica en ciberseguridad, fortaleciendo habilidades pr\u00e1cticas en entornos reales.\",\"breadcrumb\":{\"@id\":\"https:\\\/\\\/ucenfotec.ac.cr\\\/ecommerce\\\/producto\\\/kali-linux-para-principiantes\\\/#breadcrumb\"},\"inLanguage\":\"es\",\"potentialAction\":[{\"@type\":\"ReadAction\",\"target\":[\"https:\\\/\\\/ucenfotec.ac.cr\\\/ecommerce\\\/producto\\\/kali-linux-para-principiantes\\\/\"]}]},{\"@type\":\"ImageObject\",\"inLanguage\":\"es\",\"@id\":\"https:\\\/\\\/ucenfotec.ac.cr\\\/ecommerce\\\/producto\\\/kali-linux-para-principiantes\\\/#primaryimage\",\"url\":\"https:\\\/\\\/ucenfotec.ac.cr\\\/ecommerce\\\/wp-content\\\/uploads\\\/sites\\\/13\\\/2022\\\/05\\\/Information-Technology.jpg\",\"contentUrl\":\"https:\\\/\\\/ucenfotec.ac.cr\\\/ecommerce\\\/wp-content\\\/uploads\\\/sites\\\/13\\\/2022\\\/05\\\/Information-Technology.jpg\",\"width\":500,\"height\":650,\"caption\":\"Tecnolog\u00edas de Informaci\u00f3n - Universidad CENFOTEC\"},{\"@type\":\"BreadcrumbList\",\"@id\":\"https:\\\/\\\/ucenfotec.ac.cr\\\/ecommerce\\\/producto\\\/kali-linux-para-principiantes\\\/#breadcrumb\",\"itemListElement\":[{\"@type\":\"ListItem\",\"position\":1,\"name\":\"Portada\",\"item\":\"https:\\\/\\\/ucenfotec.ac.cr\\\/ecommerce\\\/\"},{\"@type\":\"ListItem\",\"position\":2,\"name\":\"Todos los Cursos\",\"item\":\"https:\\\/\\\/ucenfotec.ac.cr\\\/ecommerce\\\/todos-los-cursos\\\/\"},{\"@type\":\"ListItem\",\"position\":3,\"name\":\"Kali Linux para Principiantes\"}]},{\"@type\":\"WebSite\",\"@id\":\"https:\\\/\\\/ucenfotec.ac.cr\\\/ecommerce\\\/#website\",\"url\":\"https:\\\/\\\/ucenfotec.ac.cr\\\/ecommerce\\\/\",\"name\":\"Cursos - CENFOTEC\",\"description\":\"Tienda en l\u00ednea de cursos ofrecidos por CENFOTEC\",\"potentialAction\":[{\"@type\":\"SearchAction\",\"target\":{\"@type\":\"EntryPoint\",\"urlTemplate\":\"https:\\\/\\\/ucenfotec.ac.cr\\\/ecommerce\\\/?s={search_term_string}\"},\"query-input\":{\"@type\":\"PropertyValueSpecification\",\"valueRequired\":true,\"valueName\":\"search_term_string\"}}],\"inLanguage\":\"es\"}]}<\/script>\n<!-- \/ Yoast SEO Premium plugin. -->","yoast_head_json":{"title":"Kali Linux para Principiantes","description":"Domine Kali Linux y sus herramientas para an\u00e1lisis, escaneo y defensa \u00e9tica en ciberseguridad, fortaleciendo habilidades pr\u00e1cticas en entornos reales.","robots":{"index":"index","follow":"follow","max-snippet":"max-snippet:-1","max-image-preview":"max-image-preview:large","max-video-preview":"max-video-preview:-1"},"canonical":"https:\/\/ucenfotec.ac.cr\/ecommerce\/producto\/kali-linux-para-principiantes\/","og_locale":"es_ES","og_type":"article","og_title":"Kali Linux para Principiantes","og_description":"Domine Kali Linux y sus herramientas para an\u00e1lisis, escaneo y defensa \u00e9tica en ciberseguridad, fortaleciendo habilidades pr\u00e1cticas en entornos reales.","og_url":"https:\/\/ucenfotec.ac.cr\/ecommerce\/producto\/kali-linux-para-principiantes\/","og_site_name":"Cursos - CENFOTEC","article_modified_time":"2026-04-27T17:03:30+00:00","og_image":[{"width":500,"height":650,"url":"https:\/\/ucenfotec.ac.cr\/ecommerce\/wp-content\/uploads\/sites\/13\/2022\/05\/Information-Technology.jpg","type":"image\/jpeg"}],"twitter_card":"summary_large_image","twitter_misc":{"Tiempo de lectura":"2 minutos"},"schema":{"@context":"https:\/\/schema.org","@graph":[{"@type":"WebPage","@id":"https:\/\/ucenfotec.ac.cr\/ecommerce\/producto\/kali-linux-para-principiantes\/","url":"https:\/\/ucenfotec.ac.cr\/ecommerce\/producto\/kali-linux-para-principiantes\/","name":"Kali Linux para Principiantes","isPartOf":{"@id":"https:\/\/ucenfotec.ac.cr\/ecommerce\/#website"},"primaryImageOfPage":{"@id":"https:\/\/ucenfotec.ac.cr\/ecommerce\/producto\/kali-linux-para-principiantes\/#primaryimage"},"image":{"@id":"https:\/\/ucenfotec.ac.cr\/ecommerce\/producto\/kali-linux-para-principiantes\/#primaryimage"},"thumbnailUrl":"https:\/\/ucenfotec.ac.cr\/ecommerce\/wp-content\/uploads\/sites\/13\/2022\/05\/Information-Technology.jpg","datePublished":"2025-12-03T21:34:11+00:00","dateModified":"2026-04-27T17:03:30+00:00","description":"Domine Kali Linux y sus herramientas para an\u00e1lisis, escaneo y defensa \u00e9tica en ciberseguridad, fortaleciendo habilidades pr\u00e1cticas en entornos reales.","breadcrumb":{"@id":"https:\/\/ucenfotec.ac.cr\/ecommerce\/producto\/kali-linux-para-principiantes\/#breadcrumb"},"inLanguage":"es","potentialAction":[{"@type":"ReadAction","target":["https:\/\/ucenfotec.ac.cr\/ecommerce\/producto\/kali-linux-para-principiantes\/"]}]},{"@type":"ImageObject","inLanguage":"es","@id":"https:\/\/ucenfotec.ac.cr\/ecommerce\/producto\/kali-linux-para-principiantes\/#primaryimage","url":"https:\/\/ucenfotec.ac.cr\/ecommerce\/wp-content\/uploads\/sites\/13\/2022\/05\/Information-Technology.jpg","contentUrl":"https:\/\/ucenfotec.ac.cr\/ecommerce\/wp-content\/uploads\/sites\/13\/2022\/05\/Information-Technology.jpg","width":500,"height":650,"caption":"Tecnolog\u00edas de Informaci\u00f3n - Universidad CENFOTEC"},{"@type":"BreadcrumbList","@id":"https:\/\/ucenfotec.ac.cr\/ecommerce\/producto\/kali-linux-para-principiantes\/#breadcrumb","itemListElement":[{"@type":"ListItem","position":1,"name":"Portada","item":"https:\/\/ucenfotec.ac.cr\/ecommerce\/"},{"@type":"ListItem","position":2,"name":"Todos los Cursos","item":"https:\/\/ucenfotec.ac.cr\/ecommerce\/todos-los-cursos\/"},{"@type":"ListItem","position":3,"name":"Kali Linux para Principiantes"}]},{"@type":"WebSite","@id":"https:\/\/ucenfotec.ac.cr\/ecommerce\/#website","url":"https:\/\/ucenfotec.ac.cr\/ecommerce\/","name":"Cursos - CENFOTEC","description":"Tienda en l\u00ednea de cursos ofrecidos por CENFOTEC","potentialAction":[{"@type":"SearchAction","target":{"@type":"EntryPoint","urlTemplate":"https:\/\/ucenfotec.ac.cr\/ecommerce\/?s={search_term_string}"},"query-input":{"@type":"PropertyValueSpecification","valueRequired":true,"valueName":"search_term_string"}}],"inLanguage":"es"}]}},"_links":{"self":[{"href":"https:\/\/ucenfotec.ac.cr\/ecommerce\/wp-json\/wp\/v2\/product\/175808","targetHints":{"allow":["GET"]}}],"collection":[{"href":"https:\/\/ucenfotec.ac.cr\/ecommerce\/wp-json\/wp\/v2\/product"}],"about":[{"href":"https:\/\/ucenfotec.ac.cr\/ecommerce\/wp-json\/wp\/v2\/types\/product"}],"wp:featuredmedia":[{"embeddable":true,"href":"https:\/\/ucenfotec.ac.cr\/ecommerce\/wp-json\/wp\/v2\/media\/53378"}],"wp:attachment":[{"href":"https:\/\/ucenfotec.ac.cr\/ecommerce\/wp-json\/wp\/v2\/media?parent=175808"}],"wp:term":[{"taxonomy":"product_brand","embeddable":true,"href":"https:\/\/ucenfotec.ac.cr\/ecommerce\/wp-json\/wp\/v2\/product_brand?post=175808"},{"taxonomy":"product_cat","embeddable":true,"href":"https:\/\/ucenfotec.ac.cr\/ecommerce\/wp-json\/wp\/v2\/product_cat?post=175808"},{"taxonomy":"product_tag","embeddable":true,"href":"https:\/\/ucenfotec.ac.cr\/ecommerce\/wp-json\/wp\/v2\/product_tag?post=175808"}],"curies":[{"name":"wp","href":"https:\/\/api.w.org\/{rel}","templated":true}]}}