{"id":356124,"date":"2026-04-28T08:44:33","date_gmt":"2026-04-28T14:44:33","guid":{"rendered":"https:\/\/ucenfotec.ac.cr\/ecommerce\/?post_type=product&#038;p=356124"},"modified":"2026-04-28T09:39:51","modified_gmt":"2026-04-28T15:39:51","slug":"laboratorio-ejecutivo-de-analitica-de-datos-con-modelos-de-lenguaje","status":"publish","type":"product","link":"https:\/\/ucenfotec.ac.cr\/ecommerce\/producto\/laboratorio-ejecutivo-de-analitica-de-datos-con-modelos-de-lenguaje\/","title":{"rendered":"Laboratorio Ejecutivo de Anal\u00edtica de Datos con Modelos de Lenguaje"},"content":{"rendered":"<div class=\"fusion-fullwidth fullwidth-box fusion-builder-row-1 fusion-flex-container nonhundred-percent-fullwidth non-hundred-percent-height-scrolling\" style=\"--awb-border-radius-top-left:0px;--awb-border-radius-top-right:0px;--awb-border-radius-bottom-right:0px;--awb-border-radius-bottom-left:0px;--awb-flex-wrap:wrap;\" ><div class=\"fusion-builder-row fusion-row fusion-flex-align-items-flex-start fusion-flex-content-wrap\" style=\"max-width:1216.8px;margin-left: calc(-4% \/ 2 );margin-right: calc(-4% \/ 2 );\"><div class=\"fusion-layout-column fusion_builder_column fusion-builder-column-0 fusion_builder_column_1_1 1_1 fusion-flex-column\" style=\"--awb-bg-size:cover;--awb-width-large:100%;--awb-margin-top-large:0px;--awb-spacing-right-large:1.92%;--awb-margin-bottom-large:0px;--awb-spacing-left-large:1.92%;--awb-width-medium:100%;--awb-spacing-right-medium:1.92%;--awb-spacing-left-medium:1.92%;--awb-width-small:100%;--awb-spacing-right-small:1.92%;--awb-spacing-left-small:1.92%;\"><div class=\"fusion-column-wrapper fusion-flex-justify-content-flex-start fusion-content-layout-column\"><div class=\"fusion-text fusion-text-1\"><p><span data-sheets-root=\"1\">Este curso desarrolla criterio para la anal\u00edtica de datos mediante modelos de lenguaje, enfoc\u00e1ndose en la generaci\u00f3n de insights y la interpretaci\u00f3n cr\u00edtica de informaci\u00f3n para la toma de decisiones estrat\u00e9gicas organizacionales.<\/span><\/p>\n<hr \/>\n<p><strong>Contenidos<\/strong><\/p>\n<p>1. Modelos de lenguaje aplicados a datos.<br \/>\n2. Exploraci\u00f3n de datos con IA.<br \/>\n3. Generaci\u00f3n de insights.<br \/>\n4. Interpretaci\u00f3n de resultados.<br \/>\n5. Integraci\u00f3n de datos.<br \/>\n6. Visualizaci\u00f3n asistida.<br \/>\n7. Sesgos y limitaciones.<br \/>\n8. Toma de decisiones basada en datos.<strong><br \/>\n<\/strong><\/p>\n<hr \/>\n<\/div><\/div><\/div><\/div><\/div>\n","protected":false},"excerpt":{"rendered":"<p><span data-sheets-root=\"1\">Este curso desarrolla criterio para la anal\u00edtica de datos mediante modelos de lenguaje, enfoc\u00e1ndose en la generaci\u00f3n de insights y la interpretaci\u00f3n cr\u00edtica de informaci\u00f3n para la toma de decisiones estrat\u00e9gicas organizacionales.<\/span><\/p>\n","protected":false},"featured_media":53379,"template":"","meta":{"_relevanssi_hide_post":"","_relevanssi_hide_content":"","_relevanssi_pin_for_all":"","_relevanssi_pin_keywords":"","_relevanssi_unpin_keywords":"","_relevanssi_related_keywords":"","_relevanssi_related_include_ids":"","_relevanssi_related_exclude_ids":"","_relevanssi_related_no_append":"","_relevanssi_related_not_related":"","_relevanssi_related_posts":"","_relevanssi_noindex_reason":""},"product_brand":[],"product_cat":[145],"product_tag":[3008,1061,3009,3014,3011,3013,2656,3007,1429,3010,2619,3012,3006,1151,964],"class_list":{"0":"post-356124","1":"product","2":"type-product","3":"status-publish","4":"has-post-thumbnail","6":"product_cat-sistemas-inteligentes","7":"product_tag-analisis-ejecutivo","8":"product_tag-analitica-de-datos","9":"product_tag-automatizacion-con-ia","10":"product_tag-criterio-analitico","11":"product_tag-estrategia-empresarial","12":"product_tag-gestion-basada-en-datos","13":"product_tag-innovacion-organizacional","14":"product_tag-insights-estrategicos","15":"product_tag-inteligencia-artificial-generativa","16":"product_tag-liderazgo-con-ia","17":"product_tag-modelos-de-lenguaje","18":"product_tag-productividad-ejecutiva","19":"product_tag-toma-de-decisiones-basada-en-datos","20":"product_tag-transformacion-digital","21":"product_tag-visualizacion-de-datos","23":"first","24":"instock","25":"virtual","26":"sold-individually","27":"taxable","28":"purchasable","29":"product-type-simple"},"yoast_head":"<!-- This site is optimized with the Yoast SEO Premium plugin v27.4 (Yoast SEO v27.4) - https:\/\/yoast.com\/product\/yoast-seo-premium-wordpress\/ -->\n<title>Laboratorio Ejecutivo de Anal\u00edtica de Datos con Modelos de Lenguaje<\/title>\n<meta name=\"description\" content=\"Aprende a generar insights estrat\u00e9gicos y prototipos de an\u00e1lisis de datos utilizando modelos de lenguaje para fortalecer la toma de decisiones.\" \/>\n<meta name=\"robots\" content=\"index, follow, max-snippet:-1, max-image-preview:large, max-video-preview:-1\" \/>\n<link rel=\"canonical\" href=\"https:\/\/ucenfotec.ac.cr\/ecommerce\/producto\/laboratorio-ejecutivo-de-analitica-de-datos-con-modelos-de-lenguaje\/\" \/>\n<meta property=\"og:locale\" content=\"es_ES\" \/>\n<meta property=\"og:type\" content=\"article\" \/>\n<meta property=\"og:title\" content=\"Laboratorio Ejecutivo de Anal\u00edtica de Datos con Modelos de Lenguaje\" \/>\n<meta property=\"og:description\" content=\"Aprende a generar insights estrat\u00e9gicos y prototipos de an\u00e1lisis de datos utilizando modelos de lenguaje para fortalecer la toma de decisiones.\" \/>\n<meta property=\"og:url\" content=\"https:\/\/ucenfotec.ac.cr\/ecommerce\/producto\/laboratorio-ejecutivo-de-analitica-de-datos-con-modelos-de-lenguaje\/\" \/>\n<meta property=\"og:site_name\" content=\"Cursos - CENFOTEC\" \/>\n<meta property=\"article:modified_time\" content=\"2026-04-28T15:39:51+00:00\" \/>\n<meta property=\"og:image\" content=\"https:\/\/ucenfotec.ac.cr\/ecommerce\/wp-content\/uploads\/sites\/13\/2022\/05\/Intelligent-Systems.jpg\" \/>\n\t<meta property=\"og:image:width\" content=\"500\" \/>\n\t<meta property=\"og:image:height\" content=\"650\" \/>\n\t<meta property=\"og:image:type\" content=\"image\/jpeg\" \/>\n<meta name=\"twitter:card\" content=\"summary_large_image\" \/>\n<meta name=\"twitter:label1\" content=\"Tiempo de lectura\" \/>\n\t<meta name=\"twitter:data1\" content=\"1 minuto\" \/>\n<script type=\"application\/ld+json\" class=\"yoast-schema-graph\">{\"@context\":\"https:\\\/\\\/schema.org\",\"@graph\":[{\"@type\":\"WebPage\",\"@id\":\"https:\\\/\\\/ucenfotec.ac.cr\\\/ecommerce\\\/producto\\\/laboratorio-ejecutivo-de-analitica-de-datos-con-modelos-de-lenguaje\\\/\",\"url\":\"https:\\\/\\\/ucenfotec.ac.cr\\\/ecommerce\\\/producto\\\/laboratorio-ejecutivo-de-analitica-de-datos-con-modelos-de-lenguaje\\\/\",\"name\":\"Laboratorio Ejecutivo de Anal\u00edtica de Datos con Modelos de Lenguaje\",\"isPartOf\":{\"@id\":\"https:\\\/\\\/ucenfotec.ac.cr\\\/ecommerce\\\/#website\"},\"primaryImageOfPage\":{\"@id\":\"https:\\\/\\\/ucenfotec.ac.cr\\\/ecommerce\\\/producto\\\/laboratorio-ejecutivo-de-analitica-de-datos-con-modelos-de-lenguaje\\\/#primaryimage\"},\"image\":{\"@id\":\"https:\\\/\\\/ucenfotec.ac.cr\\\/ecommerce\\\/producto\\\/laboratorio-ejecutivo-de-analitica-de-datos-con-modelos-de-lenguaje\\\/#primaryimage\"},\"thumbnailUrl\":\"https:\\\/\\\/ucenfotec.ac.cr\\\/ecommerce\\\/wp-content\\\/uploads\\\/sites\\\/13\\\/2022\\\/05\\\/Intelligent-Systems.jpg\",\"datePublished\":\"2026-04-28T14:44:33+00:00\",\"dateModified\":\"2026-04-28T15:39:51+00:00\",\"description\":\"Aprende a generar insights estrat\u00e9gicos y prototipos de an\u00e1lisis de datos utilizando modelos de lenguaje para fortalecer la toma de decisiones.\",\"breadcrumb\":{\"@id\":\"https:\\\/\\\/ucenfotec.ac.cr\\\/ecommerce\\\/producto\\\/laboratorio-ejecutivo-de-analitica-de-datos-con-modelos-de-lenguaje\\\/#breadcrumb\"},\"inLanguage\":\"es\",\"potentialAction\":[{\"@type\":\"ReadAction\",\"target\":[\"https:\\\/\\\/ucenfotec.ac.cr\\\/ecommerce\\\/producto\\\/laboratorio-ejecutivo-de-analitica-de-datos-con-modelos-de-lenguaje\\\/\"]}]},{\"@type\":\"ImageObject\",\"inLanguage\":\"es\",\"@id\":\"https:\\\/\\\/ucenfotec.ac.cr\\\/ecommerce\\\/producto\\\/laboratorio-ejecutivo-de-analitica-de-datos-con-modelos-de-lenguaje\\\/#primaryimage\",\"url\":\"https:\\\/\\\/ucenfotec.ac.cr\\\/ecommerce\\\/wp-content\\\/uploads\\\/sites\\\/13\\\/2022\\\/05\\\/Intelligent-Systems.jpg\",\"contentUrl\":\"https:\\\/\\\/ucenfotec.ac.cr\\\/ecommerce\\\/wp-content\\\/uploads\\\/sites\\\/13\\\/2022\\\/05\\\/Intelligent-Systems.jpg\",\"width\":500,\"height\":650,\"caption\":\"Sistemas Inteligentes Curso Costa Rica - Universidad CENFOTEC\"},{\"@type\":\"BreadcrumbList\",\"@id\":\"https:\\\/\\\/ucenfotec.ac.cr\\\/ecommerce\\\/producto\\\/laboratorio-ejecutivo-de-analitica-de-datos-con-modelos-de-lenguaje\\\/#breadcrumb\",\"itemListElement\":[{\"@type\":\"ListItem\",\"position\":1,\"name\":\"Portada\",\"item\":\"https:\\\/\\\/ucenfotec.ac.cr\\\/ecommerce\\\/\"},{\"@type\":\"ListItem\",\"position\":2,\"name\":\"Todos los Cursos\",\"item\":\"https:\\\/\\\/ucenfotec.ac.cr\\\/ecommerce\\\/todos-los-cursos\\\/\"},{\"@type\":\"ListItem\",\"position\":3,\"name\":\"Laboratorio Ejecutivo de Anal\u00edtica de Datos con Modelos de Lenguaje\"}]},{\"@type\":\"WebSite\",\"@id\":\"https:\\\/\\\/ucenfotec.ac.cr\\\/ecommerce\\\/#website\",\"url\":\"https:\\\/\\\/ucenfotec.ac.cr\\\/ecommerce\\\/\",\"name\":\"Cursos - CENFOTEC\",\"description\":\"Tienda en l\u00ednea de cursos ofrecidos por CENFOTEC\",\"potentialAction\":[{\"@type\":\"SearchAction\",\"target\":{\"@type\":\"EntryPoint\",\"urlTemplate\":\"https:\\\/\\\/ucenfotec.ac.cr\\\/ecommerce\\\/?s={search_term_string}\"},\"query-input\":{\"@type\":\"PropertyValueSpecification\",\"valueRequired\":true,\"valueName\":\"search_term_string\"}}],\"inLanguage\":\"es\"}]}<\/script>\n<!-- \/ Yoast SEO Premium plugin. -->","yoast_head_json":{"title":"Laboratorio Ejecutivo de Anal\u00edtica de Datos con Modelos de Lenguaje","description":"Aprende a generar insights estrat\u00e9gicos y prototipos de an\u00e1lisis de datos utilizando modelos de lenguaje para fortalecer la toma de decisiones.","robots":{"index":"index","follow":"follow","max-snippet":"max-snippet:-1","max-image-preview":"max-image-preview:large","max-video-preview":"max-video-preview:-1"},"canonical":"https:\/\/ucenfotec.ac.cr\/ecommerce\/producto\/laboratorio-ejecutivo-de-analitica-de-datos-con-modelos-de-lenguaje\/","og_locale":"es_ES","og_type":"article","og_title":"Laboratorio Ejecutivo de Anal\u00edtica de Datos con Modelos de Lenguaje","og_description":"Aprende a generar insights estrat\u00e9gicos y prototipos de an\u00e1lisis de datos utilizando modelos de lenguaje para fortalecer la toma de decisiones.","og_url":"https:\/\/ucenfotec.ac.cr\/ecommerce\/producto\/laboratorio-ejecutivo-de-analitica-de-datos-con-modelos-de-lenguaje\/","og_site_name":"Cursos - CENFOTEC","article_modified_time":"2026-04-28T15:39:51+00:00","og_image":[{"width":500,"height":650,"url":"https:\/\/ucenfotec.ac.cr\/ecommerce\/wp-content\/uploads\/sites\/13\/2022\/05\/Intelligent-Systems.jpg","type":"image\/jpeg"}],"twitter_card":"summary_large_image","twitter_misc":{"Tiempo de lectura":"1 minuto"},"schema":{"@context":"https:\/\/schema.org","@graph":[{"@type":"WebPage","@id":"https:\/\/ucenfotec.ac.cr\/ecommerce\/producto\/laboratorio-ejecutivo-de-analitica-de-datos-con-modelos-de-lenguaje\/","url":"https:\/\/ucenfotec.ac.cr\/ecommerce\/producto\/laboratorio-ejecutivo-de-analitica-de-datos-con-modelos-de-lenguaje\/","name":"Laboratorio Ejecutivo de Anal\u00edtica de Datos con Modelos de Lenguaje","isPartOf":{"@id":"https:\/\/ucenfotec.ac.cr\/ecommerce\/#website"},"primaryImageOfPage":{"@id":"https:\/\/ucenfotec.ac.cr\/ecommerce\/producto\/laboratorio-ejecutivo-de-analitica-de-datos-con-modelos-de-lenguaje\/#primaryimage"},"image":{"@id":"https:\/\/ucenfotec.ac.cr\/ecommerce\/producto\/laboratorio-ejecutivo-de-analitica-de-datos-con-modelos-de-lenguaje\/#primaryimage"},"thumbnailUrl":"https:\/\/ucenfotec.ac.cr\/ecommerce\/wp-content\/uploads\/sites\/13\/2022\/05\/Intelligent-Systems.jpg","datePublished":"2026-04-28T14:44:33+00:00","dateModified":"2026-04-28T15:39:51+00:00","description":"Aprende a generar insights estrat\u00e9gicos y prototipos de an\u00e1lisis de datos utilizando modelos de lenguaje para fortalecer la toma de decisiones.","breadcrumb":{"@id":"https:\/\/ucenfotec.ac.cr\/ecommerce\/producto\/laboratorio-ejecutivo-de-analitica-de-datos-con-modelos-de-lenguaje\/#breadcrumb"},"inLanguage":"es","potentialAction":[{"@type":"ReadAction","target":["https:\/\/ucenfotec.ac.cr\/ecommerce\/producto\/laboratorio-ejecutivo-de-analitica-de-datos-con-modelos-de-lenguaje\/"]}]},{"@type":"ImageObject","inLanguage":"es","@id":"https:\/\/ucenfotec.ac.cr\/ecommerce\/producto\/laboratorio-ejecutivo-de-analitica-de-datos-con-modelos-de-lenguaje\/#primaryimage","url":"https:\/\/ucenfotec.ac.cr\/ecommerce\/wp-content\/uploads\/sites\/13\/2022\/05\/Intelligent-Systems.jpg","contentUrl":"https:\/\/ucenfotec.ac.cr\/ecommerce\/wp-content\/uploads\/sites\/13\/2022\/05\/Intelligent-Systems.jpg","width":500,"height":650,"caption":"Sistemas Inteligentes Curso Costa Rica - Universidad CENFOTEC"},{"@type":"BreadcrumbList","@id":"https:\/\/ucenfotec.ac.cr\/ecommerce\/producto\/laboratorio-ejecutivo-de-analitica-de-datos-con-modelos-de-lenguaje\/#breadcrumb","itemListElement":[{"@type":"ListItem","position":1,"name":"Portada","item":"https:\/\/ucenfotec.ac.cr\/ecommerce\/"},{"@type":"ListItem","position":2,"name":"Todos los Cursos","item":"https:\/\/ucenfotec.ac.cr\/ecommerce\/todos-los-cursos\/"},{"@type":"ListItem","position":3,"name":"Laboratorio Ejecutivo de Anal\u00edtica de Datos con Modelos de Lenguaje"}]},{"@type":"WebSite","@id":"https:\/\/ucenfotec.ac.cr\/ecommerce\/#website","url":"https:\/\/ucenfotec.ac.cr\/ecommerce\/","name":"Cursos - CENFOTEC","description":"Tienda en l\u00ednea de cursos ofrecidos por CENFOTEC","potentialAction":[{"@type":"SearchAction","target":{"@type":"EntryPoint","urlTemplate":"https:\/\/ucenfotec.ac.cr\/ecommerce\/?s={search_term_string}"},"query-input":{"@type":"PropertyValueSpecification","valueRequired":true,"valueName":"search_term_string"}}],"inLanguage":"es"}]}},"_links":{"self":[{"href":"https:\/\/ucenfotec.ac.cr\/ecommerce\/wp-json\/wp\/v2\/product\/356124","targetHints":{"allow":["GET"]}}],"collection":[{"href":"https:\/\/ucenfotec.ac.cr\/ecommerce\/wp-json\/wp\/v2\/product"}],"about":[{"href":"https:\/\/ucenfotec.ac.cr\/ecommerce\/wp-json\/wp\/v2\/types\/product"}],"wp:featuredmedia":[{"embeddable":true,"href":"https:\/\/ucenfotec.ac.cr\/ecommerce\/wp-json\/wp\/v2\/media\/53379"}],"wp:attachment":[{"href":"https:\/\/ucenfotec.ac.cr\/ecommerce\/wp-json\/wp\/v2\/media?parent=356124"}],"wp:term":[{"taxonomy":"product_brand","embeddable":true,"href":"https:\/\/ucenfotec.ac.cr\/ecommerce\/wp-json\/wp\/v2\/product_brand?post=356124"},{"taxonomy":"product_cat","embeddable":true,"href":"https:\/\/ucenfotec.ac.cr\/ecommerce\/wp-json\/wp\/v2\/product_cat?post=356124"},{"taxonomy":"product_tag","embeddable":true,"href":"https:\/\/ucenfotec.ac.cr\/ecommerce\/wp-json\/wp\/v2\/product_tag?post=356124"}],"curies":[{"name":"wp","href":"https:\/\/api.w.org\/{rel}","templated":true}]}}