{"id":50436,"date":"2022-03-19T17:48:54","date_gmt":"2022-03-19T23:48:54","guid":{"rendered":"https:\/\/cenfo.net\/ecommerce\/?post_type=product&#038;p=50436"},"modified":"2026-02-27T07:53:25","modified_gmt":"2026-02-27T13:53:25","slug":"business-analytics","status":"publish","type":"product","link":"https:\/\/ucenfotec.ac.cr\/ecommerce\/producto\/business-analytics\/","title":{"rendered":"Business Analytics 1"},"content":{"rendered":"<div class=\"fusion-fullwidth fullwidth-box fusion-builder-row-1 fusion-flex-container nonhundred-percent-fullwidth non-hundred-percent-height-scrolling\" style=\"--awb-border-radius-top-left:0px;--awb-border-radius-top-right:0px;--awb-border-radius-bottom-right:0px;--awb-border-radius-bottom-left:0px;--awb-flex-wrap:wrap;\" ><div class=\"fusion-builder-row fusion-row fusion-flex-align-items-flex-start fusion-flex-content-wrap\" style=\"max-width:1216.8px;margin-left: calc(-4% \/ 2 );margin-right: calc(-4% \/ 2 );\"><div class=\"fusion-layout-column fusion_builder_column fusion-builder-column-0 fusion_builder_column_1_1 1_1 fusion-flex-column\" style=\"--awb-bg-size:cover;--awb-width-large:100%;--awb-margin-top-large:0px;--awb-spacing-right-large:1.92%;--awb-margin-bottom-large:0px;--awb-spacing-left-large:1.92%;--awb-width-medium:100%;--awb-spacing-right-medium:1.92%;--awb-spacing-left-medium:1.92%;--awb-width-small:100%;--awb-spacing-right-small:1.92%;--awb-spacing-left-small:1.92%;\"><div class=\"fusion-column-wrapper fusion-flex-justify-content-flex-start fusion-content-layout-column\"><div class=\"fusion-text fusion-text-1\"><p><span data-sheets-root=\"1\">El Business Analytics (Anal\u00edtica de Negocios) se refiere al uso de datos, an\u00e1lisis estad\u00edstico y modelos predictivos para tomar decisiones empresariales informadas y mejorar el rendimiento de una organizaci\u00f3n. En esencia, implica convertir datos en informaci\u00f3n significativa para impulsar la toma de decisiones estrat\u00e9gicas y operativas en el \u00e1mbito empresarial.<\/span><\/p>\n<p><span data-sheets-root=\"1\">Las principales tem\u00e1ticas por abordar son fundamentos organizacionales, procesos de negocios, introducci\u00f3n a Analytics, t\u00e9cnicas de Analytics, herramientas de Business Analytics, introducci\u00f3n a la visualizaci\u00f3n de datos y sus mejores pr\u00e1cticas.<\/span><\/p>\n<p><span data-sheets-root=\"1\">El curso est\u00e1 dise\u00f1ado por competencias y alineado con el marco global de habilidades y competencias para un mundo digital SFIA, por lo que se propone que los estudiantes logren responder a un nivel de responsabilidad 1, por lo que podr\u00e1 reconocer e introducirse a las pr\u00e1cticas que se desarrollan en la anal\u00edtica de datos que facilitan las tomas de decisiones en \u00e1mbitos empresariales.<\/span><\/p>\n<hr \/>\n<p><strong>Contenidos<\/strong><\/p>\n<p><span data-sheets-root=\"1\">1. Fundamentos organizacionales.<br \/>\n2. Procesos involucrados.<br \/>\n3. Introducci\u00f3n a Analytics.<br \/>\n4. T\u00e9cnicas de Analytics.<br \/>\n5. Tipos de Analytics.<br \/>\n6. Introducci\u00f3n a herramientas de Business Analytics.<br \/>\n7. Introducci\u00f3n a visualizaci\u00f3n de datos.<br \/>\n8. Mejores pr\u00e1cticas de visualizaci\u00f3n para cada tipo de business analytics.<\/span><\/p>\n<hr \/>\n<p><strong>Certificado e Insignia Digital<\/strong><\/p>\n<p>Al finalizar el curso el estudiante obtiene un t\u00edtulo e Insignia digital, socializable en tiempo real basada en tecnolog\u00eda blockchain que permite una vista m\u00e1s completa tras el logro alcanzado por el estudiante al poderla vincular con evidencias del resultado del aprendizaje en su perfil profesional. Es una certificaci\u00f3n segura.<\/p>\n<p><a href=\"https:\/\/ucenfotec.ac.cr\/ecommerce\/wp-content\/uploads\/sites\/13\/2022\/03\/SINF-613-Business-Analytics.png\"><img decoding=\"async\" class=\"lazyload aligncenter size-full wp-image-171600\" src=\"https:\/\/ucenfotec.ac.cr\/ecommerce\/wp-content\/uploads\/sites\/13\/2022\/03\/SINF-613-Business-Analytics.png\" data-orig-src=\"https:\/\/ucenfotec.ac.cr\/ecommerce\/wp-content\/uploads\/sites\/13\/2022\/03\/SINF-613-Business-Analytics.png\" alt=\"SINF-613 Business Analytics - Universidad CENFOTEC\" width=\"300\" height=\"300\" srcset=\"data:image\/svg+xml,%3Csvg%20xmlns%3D%27http%3A%2F%2Fwww.w3.org%2F2000%2Fsvg%27%20width%3D%27300%27%20height%3D%27300%27%20viewBox%3D%270%200%20300%20300%27%3E%3Crect%20width%3D%27300%27%20height%3D%27300%27%20fill-opacity%3D%220%22%2F%3E%3C%2Fsvg%3E\" data-srcset=\"https:\/\/ucenfotec.ac.cr\/ecommerce\/wp-content\/uploads\/sites\/13\/2022\/03\/SINF-613-Business-Analytics-66x66.png 66w, https:\/\/ucenfotec.ac.cr\/ecommerce\/wp-content\/uploads\/sites\/13\/2022\/03\/SINF-613-Business-Analytics-100x100.png 100w, https:\/\/ucenfotec.ac.cr\/ecommerce\/wp-content\/uploads\/sites\/13\/2022\/03\/SINF-613-Business-Analytics-150x150.png 150w, https:\/\/ucenfotec.ac.cr\/ecommerce\/wp-content\/uploads\/sites\/13\/2022\/03\/SINF-613-Business-Analytics-200x200.png 200w, https:\/\/ucenfotec.ac.cr\/ecommerce\/wp-content\/uploads\/sites\/13\/2022\/03\/SINF-613-Business-Analytics.png 300w\" data-sizes=\"auto\" data-orig-sizes=\"(max-width: 300px) 100vw, 300px\" \/><\/a><\/p>\n<hr \/>\n<\/div><\/div><\/div><\/div><\/div>\n","protected":false},"excerpt":{"rendered":"<p class=\"ai-optimize-25\"><span data-sheets-root=\"1\">Este curso tiene como objetivo introducir al estudiante en el mundo de la anal\u00edtica de datos con un enfoque empresarial, se centra en la importancia y necesidad del dato para la toma de decisiones.<\/span><\/p>\n","protected":false},"featured_media":59458,"template":"","meta":{"_relevanssi_hide_post":"on","_relevanssi_hide_content":"on","_relevanssi_pin_for_all":"","_relevanssi_pin_keywords":"","_relevanssi_unpin_keywords":"","_relevanssi_related_keywords":"","_relevanssi_related_include_ids":"","_relevanssi_related_exclude_ids":"","_relevanssi_related_no_append":"","_relevanssi_related_not_related":"","_relevanssi_related_posts":"","_relevanssi_noindex_reason":"WooCommerce Yoast SEO Relevanssi index exclude"},"product_brand":[],"product_cat":[1087,651],"product_tag":[973,974,2448,2804,2808,2806,2809,969,2805,2810,963,2807,975,964],"class_list":{"0":"post-50436","1":"product","2":"type-product","3":"status-publish","4":"has-post-thumbnail","6":"product_cat-agotado","7":"product_cat-sistemas-de-informacion","8":"product_tag-analytics","9":"product_tag-business","10":"product_tag-business-analytics-1-power-bi","11":"product_tag-fundamentos-organizacionales","12":"product_tag-herramientas-de-business-analytics","13":"product_tag-introduccion-a-analytics","14":"product_tag-mejores-practicas","15":"product_tag-power-bi","16":"product_tag-procesos-de-negocios","17":"product_tag-qlik","18":"product_tag-tableau","19":"product_tag-tecnicas-de-analytics","20":"product_tag-visualizacion","21":"product_tag-visualizacion-de-datos","23":"first","24":"outofstock","25":"virtual","26":"sold-individually","27":"taxable","28":"product-type-simple"},"yoast_head":"<!-- This site is optimized with the Yoast SEO Premium plugin v26.8 (Yoast SEO v26.8) - https:\/\/yoast.com\/product\/yoast-seo-premium-wordpress\/ -->\n<title>Business Analytics 1 - Cursos - CENFOTEC<\/title>\n<meta name=\"description\" content=\"Aprende los fundamentos del an\u00e1lisis de datos para negocios, enfoc\u00e1ndote en mejorar la toma de decisiones.\" \/>\n<meta name=\"robots\" content=\"index, follow, max-snippet:-1, max-image-preview:large, max-video-preview:-1\" \/>\n<link rel=\"canonical\" href=\"https:\/\/ucenfotec.ac.cr\/ecommerce\/producto\/business-analytics\/\" \/>\n<meta property=\"og:locale\" content=\"es_ES\" \/>\n<meta property=\"og:type\" content=\"article\" \/>\n<meta property=\"og:title\" content=\"Business Analytics 1\" \/>\n<meta property=\"og:description\" content=\"Aprende los fundamentos del an\u00e1lisis de datos para negocios, enfoc\u00e1ndote en mejorar la toma de decisiones.\" \/>\n<meta property=\"og:url\" content=\"https:\/\/ucenfotec.ac.cr\/ecommerce\/producto\/business-analytics\/\" \/>\n<meta property=\"og:site_name\" content=\"Cursos - CENFOTEC\" \/>\n<meta property=\"article:modified_time\" content=\"2026-02-27T13:53:25+00:00\" \/>\n<meta property=\"og:image\" content=\"https:\/\/ucenfotec.ac.cr\/ecommerce\/wp-content\/uploads\/sites\/13\/2022\/08\/SINF-613.jpg\" \/>\n\t<meta property=\"og:image:width\" content=\"1920\" \/>\n\t<meta property=\"og:image:height\" content=\"1080\" \/>\n\t<meta property=\"og:image:type\" content=\"image\/jpeg\" \/>\n<meta name=\"twitter:card\" content=\"summary_large_image\" \/>\n<meta name=\"twitter:label1\" content=\"Tiempo de lectura\" \/>\n\t<meta name=\"twitter:data1\" content=\"2 minutos\" \/>\n<script type=\"application\/ld+json\" class=\"yoast-schema-graph\">{\"@context\":\"https:\/\/schema.org\",\"@graph\":[{\"@type\":\"WebPage\",\"@id\":\"https:\/\/ucenfotec.ac.cr\/ecommerce\/producto\/business-analytics\/\",\"url\":\"https:\/\/ucenfotec.ac.cr\/ecommerce\/producto\/business-analytics\/\",\"name\":\"Business Analytics 1 - Cursos - CENFOTEC\",\"isPartOf\":{\"@id\":\"https:\/\/ucenfotec.ac.cr\/ecommerce\/#website\"},\"primaryImageOfPage\":{\"@id\":\"https:\/\/ucenfotec.ac.cr\/ecommerce\/producto\/business-analytics\/#primaryimage\"},\"image\":{\"@id\":\"https:\/\/ucenfotec.ac.cr\/ecommerce\/producto\/business-analytics\/#primaryimage\"},\"thumbnailUrl\":\"https:\/\/ucenfotec.ac.cr\/ecommerce\/wp-content\/uploads\/sites\/13\/2022\/08\/SINF-613.jpg\",\"datePublished\":\"2022-03-19T23:48:54+00:00\",\"dateModified\":\"2026-02-27T13:53:25+00:00\",\"description\":\"Aprende los fundamentos del an\u00e1lisis de datos para negocios, enfoc\u00e1ndote en mejorar la toma de decisiones.\",\"breadcrumb\":{\"@id\":\"https:\/\/ucenfotec.ac.cr\/ecommerce\/producto\/business-analytics\/#breadcrumb\"},\"inLanguage\":\"es\",\"potentialAction\":[{\"@type\":\"ReadAction\",\"target\":[\"https:\/\/ucenfotec.ac.cr\/ecommerce\/producto\/business-analytics\/\"]}]},{\"@type\":\"ImageObject\",\"inLanguage\":\"es\",\"@id\":\"https:\/\/ucenfotec.ac.cr\/ecommerce\/producto\/business-analytics\/#primaryimage\",\"url\":\"https:\/\/ucenfotec.ac.cr\/ecommerce\/wp-content\/uploads\/sites\/13\/2022\/08\/SINF-613.jpg\",\"contentUrl\":\"https:\/\/ucenfotec.ac.cr\/ecommerce\/wp-content\/uploads\/sites\/13\/2022\/08\/SINF-613.jpg\",\"width\":1920,\"height\":1080,\"caption\":\"Business Analytics 1\"},{\"@type\":\"BreadcrumbList\",\"@id\":\"https:\/\/ucenfotec.ac.cr\/ecommerce\/producto\/business-analytics\/#breadcrumb\",\"itemListElement\":[{\"@type\":\"ListItem\",\"position\":1,\"name\":\"Portada\",\"item\":\"https:\/\/ucenfotec.ac.cr\/ecommerce\/\"},{\"@type\":\"ListItem\",\"position\":2,\"name\":\"Todos los Cursos\",\"item\":\"https:\/\/ucenfotec.ac.cr\/ecommerce\/todos-los-cursos\/\"},{\"@type\":\"ListItem\",\"position\":3,\"name\":\"Business Analytics 1\"}]},{\"@type\":\"WebSite\",\"@id\":\"https:\/\/ucenfotec.ac.cr\/ecommerce\/#website\",\"url\":\"https:\/\/ucenfotec.ac.cr\/ecommerce\/\",\"name\":\"Cursos - CENFOTEC\",\"description\":\"Tienda en l\u00ednea de cursos ofrecidos por CENFOTEC\",\"potentialAction\":[{\"@type\":\"SearchAction\",\"target\":{\"@type\":\"EntryPoint\",\"urlTemplate\":\"https:\/\/ucenfotec.ac.cr\/ecommerce\/?s={search_term_string}\"},\"query-input\":{\"@type\":\"PropertyValueSpecification\",\"valueRequired\":true,\"valueName\":\"search_term_string\"}}],\"inLanguage\":\"es\"}]}<\/script>\n<!-- \/ Yoast SEO Premium plugin. -->","yoast_head_json":{"title":"Business Analytics 1 - Cursos - CENFOTEC","description":"Aprende los fundamentos del an\u00e1lisis de datos para negocios, enfoc\u00e1ndote en mejorar la toma de decisiones.","robots":{"index":"index","follow":"follow","max-snippet":"max-snippet:-1","max-image-preview":"max-image-preview:large","max-video-preview":"max-video-preview:-1"},"canonical":"https:\/\/ucenfotec.ac.cr\/ecommerce\/producto\/business-analytics\/","og_locale":"es_ES","og_type":"article","og_title":"Business Analytics 1","og_description":"Aprende los fundamentos del an\u00e1lisis de datos para negocios, enfoc\u00e1ndote en mejorar la toma de decisiones.","og_url":"https:\/\/ucenfotec.ac.cr\/ecommerce\/producto\/business-analytics\/","og_site_name":"Cursos - CENFOTEC","article_modified_time":"2026-02-27T13:53:25+00:00","og_image":[{"width":1920,"height":1080,"url":"https:\/\/ucenfotec.ac.cr\/ecommerce\/wp-content\/uploads\/sites\/13\/2022\/08\/SINF-613.jpg","type":"image\/jpeg"}],"twitter_card":"summary_large_image","twitter_misc":{"Tiempo de lectura":"2 minutos"},"schema":{"@context":"https:\/\/schema.org","@graph":[{"@type":"WebPage","@id":"https:\/\/ucenfotec.ac.cr\/ecommerce\/producto\/business-analytics\/","url":"https:\/\/ucenfotec.ac.cr\/ecommerce\/producto\/business-analytics\/","name":"Business Analytics 1 - Cursos - CENFOTEC","isPartOf":{"@id":"https:\/\/ucenfotec.ac.cr\/ecommerce\/#website"},"primaryImageOfPage":{"@id":"https:\/\/ucenfotec.ac.cr\/ecommerce\/producto\/business-analytics\/#primaryimage"},"image":{"@id":"https:\/\/ucenfotec.ac.cr\/ecommerce\/producto\/business-analytics\/#primaryimage"},"thumbnailUrl":"https:\/\/ucenfotec.ac.cr\/ecommerce\/wp-content\/uploads\/sites\/13\/2022\/08\/SINF-613.jpg","datePublished":"2022-03-19T23:48:54+00:00","dateModified":"2026-02-27T13:53:25+00:00","description":"Aprende los fundamentos del an\u00e1lisis de datos para negocios, enfoc\u00e1ndote en mejorar la toma de decisiones.","breadcrumb":{"@id":"https:\/\/ucenfotec.ac.cr\/ecommerce\/producto\/business-analytics\/#breadcrumb"},"inLanguage":"es","potentialAction":[{"@type":"ReadAction","target":["https:\/\/ucenfotec.ac.cr\/ecommerce\/producto\/business-analytics\/"]}]},{"@type":"ImageObject","inLanguage":"es","@id":"https:\/\/ucenfotec.ac.cr\/ecommerce\/producto\/business-analytics\/#primaryimage","url":"https:\/\/ucenfotec.ac.cr\/ecommerce\/wp-content\/uploads\/sites\/13\/2022\/08\/SINF-613.jpg","contentUrl":"https:\/\/ucenfotec.ac.cr\/ecommerce\/wp-content\/uploads\/sites\/13\/2022\/08\/SINF-613.jpg","width":1920,"height":1080,"caption":"Business Analytics 1"},{"@type":"BreadcrumbList","@id":"https:\/\/ucenfotec.ac.cr\/ecommerce\/producto\/business-analytics\/#breadcrumb","itemListElement":[{"@type":"ListItem","position":1,"name":"Portada","item":"https:\/\/ucenfotec.ac.cr\/ecommerce\/"},{"@type":"ListItem","position":2,"name":"Todos los Cursos","item":"https:\/\/ucenfotec.ac.cr\/ecommerce\/todos-los-cursos\/"},{"@type":"ListItem","position":3,"name":"Business Analytics 1"}]},{"@type":"WebSite","@id":"https:\/\/ucenfotec.ac.cr\/ecommerce\/#website","url":"https:\/\/ucenfotec.ac.cr\/ecommerce\/","name":"Cursos - CENFOTEC","description":"Tienda en l\u00ednea de cursos ofrecidos por CENFOTEC","potentialAction":[{"@type":"SearchAction","target":{"@type":"EntryPoint","urlTemplate":"https:\/\/ucenfotec.ac.cr\/ecommerce\/?s={search_term_string}"},"query-input":{"@type":"PropertyValueSpecification","valueRequired":true,"valueName":"search_term_string"}}],"inLanguage":"es"}]}},"_links":{"self":[{"href":"https:\/\/ucenfotec.ac.cr\/ecommerce\/wp-json\/wp\/v2\/product\/50436","targetHints":{"allow":["GET"]}}],"collection":[{"href":"https:\/\/ucenfotec.ac.cr\/ecommerce\/wp-json\/wp\/v2\/product"}],"about":[{"href":"https:\/\/ucenfotec.ac.cr\/ecommerce\/wp-json\/wp\/v2\/types\/product"}],"wp:featuredmedia":[{"embeddable":true,"href":"https:\/\/ucenfotec.ac.cr\/ecommerce\/wp-json\/wp\/v2\/media\/59458"}],"wp:attachment":[{"href":"https:\/\/ucenfotec.ac.cr\/ecommerce\/wp-json\/wp\/v2\/media?parent=50436"}],"wp:term":[{"taxonomy":"product_brand","embeddable":true,"href":"https:\/\/ucenfotec.ac.cr\/ecommerce\/wp-json\/wp\/v2\/product_brand?post=50436"},{"taxonomy":"product_cat","embeddable":true,"href":"https:\/\/ucenfotec.ac.cr\/ecommerce\/wp-json\/wp\/v2\/product_cat?post=50436"},{"taxonomy":"product_tag","embeddable":true,"href":"https:\/\/ucenfotec.ac.cr\/ecommerce\/wp-json\/wp\/v2\/product_tag?post=50436"}],"curies":[{"name":"wp","href":"https:\/\/api.w.org\/{rel}","templated":true}]}}