{"id":57418,"date":"2022-08-02T18:55:43","date_gmt":"2022-08-03T00:55:43","guid":{"rendered":"https:\/\/ucenfotec.ac.cr\/ecommerce\/?post_type=product&#038;p=57418"},"modified":"2026-03-26T17:43:47","modified_gmt":"2026-03-26T23:43:47","slug":"preparacion-para-certificacion-lpic-1-101-y-102","status":"publish","type":"product","link":"https:\/\/ucenfotec.ac.cr\/ecommerce\/producto\/preparacion-para-certificacion-lpic-1-101-y-102\/","title":{"rendered":"Preparaci\u00f3n para Certificaci\u00f3n LPIC-1"},"content":{"rendered":"<div class=\"fusion-fullwidth fullwidth-box fusion-builder-row-1 fusion-flex-container nonhundred-percent-fullwidth non-hundred-percent-height-scrolling\" style=\"--awb-border-radius-top-left:0px;--awb-border-radius-top-right:0px;--awb-border-radius-bottom-right:0px;--awb-border-radius-bottom-left:0px;--awb-flex-wrap:wrap;\" ><div class=\"fusion-builder-row fusion-row fusion-flex-align-items-flex-start fusion-flex-content-wrap\" style=\"max-width:1216.8px;margin-left: calc(-4% \/ 2 );margin-right: calc(-4% \/ 2 );\"><div class=\"fusion-layout-column fusion_builder_column fusion-builder-column-0 fusion_builder_column_1_1 1_1 fusion-flex-column\" style=\"--awb-bg-size:cover;--awb-width-large:100%;--awb-margin-top-large:0px;--awb-spacing-right-large:1.92%;--awb-margin-bottom-large:0px;--awb-spacing-left-large:1.92%;--awb-width-medium:100%;--awb-spacing-right-medium:1.92%;--awb-spacing-left-medium:1.92%;--awb-width-small:100%;--awb-spacing-right-small:1.92%;--awb-spacing-left-small:1.92%;\"><div class=\"fusion-column-wrapper fusion-flex-justify-content-flex-start fusion-content-layout-column\"><div class=\"fusion-text fusion-text-1\"><p><span data-sheets-root=\"1\">Linux es un sistema operativo de c\u00f3digo abierto basado en el n\u00facleo de Uni que se distingue por su arquitectura modular y su flexibilidad, lo que permite su adaptaci\u00f3n y personalizaci\u00f3n para una amplia gama de usos, desde servidores de alta capacidad hasta dispositivos m\u00f3viles y equipos de escritorio.<br \/>\n<\/span><\/p>\n<p><span data-sheets-root=\"1\">Las principales tem\u00e1ticas por abordar son la introducci\u00f3n a GNU\/Linux, los comandos y administraci\u00f3n de paquetes, la arquitectura y los sistemas de archivos, las shells y scripts, las interfaces de usuario, las tareas administrativas, los servicios de sistema, las redes y la seguridad.<br \/>\n<\/span><\/p>\n<p><span data-sheets-root=\"1\">El curso est\u00e1 dise\u00f1ado por competencias y alineado con el marco global de habilidades y competencias para un mundo digital SFIA8, por lo que se propone que los estudiantes logren aplicar configuraciones de software del sistema para maximizar el rendimiento y la eficiencia.<br \/>\n<\/span><\/p>\n<hr \/>\n<p><strong>Contenidos\u00a0<\/strong><\/p>\n<p><span data-sheets-root=\"1\">1. Introducci\u00f3n a GNU\/Linux.<br \/>\n2. Comandos GNU y Unix.<br \/>\n3. Instalaci\u00f3n de Linux y administraci\u00f3n de paquetes.<br \/>\n4. Arquitectura del Sistema.<br \/>\n5. Dispositivos, Sistemas de Archivos en Linux, y el Est\u00e1ndar de Jerarqu\u00eda en el Sistema de Archivos en Linux.<br \/>\n6. Shells, secuencias de comandos y gestio\u0301n de datos.<br \/>\n7. Interfaces de usuario y escritorios.<br \/>\n8. Tareas administrativas.<br \/>\n9. Servicios de sistema esenciales.<br \/>\n10. Conceptos fundamentales de red, 11. Seguridad.<\/span><\/p>\n<div>\n<hr \/>\n<\/div>\n<\/div><\/div><\/div><\/div><\/div>\n","protected":false},"excerpt":{"rendered":"<p><span data-sheets-root=\"1\">Linux es un sistema operativo de c\u00f3digo abierto basado en el n\u00facleo de Uni que se distingue por su arquitectura modular y su flexibilidad, lo que permite su adaptaci\u00f3n y personalizaci\u00f3n para una amplia gama de usos, desde servidores de alta capacidad hasta dispositivos m\u00f3viles y equipos de escritorio. <\/span><\/p>\n","protected":false},"featured_media":63245,"template":"","meta":{"_relevanssi_hide_post":"","_relevanssi_hide_content":"","_relevanssi_pin_for_all":"","_relevanssi_pin_keywords":"","_relevanssi_unpin_keywords":"","_relevanssi_related_keywords":"","_relevanssi_related_include_ids":"","_relevanssi_related_exclude_ids":"","_relevanssi_related_no_append":"","_relevanssi_related_not_related":"","_relevanssi_related_posts":"","_relevanssi_noindex_reason":""},"product_brand":[],"product_cat":[16],"product_tag":[1713,1714,1711,1715,1718,1710,1717,794,789,1719,1716,1712],"class_list":{"0":"post-57418","1":"product","2":"type-product","3":"status-publish","4":"has-post-thumbnail","6":"product_cat-tecnologias-de-informacion","7":"product_tag-administracion-de-paquetes","8":"product_tag-arquitectura-del-sistema","9":"product_tag-comandos","10":"product_tag-estandares-de-jerarquia","11":"product_tag-gestion-de-usuarios","12":"product_tag-gnu-linux","13":"product_tag-interfaces-de-usuario","14":"product_tag-redes","15":"product_tag-seguridad","16":"product_tag-servicios-de-sistema","17":"product_tag-shells","18":"product_tag-unix","20":"first","21":"instock","22":"virtual","23":"sold-individually","24":"taxable","25":"purchasable","26":"product-type-simple"},"yoast_head":"<!-- This site is optimized with the Yoast SEO Premium plugin v27.4 (Yoast SEO v27.4) - https:\/\/yoast.com\/product\/yoast-seo-premium-wordpress\/ -->\n<title>Preparaci\u00f3n para Certificaci\u00f3n LPIC-1 (101 y 102)<\/title>\n<meta name=\"description\" content=\"Prep\u00e1rate para la certificaci\u00f3n LPIC-1 abordando temas clave en administraci\u00f3n de Linux.\" \/>\n<meta name=\"robots\" content=\"index, follow, max-snippet:-1, max-image-preview:large, max-video-preview:-1\" \/>\n<link rel=\"canonical\" href=\"https:\/\/ucenfotec.ac.cr\/ecommerce\/producto\/preparacion-para-certificacion-lpic-1-101-y-102\/\" \/>\n<meta property=\"og:locale\" content=\"es_ES\" \/>\n<meta property=\"og:type\" content=\"article\" \/>\n<meta property=\"og:title\" content=\"Preparaci\u00f3n para Certificaci\u00f3n LPIC-1\" \/>\n<meta property=\"og:description\" content=\"Prep\u00e1rate para la certificaci\u00f3n LPIC-1 abordando temas clave en administraci\u00f3n de Linux.\" \/>\n<meta property=\"og:url\" content=\"https:\/\/ucenfotec.ac.cr\/ecommerce\/producto\/preparacion-para-certificacion-lpic-1-101-y-102\/\" \/>\n<meta property=\"og:site_name\" content=\"Cursos - CENFOTEC\" \/>\n<meta property=\"article:modified_time\" content=\"2026-03-26T23:43:47+00:00\" \/>\n<meta property=\"og:image\" content=\"https:\/\/ucenfotec.ac.cr\/ecommerce\/wp-content\/uploads\/sites\/13\/2022\/09\/ACTI-LINUX-1.jpg\" \/>\n\t<meta property=\"og:image:width\" content=\"1920\" \/>\n\t<meta property=\"og:image:height\" content=\"1080\" \/>\n\t<meta property=\"og:image:type\" content=\"image\/jpeg\" \/>\n<meta name=\"twitter:card\" content=\"summary_large_image\" \/>\n<meta name=\"twitter:label1\" content=\"Tiempo de lectura\" \/>\n\t<meta name=\"twitter:data1\" content=\"2 minutos\" \/>\n<script type=\"application\/ld+json\" class=\"yoast-schema-graph\">{\"@context\":\"https:\\\/\\\/schema.org\",\"@graph\":[{\"@type\":\"WebPage\",\"@id\":\"https:\\\/\\\/ucenfotec.ac.cr\\\/ecommerce\\\/producto\\\/preparacion-para-certificacion-lpic-1-101-y-102\\\/\",\"url\":\"https:\\\/\\\/ucenfotec.ac.cr\\\/ecommerce\\\/producto\\\/preparacion-para-certificacion-lpic-1-101-y-102\\\/\",\"name\":\"Preparaci\u00f3n para Certificaci\u00f3n LPIC-1 (101 y 102)\",\"isPartOf\":{\"@id\":\"https:\\\/\\\/ucenfotec.ac.cr\\\/ecommerce\\\/#website\"},\"primaryImageOfPage\":{\"@id\":\"https:\\\/\\\/ucenfotec.ac.cr\\\/ecommerce\\\/producto\\\/preparacion-para-certificacion-lpic-1-101-y-102\\\/#primaryimage\"},\"image\":{\"@id\":\"https:\\\/\\\/ucenfotec.ac.cr\\\/ecommerce\\\/producto\\\/preparacion-para-certificacion-lpic-1-101-y-102\\\/#primaryimage\"},\"thumbnailUrl\":\"https:\\\/\\\/ucenfotec.ac.cr\\\/ecommerce\\\/wp-content\\\/uploads\\\/sites\\\/13\\\/2022\\\/09\\\/ACTI-LINUX-1.jpg\",\"datePublished\":\"2022-08-03T00:55:43+00:00\",\"dateModified\":\"2026-03-26T23:43:47+00:00\",\"description\":\"Prep\u00e1rate para la certificaci\u00f3n LPIC-1 abordando temas clave en administraci\u00f3n de Linux.\",\"breadcrumb\":{\"@id\":\"https:\\\/\\\/ucenfotec.ac.cr\\\/ecommerce\\\/producto\\\/preparacion-para-certificacion-lpic-1-101-y-102\\\/#breadcrumb\"},\"inLanguage\":\"es\",\"potentialAction\":[{\"@type\":\"ReadAction\",\"target\":[\"https:\\\/\\\/ucenfotec.ac.cr\\\/ecommerce\\\/producto\\\/preparacion-para-certificacion-lpic-1-101-y-102\\\/\"]}]},{\"@type\":\"ImageObject\",\"inLanguage\":\"es\",\"@id\":\"https:\\\/\\\/ucenfotec.ac.cr\\\/ecommerce\\\/producto\\\/preparacion-para-certificacion-lpic-1-101-y-102\\\/#primaryimage\",\"url\":\"https:\\\/\\\/ucenfotec.ac.cr\\\/ecommerce\\\/wp-content\\\/uploads\\\/sites\\\/13\\\/2022\\\/09\\\/ACTI-LINUX-1.jpg\",\"contentUrl\":\"https:\\\/\\\/ucenfotec.ac.cr\\\/ecommerce\\\/wp-content\\\/uploads\\\/sites\\\/13\\\/2022\\\/09\\\/ACTI-LINUX-1.jpg\",\"width\":1920,\"height\":1080,\"caption\":\"Administraci\u00f3n de Sistemas Linux-Preparaci\u00f3n para la Certificaci\u00f3n LPIC-1 Con Examen de Certificaci\u00f3n\"},{\"@type\":\"BreadcrumbList\",\"@id\":\"https:\\\/\\\/ucenfotec.ac.cr\\\/ecommerce\\\/producto\\\/preparacion-para-certificacion-lpic-1-101-y-102\\\/#breadcrumb\",\"itemListElement\":[{\"@type\":\"ListItem\",\"position\":1,\"name\":\"Portada\",\"item\":\"https:\\\/\\\/ucenfotec.ac.cr\\\/ecommerce\\\/\"},{\"@type\":\"ListItem\",\"position\":2,\"name\":\"Todos los Cursos\",\"item\":\"https:\\\/\\\/ucenfotec.ac.cr\\\/ecommerce\\\/todos-los-cursos\\\/\"},{\"@type\":\"ListItem\",\"position\":3,\"name\":\"Preparaci\u00f3n para Certificaci\u00f3n LPIC-1\"}]},{\"@type\":\"WebSite\",\"@id\":\"https:\\\/\\\/ucenfotec.ac.cr\\\/ecommerce\\\/#website\",\"url\":\"https:\\\/\\\/ucenfotec.ac.cr\\\/ecommerce\\\/\",\"name\":\"Cursos - CENFOTEC\",\"description\":\"Tienda en l\u00ednea de cursos ofrecidos por CENFOTEC\",\"potentialAction\":[{\"@type\":\"SearchAction\",\"target\":{\"@type\":\"EntryPoint\",\"urlTemplate\":\"https:\\\/\\\/ucenfotec.ac.cr\\\/ecommerce\\\/?s={search_term_string}\"},\"query-input\":{\"@type\":\"PropertyValueSpecification\",\"valueRequired\":true,\"valueName\":\"search_term_string\"}}],\"inLanguage\":\"es\"}]}<\/script>\n<!-- \/ Yoast SEO Premium plugin. -->","yoast_head_json":{"title":"Preparaci\u00f3n para Certificaci\u00f3n LPIC-1 (101 y 102)","description":"Prep\u00e1rate para la certificaci\u00f3n LPIC-1 abordando temas clave en administraci\u00f3n de Linux.","robots":{"index":"index","follow":"follow","max-snippet":"max-snippet:-1","max-image-preview":"max-image-preview:large","max-video-preview":"max-video-preview:-1"},"canonical":"https:\/\/ucenfotec.ac.cr\/ecommerce\/producto\/preparacion-para-certificacion-lpic-1-101-y-102\/","og_locale":"es_ES","og_type":"article","og_title":"Preparaci\u00f3n para Certificaci\u00f3n LPIC-1","og_description":"Prep\u00e1rate para la certificaci\u00f3n LPIC-1 abordando temas clave en administraci\u00f3n de Linux.","og_url":"https:\/\/ucenfotec.ac.cr\/ecommerce\/producto\/preparacion-para-certificacion-lpic-1-101-y-102\/","og_site_name":"Cursos - CENFOTEC","article_modified_time":"2026-03-26T23:43:47+00:00","og_image":[{"width":1920,"height":1080,"url":"https:\/\/ucenfotec.ac.cr\/ecommerce\/wp-content\/uploads\/sites\/13\/2022\/09\/ACTI-LINUX-1.jpg","type":"image\/jpeg"}],"twitter_card":"summary_large_image","twitter_misc":{"Tiempo de lectura":"2 minutos"},"schema":{"@context":"https:\/\/schema.org","@graph":[{"@type":"WebPage","@id":"https:\/\/ucenfotec.ac.cr\/ecommerce\/producto\/preparacion-para-certificacion-lpic-1-101-y-102\/","url":"https:\/\/ucenfotec.ac.cr\/ecommerce\/producto\/preparacion-para-certificacion-lpic-1-101-y-102\/","name":"Preparaci\u00f3n para Certificaci\u00f3n LPIC-1 (101 y 102)","isPartOf":{"@id":"https:\/\/ucenfotec.ac.cr\/ecommerce\/#website"},"primaryImageOfPage":{"@id":"https:\/\/ucenfotec.ac.cr\/ecommerce\/producto\/preparacion-para-certificacion-lpic-1-101-y-102\/#primaryimage"},"image":{"@id":"https:\/\/ucenfotec.ac.cr\/ecommerce\/producto\/preparacion-para-certificacion-lpic-1-101-y-102\/#primaryimage"},"thumbnailUrl":"https:\/\/ucenfotec.ac.cr\/ecommerce\/wp-content\/uploads\/sites\/13\/2022\/09\/ACTI-LINUX-1.jpg","datePublished":"2022-08-03T00:55:43+00:00","dateModified":"2026-03-26T23:43:47+00:00","description":"Prep\u00e1rate para la certificaci\u00f3n LPIC-1 abordando temas clave en administraci\u00f3n de Linux.","breadcrumb":{"@id":"https:\/\/ucenfotec.ac.cr\/ecommerce\/producto\/preparacion-para-certificacion-lpic-1-101-y-102\/#breadcrumb"},"inLanguage":"es","potentialAction":[{"@type":"ReadAction","target":["https:\/\/ucenfotec.ac.cr\/ecommerce\/producto\/preparacion-para-certificacion-lpic-1-101-y-102\/"]}]},{"@type":"ImageObject","inLanguage":"es","@id":"https:\/\/ucenfotec.ac.cr\/ecommerce\/producto\/preparacion-para-certificacion-lpic-1-101-y-102\/#primaryimage","url":"https:\/\/ucenfotec.ac.cr\/ecommerce\/wp-content\/uploads\/sites\/13\/2022\/09\/ACTI-LINUX-1.jpg","contentUrl":"https:\/\/ucenfotec.ac.cr\/ecommerce\/wp-content\/uploads\/sites\/13\/2022\/09\/ACTI-LINUX-1.jpg","width":1920,"height":1080,"caption":"Administraci\u00f3n de Sistemas Linux-Preparaci\u00f3n para la Certificaci\u00f3n LPIC-1 Con Examen de Certificaci\u00f3n"},{"@type":"BreadcrumbList","@id":"https:\/\/ucenfotec.ac.cr\/ecommerce\/producto\/preparacion-para-certificacion-lpic-1-101-y-102\/#breadcrumb","itemListElement":[{"@type":"ListItem","position":1,"name":"Portada","item":"https:\/\/ucenfotec.ac.cr\/ecommerce\/"},{"@type":"ListItem","position":2,"name":"Todos los Cursos","item":"https:\/\/ucenfotec.ac.cr\/ecommerce\/todos-los-cursos\/"},{"@type":"ListItem","position":3,"name":"Preparaci\u00f3n para Certificaci\u00f3n LPIC-1"}]},{"@type":"WebSite","@id":"https:\/\/ucenfotec.ac.cr\/ecommerce\/#website","url":"https:\/\/ucenfotec.ac.cr\/ecommerce\/","name":"Cursos - CENFOTEC","description":"Tienda en l\u00ednea de cursos ofrecidos por CENFOTEC","potentialAction":[{"@type":"SearchAction","target":{"@type":"EntryPoint","urlTemplate":"https:\/\/ucenfotec.ac.cr\/ecommerce\/?s={search_term_string}"},"query-input":{"@type":"PropertyValueSpecification","valueRequired":true,"valueName":"search_term_string"}}],"inLanguage":"es"}]}},"_links":{"self":[{"href":"https:\/\/ucenfotec.ac.cr\/ecommerce\/wp-json\/wp\/v2\/product\/57418","targetHints":{"allow":["GET"]}}],"collection":[{"href":"https:\/\/ucenfotec.ac.cr\/ecommerce\/wp-json\/wp\/v2\/product"}],"about":[{"href":"https:\/\/ucenfotec.ac.cr\/ecommerce\/wp-json\/wp\/v2\/types\/product"}],"wp:featuredmedia":[{"embeddable":true,"href":"https:\/\/ucenfotec.ac.cr\/ecommerce\/wp-json\/wp\/v2\/media\/63245"}],"wp:attachment":[{"href":"https:\/\/ucenfotec.ac.cr\/ecommerce\/wp-json\/wp\/v2\/media?parent=57418"}],"wp:term":[{"taxonomy":"product_brand","embeddable":true,"href":"https:\/\/ucenfotec.ac.cr\/ecommerce\/wp-json\/wp\/v2\/product_brand?post=57418"},{"taxonomy":"product_cat","embeddable":true,"href":"https:\/\/ucenfotec.ac.cr\/ecommerce\/wp-json\/wp\/v2\/product_cat?post=57418"},{"taxonomy":"product_tag","embeddable":true,"href":"https:\/\/ucenfotec.ac.cr\/ecommerce\/wp-json\/wp\/v2\/product_tag?post=57418"}],"curies":[{"name":"wp","href":"https:\/\/api.w.org\/{rel}","templated":true}]}}