{"id":57632,"date":"2022-08-12T12:52:47","date_gmt":"2022-08-12T18:52:47","guid":{"rendered":"https:\/\/ucenfotec.ac.cr\/ecommerce\/?post_type=product&#038;p=57632"},"modified":"2026-03-31T10:24:36","modified_gmt":"2026-03-31T16:24:36","slug":"acti-istqb-1e","status":"publish","type":"product","link":"https:\/\/ucenfotec.ac.cr\/ecommerce\/producto\/acti-istqb-1e\/","title":{"rendered":"ISTQB: Nivel Fundamentos (ISTQB\u00ae Certified Tester Foundation Level)"},"content":{"rendered":"<div class=\"fusion-fullwidth fullwidth-box fusion-builder-row-1 fusion-flex-container nonhundred-percent-fullwidth non-hundred-percent-height-scrolling\" style=\"--awb-border-radius-top-left:0px;--awb-border-radius-top-right:0px;--awb-border-radius-bottom-right:0px;--awb-border-radius-bottom-left:0px;--awb-flex-wrap:wrap;\" ><div class=\"fusion-builder-row fusion-row fusion-flex-align-items-flex-start fusion-flex-content-wrap\" style=\"max-width:1216.8px;margin-left: calc(-4% \/ 2 );margin-right: calc(-4% \/ 2 );\"><div class=\"fusion-layout-column fusion_builder_column fusion-builder-column-0 fusion_builder_column_1_1 1_1 fusion-flex-column\" style=\"--awb-bg-size:cover;--awb-width-large:100%;--awb-margin-top-large:0px;--awb-spacing-right-large:1.92%;--awb-margin-bottom-large:0px;--awb-spacing-left-large:1.92%;--awb-width-medium:100%;--awb-spacing-right-medium:1.92%;--awb-spacing-left-medium:1.92%;--awb-width-small:100%;--awb-spacing-right-small:1.92%;--awb-spacing-left-small:1.92%;\"><div class=\"fusion-column-wrapper fusion-flex-justify-content-flex-start fusion-content-layout-column\"><div class=\"fusion-text fusion-text-1\"><p><span data-sheets-root=\"1\">ISTQB\u00ae Certified Tester Foundation Level (CTFL) es una certificaci\u00f3n internacional que valida conocimientos fundamentales en pruebas de software abarcando principios b\u00e1sicos del testing, ciclo de vida del desarrollo, t\u00e9cnicas de prueba y herramientas utilizadas en la industria.<\/span><\/p>\n<p><span data-sheets-root=\"1\">Las principales tem\u00e1ticas por abordar en el curso son los fundamentos, niveles, tipos, m\u00e9todos, t\u00e9cnicas y herramientas de pruebas de software, y el desarrollo, enfoques \u00e1giles y el rol del tester en pruebas \u00e1giles.<\/span><\/p>\n<p><span data-sheets-root=\"1\">El curso est\u00e1 dise\u00f1ado por competencias y alineado con el marco global de habilidades y competencias para un mundo digital SFIA8, por lo que se propone que los estudiantes logren responder a un nivel de responsabilidad 2, de manera que preparan los an\u00e1lisis e informes sobre actividades, resultados, problemas y riesgos de las pruebas.<\/span><\/p>\n<p><span data-sheets-root=\"1\">Al finalizar el curso el estudiante tendr\u00e1 acceso a realizar el examen de certificaci\u00f3n de ISTQB\u00ae Certified Tester Foundation Level.<\/span><\/p>\n<hr \/>\n<p><strong>Contenidos<\/strong><\/p>\n<p><span data-sheets-root=\"1\">1. Fundamentos de las pruebas de software.<br \/>\n<\/span><span data-sheets-root=\"1\">2. Niveles y tipos de pruebas.<br \/>\n<\/span><span data-sheets-root=\"1\">3. Desarrollo \u00e1gil de software.<br \/>\n<\/span><span data-sheets-root=\"1\">4. Enfoques \u00e1giles en el desarrollo de software.<br \/>\n<\/span><span data-sheets-root=\"1\">5. Pruebas \u00e1giles vs. tradicionales.<br \/>\n<\/span><span data-sheets-root=\"1\">6. El rol del tester en un equipo \u00e1gil.<br \/>\n<\/span><span data-sheets-root=\"1\">7. M\u00e9todos y t\u00e9cnicas de pruebas \u00e1giles.<br \/>\n<\/span><span data-sheets-root=\"1\">8. Herramientas y t\u00e9cnicas en proyectos \u00e1giles.<\/span><\/p>\n<hr \/>\n<p><strong>Certificaci\u00f3n<\/strong><\/p>\n<p><strong>Casa certificadora: <\/strong>ISTQB<strong><br \/>\n<\/strong><strong>Nombre de la certificaci\u00f3n: <\/strong>Certified Tester Foundation Level (CTFL) v4.0<\/p>\n<hr \/>\n<p><strong>Certificado e Insignia Digital<\/strong><\/p>\n<p>Al finalizar el curso el estudiante obtiene un t\u00edtulo e Insignia digital, socializable en tiempo real basada en tecnolog\u00eda blockchain que permite una vista m\u00e1s completa tras el logro alcanzado por el estudiante al poderla vincular con evidencias del resultado del aprendizaje en su perfil profesional. Es una certificaci\u00f3n segura.<\/p>\n<p><a href=\"https:\/\/ucenfotec.ac.cr\/ecommerce\/wp-content\/uploads\/sites\/13\/2022\/08\/ACTI-ISTQB-1-ISTQB-Nivel-Fundamentos.png\"><img decoding=\"async\" class=\"lazyload aligncenter wp-image-167939 size-medium\" src=\"https:\/\/ucenfotec.ac.cr\/ecommerce\/wp-content\/uploads\/sites\/13\/2022\/08\/ACTI-ISTQB-1-ISTQB-Nivel-Fundamentos-300x300.png\" data-orig-src=\"https:\/\/ucenfotec.ac.cr\/ecommerce\/wp-content\/uploads\/sites\/13\/2022\/08\/ACTI-ISTQB-1-ISTQB-Nivel-Fundamentos-300x300.png\" alt=\"ACTI-ISTQB-1 ISTQB Nivel Fundamentos -Universidad CENFOTEC\" width=\"300\" height=\"300\" srcset=\"data:image\/svg+xml,%3Csvg%20xmlns%3D%27http%3A%2F%2Fwww.w3.org%2F2000%2Fsvg%27%20width%3D%27300%27%20height%3D%27300%27%20viewBox%3D%270%200%20300%20300%27%3E%3Crect%20width%3D%27300%27%20height%3D%27300%27%20fill-opacity%3D%220%22%2F%3E%3C%2Fsvg%3E\" data-srcset=\"https:\/\/ucenfotec.ac.cr\/ecommerce\/wp-content\/uploads\/sites\/13\/2022\/08\/ACTI-ISTQB-1-ISTQB-Nivel-Fundamentos-66x66.png 66w, https:\/\/ucenfotec.ac.cr\/ecommerce\/wp-content\/uploads\/sites\/13\/2022\/08\/ACTI-ISTQB-1-ISTQB-Nivel-Fundamentos-100x100.png 100w, https:\/\/ucenfotec.ac.cr\/ecommerce\/wp-content\/uploads\/sites\/13\/2022\/08\/ACTI-ISTQB-1-ISTQB-Nivel-Fundamentos-150x150.png 150w, https:\/\/ucenfotec.ac.cr\/ecommerce\/wp-content\/uploads\/sites\/13\/2022\/08\/ACTI-ISTQB-1-ISTQB-Nivel-Fundamentos-200x200.png 200w, https:\/\/ucenfotec.ac.cr\/ecommerce\/wp-content\/uploads\/sites\/13\/2022\/08\/ACTI-ISTQB-1-ISTQB-Nivel-Fundamentos-300x300.png 300w, https:\/\/ucenfotec.ac.cr\/ecommerce\/wp-content\/uploads\/sites\/13\/2022\/08\/ACTI-ISTQB-1-ISTQB-Nivel-Fundamentos-400x400.png 400w, https:\/\/ucenfotec.ac.cr\/ecommerce\/wp-content\/uploads\/sites\/13\/2022\/08\/ACTI-ISTQB-1-ISTQB-Nivel-Fundamentos-500x500.png 500w, https:\/\/ucenfotec.ac.cr\/ecommerce\/wp-content\/uploads\/sites\/13\/2022\/08\/ACTI-ISTQB-1-ISTQB-Nivel-Fundamentos-600x600.png 600w, https:\/\/ucenfotec.ac.cr\/ecommerce\/wp-content\/uploads\/sites\/13\/2022\/08\/ACTI-ISTQB-1-ISTQB-Nivel-Fundamentos-700x700.png 700w, https:\/\/ucenfotec.ac.cr\/ecommerce\/wp-content\/uploads\/sites\/13\/2022\/08\/ACTI-ISTQB-1-ISTQB-Nivel-Fundamentos-768x768.png 768w, https:\/\/ucenfotec.ac.cr\/ecommerce\/wp-content\/uploads\/sites\/13\/2022\/08\/ACTI-ISTQB-1-ISTQB-Nivel-Fundamentos-800x800.png 800w, https:\/\/ucenfotec.ac.cr\/ecommerce\/wp-content\/uploads\/sites\/13\/2022\/08\/ACTI-ISTQB-1-ISTQB-Nivel-Fundamentos-1024x1024.png 1024w, https:\/\/ucenfotec.ac.cr\/ecommerce\/wp-content\/uploads\/sites\/13\/2022\/08\/ACTI-ISTQB-1-ISTQB-Nivel-Fundamentos.png 1200w\" data-sizes=\"auto\" data-orig-sizes=\"(max-width: 300px) 100vw, 300px\" \/><\/a><\/p>\n<hr \/>\n<\/div><\/div><\/div><\/div><\/div>\n","protected":false},"excerpt":{"rendered":"<p class=\"ai-optimize-23\"><span data-sheets-root=\"1\">Este curso proporciona los conocimientos esenciales sobre pruebas de software, niveles y tipos de pruebas, enfoques \u00e1giles y gesti\u00f3n de riesgos. Incluye el examen de certificaci\u00f3n ISTQB Nivel Fundamentos.<\/span><\/p>\n","protected":false},"featured_media":59448,"template":"","meta":{"_relevanssi_hide_post":"","_relevanssi_hide_content":"","_relevanssi_pin_for_all":"","_relevanssi_pin_keywords":"","_relevanssi_unpin_keywords":"","_relevanssi_related_keywords":"","_relevanssi_related_include_ids":"","_relevanssi_related_exclude_ids":"","_relevanssi_related_no_append":"","_relevanssi_related_not_related":"","_relevanssi_related_posts":"","_relevanssi_noindex_reason":""},"product_brand":[],"product_cat":[44],"product_tag":[1975,1980,1976,2432,1977,1436,1133,1981,2431,2433,1974,2434,1392,1979,1978],"class_list":{"0":"post-57632","1":"product","2":"type-product","3":"status-publish","4":"has-post-thumbnail","6":"product_cat-ingenieria-del-software","7":"product_tag-calidad-del-software","8":"product_tag-casos-de-prueba","9":"product_tag-defectos","10":"product_tag-desarrollo-agil","11":"product_tag-errores","12":"product_tag-fundamentos","13":"product_tag-herramientas","14":"product_tag-informes-de-pruebas","15":"product_tag-iso9126-25010","16":"product_tag-pruebas-agiles","17":"product_tag-pruebas-de-software","18":"product_tag-pruebas-tradicionales","19":"product_tag-tester","20":"product_tag-validacion","21":"product_tag-verificacion","23":"first","24":"instock","25":"virtual","26":"sold-individually","27":"taxable","28":"purchasable","29":"product-type-simple"},"yoast_head":"<!-- This site is optimized with the Yoast SEO Premium plugin v27.4 (Yoast SEO v27.4) - https:\/\/yoast.com\/product\/yoast-seo-premium-wordpress\/ -->\n<title>ISTQB: Nivel Fundamentos (ISTQB\u00ae Certified Tester Foundation Level) - Cursos - CENFOTEC<\/title>\n<meta name=\"description\" content=\"Prep\u00e1rate para el examen ISTQB\u00ae y obt\u00e9n tu certificaci\u00f3n como tester de software a nivel fundamentos.\" \/>\n<meta name=\"robots\" content=\"index, follow, max-snippet:-1, max-image-preview:large, max-video-preview:-1\" \/>\n<link rel=\"canonical\" href=\"https:\/\/ucenfotec.ac.cr\/ecommerce\/producto\/acti-istqb-1e\/\" \/>\n<meta property=\"og:locale\" content=\"es_ES\" \/>\n<meta property=\"og:type\" content=\"article\" \/>\n<meta property=\"og:title\" content=\"ISTQB: Nivel Fundamentos (ISTQB\u00ae Certified Tester Foundation Level)\" \/>\n<meta property=\"og:description\" content=\"Prep\u00e1rate para el examen ISTQB\u00ae y obt\u00e9n tu certificaci\u00f3n como tester de software a nivel fundamentos.\" \/>\n<meta property=\"og:url\" content=\"https:\/\/ucenfotec.ac.cr\/ecommerce\/producto\/acti-istqb-1e\/\" \/>\n<meta property=\"og:site_name\" content=\"Cursos - CENFOTEC\" \/>\n<meta property=\"article:modified_time\" content=\"2026-03-31T16:24:36+00:00\" \/>\n<meta property=\"og:image\" content=\"https:\/\/ucenfotec.ac.cr\/ecommerce\/wp-content\/uploads\/sites\/13\/2022\/08\/ACTI-ISTQB-1E.jpg\" \/>\n\t<meta property=\"og:image:width\" content=\"1920\" \/>\n\t<meta property=\"og:image:height\" content=\"1080\" \/>\n\t<meta property=\"og:image:type\" content=\"image\/jpeg\" \/>\n<meta name=\"twitter:card\" content=\"summary_large_image\" \/>\n<meta name=\"twitter:description\" content=\"Prep\u00e1rate para el examen ISTQB\u00ae y obt\u00e9n tu certificaci\u00f3n como tester de software a nivel fundamentos.\" \/>\n<meta name=\"twitter:label1\" content=\"Tiempo de lectura\" \/>\n\t<meta name=\"twitter:data1\" content=\"2 minutos\" \/>\n<script type=\"application\/ld+json\" class=\"yoast-schema-graph\">{\"@context\":\"https:\\\/\\\/schema.org\",\"@graph\":[{\"@type\":\"WebPage\",\"@id\":\"https:\\\/\\\/ucenfotec.ac.cr\\\/ecommerce\\\/producto\\\/acti-istqb-1e\\\/\",\"url\":\"https:\\\/\\\/ucenfotec.ac.cr\\\/ecommerce\\\/producto\\\/acti-istqb-1e\\\/\",\"name\":\"ISTQB: Nivel Fundamentos (ISTQB\u00ae Certified Tester Foundation Level) - Cursos - CENFOTEC\",\"isPartOf\":{\"@id\":\"https:\\\/\\\/ucenfotec.ac.cr\\\/ecommerce\\\/#website\"},\"primaryImageOfPage\":{\"@id\":\"https:\\\/\\\/ucenfotec.ac.cr\\\/ecommerce\\\/producto\\\/acti-istqb-1e\\\/#primaryimage\"},\"image\":{\"@id\":\"https:\\\/\\\/ucenfotec.ac.cr\\\/ecommerce\\\/producto\\\/acti-istqb-1e\\\/#primaryimage\"},\"thumbnailUrl\":\"https:\\\/\\\/ucenfotec.ac.cr\\\/ecommerce\\\/wp-content\\\/uploads\\\/sites\\\/13\\\/2022\\\/08\\\/ACTI-ISTQB-1E.jpg\",\"datePublished\":\"2022-08-12T18:52:47+00:00\",\"dateModified\":\"2026-03-31T16:24:36+00:00\",\"description\":\"Prep\u00e1rate para el examen ISTQB\u00ae y obt\u00e9n tu certificaci\u00f3n como tester de software a nivel fundamentos.\",\"breadcrumb\":{\"@id\":\"https:\\\/\\\/ucenfotec.ac.cr\\\/ecommerce\\\/producto\\\/acti-istqb-1e\\\/#breadcrumb\"},\"inLanguage\":\"es\",\"potentialAction\":[{\"@type\":\"ReadAction\",\"target\":[\"https:\\\/\\\/ucenfotec.ac.cr\\\/ecommerce\\\/producto\\\/acti-istqb-1e\\\/\"]}]},{\"@type\":\"ImageObject\",\"inLanguage\":\"es\",\"@id\":\"https:\\\/\\\/ucenfotec.ac.cr\\\/ecommerce\\\/producto\\\/acti-istqb-1e\\\/#primaryimage\",\"url\":\"https:\\\/\\\/ucenfotec.ac.cr\\\/ecommerce\\\/wp-content\\\/uploads\\\/sites\\\/13\\\/2022\\\/08\\\/ACTI-ISTQB-1E.jpg\",\"contentUrl\":\"https:\\\/\\\/ucenfotec.ac.cr\\\/ecommerce\\\/wp-content\\\/uploads\\\/sites\\\/13\\\/2022\\\/08\\\/ACTI-ISTQB-1E.jpg\",\"width\":1920,\"height\":1080,\"caption\":\"ISTQB: Nivel Fundamentos (ISTQB\u00ae Certified Tester Foundation Level)\"},{\"@type\":\"BreadcrumbList\",\"@id\":\"https:\\\/\\\/ucenfotec.ac.cr\\\/ecommerce\\\/producto\\\/acti-istqb-1e\\\/#breadcrumb\",\"itemListElement\":[{\"@type\":\"ListItem\",\"position\":1,\"name\":\"Portada\",\"item\":\"https:\\\/\\\/ucenfotec.ac.cr\\\/ecommerce\\\/\"},{\"@type\":\"ListItem\",\"position\":2,\"name\":\"Todos los Cursos\",\"item\":\"https:\\\/\\\/ucenfotec.ac.cr\\\/ecommerce\\\/todos-los-cursos\\\/\"},{\"@type\":\"ListItem\",\"position\":3,\"name\":\"ISTQB: Nivel Fundamentos (ISTQB\u00ae Certified Tester Foundation Level)\"}]},{\"@type\":\"WebSite\",\"@id\":\"https:\\\/\\\/ucenfotec.ac.cr\\\/ecommerce\\\/#website\",\"url\":\"https:\\\/\\\/ucenfotec.ac.cr\\\/ecommerce\\\/\",\"name\":\"Cursos - CENFOTEC\",\"description\":\"Tienda en l\u00ednea de cursos ofrecidos por CENFOTEC\",\"potentialAction\":[{\"@type\":\"SearchAction\",\"target\":{\"@type\":\"EntryPoint\",\"urlTemplate\":\"https:\\\/\\\/ucenfotec.ac.cr\\\/ecommerce\\\/?s={search_term_string}\"},\"query-input\":{\"@type\":\"PropertyValueSpecification\",\"valueRequired\":true,\"valueName\":\"search_term_string\"}}],\"inLanguage\":\"es\"}]}<\/script>\n<!-- \/ Yoast SEO Premium plugin. -->","yoast_head_json":{"title":"ISTQB: Nivel Fundamentos (ISTQB\u00ae Certified Tester Foundation Level) - Cursos - CENFOTEC","description":"Prep\u00e1rate para el examen ISTQB\u00ae y obt\u00e9n tu certificaci\u00f3n como tester de software a nivel fundamentos.","robots":{"index":"index","follow":"follow","max-snippet":"max-snippet:-1","max-image-preview":"max-image-preview:large","max-video-preview":"max-video-preview:-1"},"canonical":"https:\/\/ucenfotec.ac.cr\/ecommerce\/producto\/acti-istqb-1e\/","og_locale":"es_ES","og_type":"article","og_title":"ISTQB: Nivel Fundamentos (ISTQB\u00ae Certified Tester Foundation Level)","og_description":"Prep\u00e1rate para el examen ISTQB\u00ae y obt\u00e9n tu certificaci\u00f3n como tester de software a nivel fundamentos.","og_url":"https:\/\/ucenfotec.ac.cr\/ecommerce\/producto\/acti-istqb-1e\/","og_site_name":"Cursos - CENFOTEC","article_modified_time":"2026-03-31T16:24:36+00:00","og_image":[{"width":1920,"height":1080,"url":"https:\/\/ucenfotec.ac.cr\/ecommerce\/wp-content\/uploads\/sites\/13\/2022\/08\/ACTI-ISTQB-1E.jpg","type":"image\/jpeg"}],"twitter_card":"summary_large_image","twitter_description":"Prep\u00e1rate para el examen ISTQB\u00ae y obt\u00e9n tu certificaci\u00f3n como tester de software a nivel fundamentos.","twitter_misc":{"Tiempo de lectura":"2 minutos"},"schema":{"@context":"https:\/\/schema.org","@graph":[{"@type":"WebPage","@id":"https:\/\/ucenfotec.ac.cr\/ecommerce\/producto\/acti-istqb-1e\/","url":"https:\/\/ucenfotec.ac.cr\/ecommerce\/producto\/acti-istqb-1e\/","name":"ISTQB: Nivel Fundamentos (ISTQB\u00ae Certified Tester Foundation Level) - Cursos - CENFOTEC","isPartOf":{"@id":"https:\/\/ucenfotec.ac.cr\/ecommerce\/#website"},"primaryImageOfPage":{"@id":"https:\/\/ucenfotec.ac.cr\/ecommerce\/producto\/acti-istqb-1e\/#primaryimage"},"image":{"@id":"https:\/\/ucenfotec.ac.cr\/ecommerce\/producto\/acti-istqb-1e\/#primaryimage"},"thumbnailUrl":"https:\/\/ucenfotec.ac.cr\/ecommerce\/wp-content\/uploads\/sites\/13\/2022\/08\/ACTI-ISTQB-1E.jpg","datePublished":"2022-08-12T18:52:47+00:00","dateModified":"2026-03-31T16:24:36+00:00","description":"Prep\u00e1rate para el examen ISTQB\u00ae y obt\u00e9n tu certificaci\u00f3n como tester de software a nivel fundamentos.","breadcrumb":{"@id":"https:\/\/ucenfotec.ac.cr\/ecommerce\/producto\/acti-istqb-1e\/#breadcrumb"},"inLanguage":"es","potentialAction":[{"@type":"ReadAction","target":["https:\/\/ucenfotec.ac.cr\/ecommerce\/producto\/acti-istqb-1e\/"]}]},{"@type":"ImageObject","inLanguage":"es","@id":"https:\/\/ucenfotec.ac.cr\/ecommerce\/producto\/acti-istqb-1e\/#primaryimage","url":"https:\/\/ucenfotec.ac.cr\/ecommerce\/wp-content\/uploads\/sites\/13\/2022\/08\/ACTI-ISTQB-1E.jpg","contentUrl":"https:\/\/ucenfotec.ac.cr\/ecommerce\/wp-content\/uploads\/sites\/13\/2022\/08\/ACTI-ISTQB-1E.jpg","width":1920,"height":1080,"caption":"ISTQB: Nivel Fundamentos (ISTQB\u00ae Certified Tester Foundation Level)"},{"@type":"BreadcrumbList","@id":"https:\/\/ucenfotec.ac.cr\/ecommerce\/producto\/acti-istqb-1e\/#breadcrumb","itemListElement":[{"@type":"ListItem","position":1,"name":"Portada","item":"https:\/\/ucenfotec.ac.cr\/ecommerce\/"},{"@type":"ListItem","position":2,"name":"Todos los Cursos","item":"https:\/\/ucenfotec.ac.cr\/ecommerce\/todos-los-cursos\/"},{"@type":"ListItem","position":3,"name":"ISTQB: Nivel Fundamentos (ISTQB\u00ae Certified Tester Foundation Level)"}]},{"@type":"WebSite","@id":"https:\/\/ucenfotec.ac.cr\/ecommerce\/#website","url":"https:\/\/ucenfotec.ac.cr\/ecommerce\/","name":"Cursos - CENFOTEC","description":"Tienda en l\u00ednea de cursos ofrecidos por CENFOTEC","potentialAction":[{"@type":"SearchAction","target":{"@type":"EntryPoint","urlTemplate":"https:\/\/ucenfotec.ac.cr\/ecommerce\/?s={search_term_string}"},"query-input":{"@type":"PropertyValueSpecification","valueRequired":true,"valueName":"search_term_string"}}],"inLanguage":"es"}]}},"_links":{"self":[{"href":"https:\/\/ucenfotec.ac.cr\/ecommerce\/wp-json\/wp\/v2\/product\/57632","targetHints":{"allow":["GET"]}}],"collection":[{"href":"https:\/\/ucenfotec.ac.cr\/ecommerce\/wp-json\/wp\/v2\/product"}],"about":[{"href":"https:\/\/ucenfotec.ac.cr\/ecommerce\/wp-json\/wp\/v2\/types\/product"}],"wp:featuredmedia":[{"embeddable":true,"href":"https:\/\/ucenfotec.ac.cr\/ecommerce\/wp-json\/wp\/v2\/media\/59448"}],"wp:attachment":[{"href":"https:\/\/ucenfotec.ac.cr\/ecommerce\/wp-json\/wp\/v2\/media?parent=57632"}],"wp:term":[{"taxonomy":"product_brand","embeddable":true,"href":"https:\/\/ucenfotec.ac.cr\/ecommerce\/wp-json\/wp\/v2\/product_brand?post=57632"},{"taxonomy":"product_cat","embeddable":true,"href":"https:\/\/ucenfotec.ac.cr\/ecommerce\/wp-json\/wp\/v2\/product_cat?post=57632"},{"taxonomy":"product_tag","embeddable":true,"href":"https:\/\/ucenfotec.ac.cr\/ecommerce\/wp-json\/wp\/v2\/product_tag?post=57632"}],"curies":[{"name":"wp","href":"https:\/\/api.w.org\/{rel}","templated":true}]}}