{"id":67314,"date":"2022-12-19T18:46:31","date_gmt":"2022-12-20T00:46:31","guid":{"rendered":"https:\/\/ucenfotec.ac.cr\/ecommerce\/?post_type=product&#038;p=67314"},"modified":"2026-02-24T13:57:41","modified_gmt":"2026-02-24T19:57:41","slug":"certificacion-az-104-azure-administrador-con-examen-de-certificacion","status":"publish","type":"product","link":"https:\/\/ucenfotec.ac.cr\/ecommerce\/producto\/certificacion-az-104-azure-administrador-con-examen-de-certificacion\/","title":{"rendered":"Curso para certificaci\u00f3n AZ-104 Azure Administrator con examen de certificaci\u00f3n"},"content":{"rendered":"<div class=\"fusion-fullwidth fullwidth-box fusion-builder-row-1 fusion-flex-container nonhundred-percent-fullwidth non-hundred-percent-height-scrolling\" style=\"--awb-border-radius-top-left:0px;--awb-border-radius-top-right:0px;--awb-border-radius-bottom-right:0px;--awb-border-radius-bottom-left:0px;--awb-flex-wrap:wrap;\" ><div class=\"fusion-builder-row fusion-row fusion-flex-align-items-flex-start fusion-flex-content-wrap\" style=\"max-width:1216.8px;margin-left: calc(-4% \/ 2 );margin-right: calc(-4% \/ 2 );\"><div class=\"fusion-layout-column fusion_builder_column fusion-builder-column-0 fusion_builder_column_1_1 1_1 fusion-flex-column\" style=\"--awb-bg-size:cover;--awb-width-large:100%;--awb-margin-top-large:0px;--awb-spacing-right-large:1.92%;--awb-margin-bottom-large:0px;--awb-spacing-left-large:1.92%;--awb-width-medium:100%;--awb-spacing-right-medium:1.92%;--awb-spacing-left-medium:1.92%;--awb-width-small:100%;--awb-spacing-right-small:1.92%;--awb-spacing-left-small:1.92%;\"><div class=\"fusion-column-wrapper fusion-flex-justify-content-flex-start fusion-content-layout-column\"><div class=\"fusion-text fusion-text-1\"><p><span data-sheets-root=\"1\">Microsoft Azure es una plataforma de computaci\u00f3n en la nube desarrollada por Microsoft que ofrece una amplia gama de servicios para crear, implementar y administrar aplicaciones y soluciones a trav\u00e9s de una red global de centros de datos, incluyen recursos de c\u00f3mputo, almacenamiento, bases de datos, redes, inteligencia artificial, an\u00e1lisis, seguridad y permite a las organizaciones escalar sus operaciones, reducir costos de infraestructura y aumentar la flexibilidad operativa al trabajar en entornos h\u00edbridos, p\u00fablicos o privados.<\/span><\/p>\n<p><span data-sheets-root=\"1\">Las principales tem\u00e1ticas a abordar incluyen la administraci\u00f3n de objetos de Azure Active Directory, del control de acceso basado en roles, de suscripciones y gobernanza, del almacenamiento, almacenamiento seguro, configuraci\u00f3n de archivos de Azure y Azure Blob Storage, automatizaci\u00f3n de la implementaci\u00f3n de m\u00e1quinas virtuales (VM) mediante Azure Resource Manager, configuraci\u00f3n de m\u00e1quinas virtuales, creaci\u00f3n y configuraci\u00f3n de contenedores y Azure App Service, implementaci\u00f3n y administraci\u00f3n de redes virtuales, acceso seguro a redes virtuales, configuraci\u00f3n del equilibrio de carga, supervisi\u00f3n y soluci\u00f3n de problemas de redes virtuales, integraci\u00f3n de una red local con una red virtual de Azure, supervisi\u00f3n de recursos mediante Azure Monitor e implementaci\u00f3n de copia de seguridad y recuperaci\u00f3n, introducci\u00f3n y arquitectura de ubuntu server, configuraci\u00f3n de red y gesti\u00f3n de servicios, usuarios, permisos, seguridad y paquetes, administraci\u00f3n de servidores Web y FTP y servicios, mantenimiento del sistema, automatizaci\u00f3n y shell scripting y monitoreo, respaldo y recuperaci\u00f3n ante fallos.<\/span><\/p>\n<p><span data-sheets-root=\"1\">El curso est\u00e1 dise\u00f1ado por competencias y alineado con el marco global de habilidades y competencias para un mundo digital SFIA, por lo que se propone que los estudiantes logren responder a un nivel de responsabilidad 3, de manera que instalen, configuren y mantengan los servicios y componentes de infraestructura y lleven a cabo los procedimientos operacionales acordados, utilizando las herramientas de infraestructura y los scripts suministrados. En este curso los estudiantes aprenden sobre los conceptos de servicios de Azure mediante un enfoque pr\u00e1ctico, requerido para presentar la certificaci\u00f3n AZ 104.<\/span><\/p>\n<hr \/>\n<p><strong>Contenidos<\/strong><\/p>\n<p><span data-sheets-root=\"1\">1. Administraci\u00f3n de objetos de Azure Active Directory (Azure AD).<br \/>\n2. Administraci\u00f3n del control de acceso basado en roles (RBAC).<br \/>\n3. Administraci\u00f3n de suscripciones y gobernanza.<br \/>\n4. Almacenamiento seguro.<br \/>\n5. Administraci\u00f3n del almacenamiento.<br \/>\n6. Configuraci\u00f3n de archivos de Azure y Azure Blob Storage.<br \/>\n7. Automatizaci\u00f3n de la implementaci\u00f3n de m\u00e1quinas virtuales (VM) mediante Azure Resource Manager.<br \/>\n8. Configuraci\u00f3n de m\u00e1quinas virtuales.<br \/>\n9. Creaci\u00f3n y configuraci\u00f3n de contenedores.<br \/>\n10. Creaci\u00f3n y configuraci\u00f3n de Azure App Service.<br \/>\n11. Implementaci\u00f3n y administraci\u00f3n de redes virtuales.<br \/>\n12. Acceso seguro a redes virtuales.<br \/>\n13. Configuraci\u00f3n del equilibrio de carga.<br \/>\n14. Supervisi\u00f3n y soluci\u00f3n de problemas de redes virtuales.<br \/>\n15. Integraci\u00f3n de una red local con una red virtual de Azure.<br \/>\n16. Supervisi\u00f3n de recursos mediante Azure Monitor.<br \/>\n17. Implementaci\u00f3n de copia de seguridad y recuperaci\u00f3n.<\/span><\/p>\n<hr \/>\n<p><strong>Certificado e Insignia Digital<\/strong><\/p>\n<p>Al finalizar el curso el estudiante obtiene un t\u00edtulo e Insignia digital, socializable en tiempo real basada en tecnolog\u00eda blockchain que permite una vista m\u00e1s completa tras el logro alcanzado por el estudiante al poderla vincular con evidencias del resultado del aprendizaje en su perfil profesional. Es una certificaci\u00f3n segura.<\/p>\n<p><a href=\"https:\/\/ucenfotec.ac.cr\/ecommerce\/wp-content\/uploads\/sites\/13\/2022\/12\/TI-610-E-Curso-para-Certificacion-AZ-104-Azure-Administrator-con-Examen-de-Certificacion.png\"><img decoding=\"async\" class=\"lazyload aligncenter size-full wp-image-175790\" src=\"https:\/\/ucenfotec.ac.cr\/ecommerce\/wp-content\/uploads\/sites\/13\/2022\/12\/TI-610-E-Curso-para-Certificacion-AZ-104-Azure-Administrator-con-Examen-de-Certificacion.png\" data-orig-src=\"https:\/\/ucenfotec.ac.cr\/ecommerce\/wp-content\/uploads\/sites\/13\/2022\/12\/TI-610-E-Curso-para-Certificacion-AZ-104-Azure-Administrator-con-Examen-de-Certificacion.png\" alt=\"610-E-Curso para Certificacion AZ 104 Azure Administrator con Examen de- Certificacion - Universidad CENFOTEC\" width=\"300\" height=\"300\" srcset=\"data:image\/svg+xml,%3Csvg%20xmlns%3D%27http%3A%2F%2Fwww.w3.org%2F2000%2Fsvg%27%20width%3D%27300%27%20height%3D%27300%27%20viewBox%3D%270%200%20300%20300%27%3E%3Crect%20width%3D%27300%27%20height%3D%27300%27%20fill-opacity%3D%220%22%2F%3E%3C%2Fsvg%3E\" data-srcset=\"https:\/\/ucenfotec.ac.cr\/ecommerce\/wp-content\/uploads\/sites\/13\/2022\/12\/TI-610-E-Curso-para-Certificacion-AZ-104-Azure-Administrator-con-Examen-de-Certificacion-66x66.png 66w, https:\/\/ucenfotec.ac.cr\/ecommerce\/wp-content\/uploads\/sites\/13\/2022\/12\/TI-610-E-Curso-para-Certificacion-AZ-104-Azure-Administrator-con-Examen-de-Certificacion-100x100.png 100w, https:\/\/ucenfotec.ac.cr\/ecommerce\/wp-content\/uploads\/sites\/13\/2022\/12\/TI-610-E-Curso-para-Certificacion-AZ-104-Azure-Administrator-con-Examen-de-Certificacion-150x150.png 150w, https:\/\/ucenfotec.ac.cr\/ecommerce\/wp-content\/uploads\/sites\/13\/2022\/12\/TI-610-E-Curso-para-Certificacion-AZ-104-Azure-Administrator-con-Examen-de-Certificacion-200x200.png 200w, https:\/\/ucenfotec.ac.cr\/ecommerce\/wp-content\/uploads\/sites\/13\/2022\/12\/TI-610-E-Curso-para-Certificacion-AZ-104-Azure-Administrator-con-Examen-de-Certificacion.png 300w\" data-sizes=\"auto\" data-orig-sizes=\"(max-width: 300px) 100vw, 300px\" \/><\/a><\/p>\n<hr \/>\n<\/div><\/div><\/div><\/div><\/div>\n","protected":false},"excerpt":{"rendered":"<p class=\"ai-optimize-23\"><span data-sheets-root=\"1\">Este curso ofrece una preparaci\u00f3n integral en la administraci\u00f3n de Azure, enfoc\u00e1ndose en pr\u00e1cticas avanzadas y conocimientos requeridos para aprobar el examen oficial AZ-104 Azure Administrator.<\/span><\/p>\n","protected":false},"featured_media":65002,"template":"","meta":{"_relevanssi_hide_post":"on","_relevanssi_hide_content":"on","_relevanssi_pin_for_all":"","_relevanssi_pin_keywords":"","_relevanssi_unpin_keywords":"","_relevanssi_related_keywords":"","_relevanssi_related_include_ids":"","_relevanssi_related_exclude_ids":"","_relevanssi_related_no_append":"","_relevanssi_related_not_related":"","_relevanssi_related_posts":"","_relevanssi_noindex_reason":"WooCommerce Yoast SEO Relevanssi index exclude"},"product_brand":[],"product_cat":[1087,16],"product_tag":[2400,2688,817,808,770,769,1698,1613,809,775,903],"class_list":{"0":"post-67314","1":"product","2":"type-product","3":"status-publish","4":"has-post-thumbnail","6":"product_cat-agotado","7":"product_cat-tecnologias-de-informacion","8":"product_tag-administracion","9":"product_tag-almacenamiento-seguro","10":"product_tag-automatizacion","11":"product_tag-az-104-certificacion","12":"product_tag-azure","13":"product_tag-cloud","14":"product_tag-control-de-acceso","15":"product_tag-gobernanza","16":"product_tag-infraestructura","17":"product_tag-maquinas-virtuales","18":"product_tag-redes-virtuales","20":"first","21":"outofstock","22":"sold-individually","23":"taxable","24":"shipping-taxable","25":"product-type-variable"},"yoast_head":"<!-- This site is optimized with the Yoast SEO Premium plugin v27.4 (Yoast SEO v27.4) - https:\/\/yoast.com\/product\/yoast-seo-premium-wordpress\/ -->\n<title>Curso para certificaci\u00f3n AZ-104 Azure Administrator con examen de certificaci\u00f3n<\/title>\n<meta name=\"description\" content=\"Curso que incluye examen de certificaci\u00f3n AZ-104 en administraci\u00f3n de Azure.\" \/>\n<meta name=\"robots\" content=\"index, follow, max-snippet:-1, max-image-preview:large, max-video-preview:-1\" \/>\n<link rel=\"canonical\" href=\"https:\/\/ucenfotec.ac.cr\/ecommerce\/producto\/certificacion-az-104-azure-administrador-con-examen-de-certificacion\/\" \/>\n<meta property=\"og:locale\" content=\"es_ES\" \/>\n<meta property=\"og:type\" content=\"article\" \/>\n<meta property=\"og:title\" content=\"Curso para certificaci\u00f3n AZ-104 Azure Administrator con examen de certificaci\u00f3n\" \/>\n<meta property=\"og:description\" content=\"Curso que incluye examen de certificaci\u00f3n AZ-104 en administraci\u00f3n de Azure.\" \/>\n<meta property=\"og:url\" content=\"https:\/\/ucenfotec.ac.cr\/ecommerce\/producto\/certificacion-az-104-azure-administrador-con-examen-de-certificacion\/\" \/>\n<meta property=\"og:site_name\" content=\"Cursos - CENFOTEC\" \/>\n<meta property=\"article:modified_time\" content=\"2026-02-24T19:57:41+00:00\" \/>\n<meta property=\"og:image\" content=\"https:\/\/ucenfotec.ac.cr\/ecommerce\/wp-content\/uploads\/sites\/13\/2022\/10\/TI-610.jpg\" \/>\n\t<meta property=\"og:image:width\" content=\"1920\" \/>\n\t<meta property=\"og:image:height\" content=\"1080\" \/>\n\t<meta property=\"og:image:type\" content=\"image\/jpeg\" \/>\n<meta name=\"twitter:card\" content=\"summary_large_image\" \/>\n<meta name=\"twitter:label1\" content=\"Tiempo de lectura\" \/>\n\t<meta name=\"twitter:data1\" content=\"1 minuto\" \/>\n<script type=\"application\/ld+json\" class=\"yoast-schema-graph\">{\"@context\":\"https:\\\/\\\/schema.org\",\"@graph\":[{\"@type\":\"WebPage\",\"@id\":\"https:\\\/\\\/ucenfotec.ac.cr\\\/ecommerce\\\/producto\\\/certificacion-az-104-azure-administrador-con-examen-de-certificacion\\\/\",\"url\":\"https:\\\/\\\/ucenfotec.ac.cr\\\/ecommerce\\\/producto\\\/certificacion-az-104-azure-administrador-con-examen-de-certificacion\\\/\",\"name\":\"Curso para certificaci\u00f3n AZ-104 Azure Administrator con examen de certificaci\u00f3n\",\"isPartOf\":{\"@id\":\"https:\\\/\\\/ucenfotec.ac.cr\\\/ecommerce\\\/#website\"},\"primaryImageOfPage\":{\"@id\":\"https:\\\/\\\/ucenfotec.ac.cr\\\/ecommerce\\\/producto\\\/certificacion-az-104-azure-administrador-con-examen-de-certificacion\\\/#primaryimage\"},\"image\":{\"@id\":\"https:\\\/\\\/ucenfotec.ac.cr\\\/ecommerce\\\/producto\\\/certificacion-az-104-azure-administrador-con-examen-de-certificacion\\\/#primaryimage\"},\"thumbnailUrl\":\"https:\\\/\\\/ucenfotec.ac.cr\\\/ecommerce\\\/wp-content\\\/uploads\\\/sites\\\/13\\\/2022\\\/10\\\/TI-610.jpg\",\"datePublished\":\"2022-12-20T00:46:31+00:00\",\"dateModified\":\"2026-02-24T19:57:41+00:00\",\"description\":\"Curso que incluye examen de certificaci\u00f3n AZ-104 en administraci\u00f3n de Azure.\",\"breadcrumb\":{\"@id\":\"https:\\\/\\\/ucenfotec.ac.cr\\\/ecommerce\\\/producto\\\/certificacion-az-104-azure-administrador-con-examen-de-certificacion\\\/#breadcrumb\"},\"inLanguage\":\"es\",\"potentialAction\":[{\"@type\":\"ReadAction\",\"target\":[\"https:\\\/\\\/ucenfotec.ac.cr\\\/ecommerce\\\/producto\\\/certificacion-az-104-azure-administrador-con-examen-de-certificacion\\\/\"]}]},{\"@type\":\"ImageObject\",\"inLanguage\":\"es\",\"@id\":\"https:\\\/\\\/ucenfotec.ac.cr\\\/ecommerce\\\/producto\\\/certificacion-az-104-azure-administrador-con-examen-de-certificacion\\\/#primaryimage\",\"url\":\"https:\\\/\\\/ucenfotec.ac.cr\\\/ecommerce\\\/wp-content\\\/uploads\\\/sites\\\/13\\\/2022\\\/10\\\/TI-610.jpg\",\"contentUrl\":\"https:\\\/\\\/ucenfotec.ac.cr\\\/ecommerce\\\/wp-content\\\/uploads\\\/sites\\\/13\\\/2022\\\/10\\\/TI-610.jpg\",\"width\":1920,\"height\":1080,\"caption\":\"Certificaci\u00f3n AZ 104 Azure Admnistrador\"},{\"@type\":\"BreadcrumbList\",\"@id\":\"https:\\\/\\\/ucenfotec.ac.cr\\\/ecommerce\\\/producto\\\/certificacion-az-104-azure-administrador-con-examen-de-certificacion\\\/#breadcrumb\",\"itemListElement\":[{\"@type\":\"ListItem\",\"position\":1,\"name\":\"Portada\",\"item\":\"https:\\\/\\\/ucenfotec.ac.cr\\\/ecommerce\\\/\"},{\"@type\":\"ListItem\",\"position\":2,\"name\":\"Todos los Cursos\",\"item\":\"https:\\\/\\\/ucenfotec.ac.cr\\\/ecommerce\\\/todos-los-cursos\\\/\"},{\"@type\":\"ListItem\",\"position\":3,\"name\":\"Curso para certificaci\u00f3n AZ-104 Azure Administrator con examen de certificaci\u00f3n\"}]},{\"@type\":\"WebSite\",\"@id\":\"https:\\\/\\\/ucenfotec.ac.cr\\\/ecommerce\\\/#website\",\"url\":\"https:\\\/\\\/ucenfotec.ac.cr\\\/ecommerce\\\/\",\"name\":\"Cursos - CENFOTEC\",\"description\":\"Tienda en l\u00ednea de cursos ofrecidos por CENFOTEC\",\"potentialAction\":[{\"@type\":\"SearchAction\",\"target\":{\"@type\":\"EntryPoint\",\"urlTemplate\":\"https:\\\/\\\/ucenfotec.ac.cr\\\/ecommerce\\\/?s={search_term_string}\"},\"query-input\":{\"@type\":\"PropertyValueSpecification\",\"valueRequired\":true,\"valueName\":\"search_term_string\"}}],\"inLanguage\":\"es\"}]}<\/script>\n<!-- \/ Yoast SEO Premium plugin. -->","yoast_head_json":{"title":"Curso para certificaci\u00f3n AZ-104 Azure Administrator con examen de certificaci\u00f3n","description":"Curso que incluye examen de certificaci\u00f3n AZ-104 en administraci\u00f3n de Azure.","robots":{"index":"index","follow":"follow","max-snippet":"max-snippet:-1","max-image-preview":"max-image-preview:large","max-video-preview":"max-video-preview:-1"},"canonical":"https:\/\/ucenfotec.ac.cr\/ecommerce\/producto\/certificacion-az-104-azure-administrador-con-examen-de-certificacion\/","og_locale":"es_ES","og_type":"article","og_title":"Curso para certificaci\u00f3n AZ-104 Azure Administrator con examen de certificaci\u00f3n","og_description":"Curso que incluye examen de certificaci\u00f3n AZ-104 en administraci\u00f3n de Azure.","og_url":"https:\/\/ucenfotec.ac.cr\/ecommerce\/producto\/certificacion-az-104-azure-administrador-con-examen-de-certificacion\/","og_site_name":"Cursos - CENFOTEC","article_modified_time":"2026-02-24T19:57:41+00:00","og_image":[{"width":1920,"height":1080,"url":"https:\/\/ucenfotec.ac.cr\/ecommerce\/wp-content\/uploads\/sites\/13\/2022\/10\/TI-610.jpg","type":"image\/jpeg"}],"twitter_card":"summary_large_image","twitter_misc":{"Tiempo de lectura":"1 minuto"},"schema":{"@context":"https:\/\/schema.org","@graph":[{"@type":"WebPage","@id":"https:\/\/ucenfotec.ac.cr\/ecommerce\/producto\/certificacion-az-104-azure-administrador-con-examen-de-certificacion\/","url":"https:\/\/ucenfotec.ac.cr\/ecommerce\/producto\/certificacion-az-104-azure-administrador-con-examen-de-certificacion\/","name":"Curso para certificaci\u00f3n AZ-104 Azure Administrator con examen de certificaci\u00f3n","isPartOf":{"@id":"https:\/\/ucenfotec.ac.cr\/ecommerce\/#website"},"primaryImageOfPage":{"@id":"https:\/\/ucenfotec.ac.cr\/ecommerce\/producto\/certificacion-az-104-azure-administrador-con-examen-de-certificacion\/#primaryimage"},"image":{"@id":"https:\/\/ucenfotec.ac.cr\/ecommerce\/producto\/certificacion-az-104-azure-administrador-con-examen-de-certificacion\/#primaryimage"},"thumbnailUrl":"https:\/\/ucenfotec.ac.cr\/ecommerce\/wp-content\/uploads\/sites\/13\/2022\/10\/TI-610.jpg","datePublished":"2022-12-20T00:46:31+00:00","dateModified":"2026-02-24T19:57:41+00:00","description":"Curso que incluye examen de certificaci\u00f3n AZ-104 en administraci\u00f3n de Azure.","breadcrumb":{"@id":"https:\/\/ucenfotec.ac.cr\/ecommerce\/producto\/certificacion-az-104-azure-administrador-con-examen-de-certificacion\/#breadcrumb"},"inLanguage":"es","potentialAction":[{"@type":"ReadAction","target":["https:\/\/ucenfotec.ac.cr\/ecommerce\/producto\/certificacion-az-104-azure-administrador-con-examen-de-certificacion\/"]}]},{"@type":"ImageObject","inLanguage":"es","@id":"https:\/\/ucenfotec.ac.cr\/ecommerce\/producto\/certificacion-az-104-azure-administrador-con-examen-de-certificacion\/#primaryimage","url":"https:\/\/ucenfotec.ac.cr\/ecommerce\/wp-content\/uploads\/sites\/13\/2022\/10\/TI-610.jpg","contentUrl":"https:\/\/ucenfotec.ac.cr\/ecommerce\/wp-content\/uploads\/sites\/13\/2022\/10\/TI-610.jpg","width":1920,"height":1080,"caption":"Certificaci\u00f3n AZ 104 Azure Admnistrador"},{"@type":"BreadcrumbList","@id":"https:\/\/ucenfotec.ac.cr\/ecommerce\/producto\/certificacion-az-104-azure-administrador-con-examen-de-certificacion\/#breadcrumb","itemListElement":[{"@type":"ListItem","position":1,"name":"Portada","item":"https:\/\/ucenfotec.ac.cr\/ecommerce\/"},{"@type":"ListItem","position":2,"name":"Todos los Cursos","item":"https:\/\/ucenfotec.ac.cr\/ecommerce\/todos-los-cursos\/"},{"@type":"ListItem","position":3,"name":"Curso para certificaci\u00f3n AZ-104 Azure Administrator con examen de certificaci\u00f3n"}]},{"@type":"WebSite","@id":"https:\/\/ucenfotec.ac.cr\/ecommerce\/#website","url":"https:\/\/ucenfotec.ac.cr\/ecommerce\/","name":"Cursos - CENFOTEC","description":"Tienda en l\u00ednea de cursos ofrecidos por CENFOTEC","potentialAction":[{"@type":"SearchAction","target":{"@type":"EntryPoint","urlTemplate":"https:\/\/ucenfotec.ac.cr\/ecommerce\/?s={search_term_string}"},"query-input":{"@type":"PropertyValueSpecification","valueRequired":true,"valueName":"search_term_string"}}],"inLanguage":"es"}]}},"_links":{"self":[{"href":"https:\/\/ucenfotec.ac.cr\/ecommerce\/wp-json\/wp\/v2\/product\/67314","targetHints":{"allow":["GET"]}}],"collection":[{"href":"https:\/\/ucenfotec.ac.cr\/ecommerce\/wp-json\/wp\/v2\/product"}],"about":[{"href":"https:\/\/ucenfotec.ac.cr\/ecommerce\/wp-json\/wp\/v2\/types\/product"}],"wp:featuredmedia":[{"embeddable":true,"href":"https:\/\/ucenfotec.ac.cr\/ecommerce\/wp-json\/wp\/v2\/media\/65002"}],"wp:attachment":[{"href":"https:\/\/ucenfotec.ac.cr\/ecommerce\/wp-json\/wp\/v2\/media?parent=67314"}],"wp:term":[{"taxonomy":"product_brand","embeddable":true,"href":"https:\/\/ucenfotec.ac.cr\/ecommerce\/wp-json\/wp\/v2\/product_brand?post=67314"},{"taxonomy":"product_cat","embeddable":true,"href":"https:\/\/ucenfotec.ac.cr\/ecommerce\/wp-json\/wp\/v2\/product_cat?post=67314"},{"taxonomy":"product_tag","embeddable":true,"href":"https:\/\/ucenfotec.ac.cr\/ecommerce\/wp-json\/wp\/v2\/product_tag?post=67314"}],"curies":[{"name":"wp","href":"https:\/\/api.w.org\/{rel}","templated":true}]}}