{"id":71894,"date":"2023-06-23T11:55:21","date_gmt":"2023-06-23T17:55:21","guid":{"rendered":"https:\/\/ucenfotec.ac.cr\/ecommerce\/?post_type=product&#038;p=71894"},"modified":"2026-03-10T10:03:31","modified_gmt":"2026-03-10T16:03:31","slug":"itil4-foundation-certificate-in-it-service-management-con-examen-de-certificacion","status":"publish","type":"product","link":"https:\/\/ucenfotec.ac.cr\/ecommerce\/producto\/itil4-foundation-certificate-in-it-service-management-con-examen-de-certificacion\/","title":{"rendered":"ITIL4\u00ae Foundation Certificate in IT Service Management con examen de certificaci\u00f3n"},"content":{"rendered":"<div class=\"fusion-fullwidth fullwidth-box fusion-builder-row-1 fusion-flex-container nonhundred-percent-fullwidth non-hundred-percent-height-scrolling\" style=\"--awb-border-radius-top-left:0px;--awb-border-radius-top-right:0px;--awb-border-radius-bottom-right:0px;--awb-border-radius-bottom-left:0px;--awb-flex-wrap:wrap;\" ><div class=\"fusion-builder-row fusion-row fusion-flex-align-items-flex-start fusion-flex-content-wrap\" style=\"max-width:1216.8px;margin-left: calc(-4% \/ 2 );margin-right: calc(-4% \/ 2 );\"><div class=\"fusion-layout-column fusion_builder_column fusion-builder-column-0 fusion_builder_column_1_1 1_1 fusion-flex-column\" style=\"--awb-bg-size:cover;--awb-width-large:100%;--awb-margin-top-large:0px;--awb-spacing-right-large:1.92%;--awb-margin-bottom-large:0px;--awb-spacing-left-large:1.92%;--awb-width-medium:100%;--awb-spacing-right-medium:1.92%;--awb-spacing-left-medium:1.92%;--awb-width-small:100%;--awb-spacing-right-small:1.92%;--awb-spacing-left-small:1.92%;\"><div class=\"fusion-column-wrapper fusion-flex-justify-content-flex-start fusion-content-layout-column\"><div class=\"fusion-text fusion-text-1\"><p><span data-sheets-root=\"1\">La Biblioteca de Infraestructura de Tecnolog\u00edas de Informaci\u00f3n (ITIL) consiste en un conjunto de buenas pr\u00e1cticas y est\u00e1ndares recomendados para la gesti\u00f3n de servicios de tecnolog\u00edas de informaci\u00f3n dentro de una organizaci\u00f3n.<\/span><\/p>\n<p><span data-sheets-root=\"1\">Las principales tem\u00e1ticas por abordar son los conceptos clave de la gesti\u00f3n del servicio, el Sistema de Valor del Servicio (SVS), los principios de ITIL, las dimensiones y las cadenas de valor en la gesti\u00f3n de servicio y las mejores pr\u00e1cticas, gobernanza y mejora continua de ITIL.<\/span><\/p>\n<p><span data-sheets-root=\"1\">El curso est\u00e1 dise\u00f1ado por competencias y alineado con el marco global de habilidades y competencias para un mundo digital SFIA8, por lo que se propone que los estudiantes logren responder a un nivel de responsabilidad 2, de manera que colaboren con la gesti\u00f3n de la prestaci\u00f3n de servicios basados en la tecnolog\u00eda, en tareas de rutina o bajo supervisi\u00f3n, para el cumplimiento de las necesidades organizacionales definidas. Este curso permite y prepara a los participantes para la certificaci\u00f3n de ITIL4\u00ae Foundation Certificate in IT Service Management.<\/span><\/p>\n<hr \/>\n<p><strong>Contenidos<\/strong><\/p>\n<p><span data-sheets-root=\"1\">1. Generalidades y conceptos clave de la Gesti\u00f3n del Servicio.<br \/>\n2. Sistema de Valor de Servicio (SVS) y principios gu\u00eda de ITIL.<br \/>\n3. Dimensiones y cadena de valor de la Gesti\u00f3n del Servicio.<br \/>\n4. Gobernanza, mejora continua y pr\u00e1cticas de ITIL.<\/span><\/p>\n<hr \/>\n<p><strong>Certificaci\u00f3n<\/strong><\/p>\n<p><strong>Casa certificadora: <\/strong>Peoplecert<br \/>\n<strong>Nombre de la certificaci\u00f3n: <\/strong>ITIL 4 Foundation<\/p>\n<hr \/>\n<p><strong>Certificado e Insignia Digital<\/strong><\/p>\n<p>Al finalizar el curso el estudiante obtiene un t\u00edtulo e Insignia digital, socializable en tiempo real basada en tecnolog\u00eda blockchain que permite una vista m\u00e1s completa tras el logro alcanzado por el estudiante al poderla vincular con evidencias del resultado del aprendizaje en su perfil profesional.<\/p>\n<p>Es una certificaci\u00f3n segura.<\/p>\n<p><img decoding=\"async\" class=\"lazyload aligncenter size-medium wp-image-116431\" src=\"https:\/\/ucenfotec.ac.cr\/ecommerce\/wp-content\/uploads\/sites\/13\/2023\/06\/SINF-678-ITIL4-Foundation-Certificate-in-IT-Service-Management-300x300.png\" data-orig-src=\"https:\/\/ucenfotec.ac.cr\/ecommerce\/wp-content\/uploads\/sites\/13\/2023\/06\/SINF-678-ITIL4-Foundation-Certificate-in-IT-Service-Management-300x300.png\" alt=\"SINF-678-ITIL4-Foundation-Certificate-in-IT-Service-Management - Universidad CENFOTEC\" width=\"300\" height=\"300\" srcset=\"data:image\/svg+xml,%3Csvg%20xmlns%3D%27http%3A%2F%2Fwww.w3.org%2F2000%2Fsvg%27%20width%3D%27300%27%20height%3D%27300%27%20viewBox%3D%270%200%20300%20300%27%3E%3Crect%20width%3D%27300%27%20height%3D%27300%27%20fill-opacity%3D%220%22%2F%3E%3C%2Fsvg%3E\" data-srcset=\"https:\/\/ucenfotec.ac.cr\/ecommerce\/wp-content\/uploads\/sites\/13\/2023\/06\/SINF-678-ITIL4-Foundation-Certificate-in-IT-Service-Management-66x66.png 66w, https:\/\/ucenfotec.ac.cr\/ecommerce\/wp-content\/uploads\/sites\/13\/2023\/06\/SINF-678-ITIL4-Foundation-Certificate-in-IT-Service-Management-100x100.png 100w, https:\/\/ucenfotec.ac.cr\/ecommerce\/wp-content\/uploads\/sites\/13\/2023\/06\/SINF-678-ITIL4-Foundation-Certificate-in-IT-Service-Management-150x150.png 150w, https:\/\/ucenfotec.ac.cr\/ecommerce\/wp-content\/uploads\/sites\/13\/2023\/06\/SINF-678-ITIL4-Foundation-Certificate-in-IT-Service-Management-200x200.png 200w, https:\/\/ucenfotec.ac.cr\/ecommerce\/wp-content\/uploads\/sites\/13\/2023\/06\/SINF-678-ITIL4-Foundation-Certificate-in-IT-Service-Management-300x300.png 300w, https:\/\/ucenfotec.ac.cr\/ecommerce\/wp-content\/uploads\/sites\/13\/2023\/06\/SINF-678-ITIL4-Foundation-Certificate-in-IT-Service-Management-400x400.png 400w, https:\/\/ucenfotec.ac.cr\/ecommerce\/wp-content\/uploads\/sites\/13\/2023\/06\/SINF-678-ITIL4-Foundation-Certificate-in-IT-Service-Management-500x500.png 500w, https:\/\/ucenfotec.ac.cr\/ecommerce\/wp-content\/uploads\/sites\/13\/2023\/06\/SINF-678-ITIL4-Foundation-Certificate-in-IT-Service-Management-600x600.png 600w, https:\/\/ucenfotec.ac.cr\/ecommerce\/wp-content\/uploads\/sites\/13\/2023\/06\/SINF-678-ITIL4-Foundation-Certificate-in-IT-Service-Management-700x700.png 700w, https:\/\/ucenfotec.ac.cr\/ecommerce\/wp-content\/uploads\/sites\/13\/2023\/06\/SINF-678-ITIL4-Foundation-Certificate-in-IT-Service-Management-768x768.png 768w, https:\/\/ucenfotec.ac.cr\/ecommerce\/wp-content\/uploads\/sites\/13\/2023\/06\/SINF-678-ITIL4-Foundation-Certificate-in-IT-Service-Management-800x800.png 800w, https:\/\/ucenfotec.ac.cr\/ecommerce\/wp-content\/uploads\/sites\/13\/2023\/06\/SINF-678-ITIL4-Foundation-Certificate-in-IT-Service-Management-1024x1024.png 1024w, https:\/\/ucenfotec.ac.cr\/ecommerce\/wp-content\/uploads\/sites\/13\/2023\/06\/SINF-678-ITIL4-Foundation-Certificate-in-IT-Service-Management.png 1200w\" data-sizes=\"auto\" data-orig-sizes=\"(max-width: 300px) 100vw, 300px\" \/><\/p>\n<hr \/>\n<\/div><\/div><\/div><\/div><\/div>\n","protected":false},"excerpt":{"rendered":"<p class=\"ai-optimize-31\"><span data-sheets-root=\"1\">Este curso con examen de certificaci\u00f3n est\u00e1 dise\u00f1ado para proporcionar una comprensi\u00f3n b\u00e1sica de ITIL 4 y sus principios, permitiendo colaborar en la gesti\u00f3n de servicios tecnol\u00f3gicos.<\/span><\/p>\n","protected":false},"featured_media":71235,"template":"","meta":{"_relevanssi_hide_post":"","_relevanssi_hide_content":"","_relevanssi_pin_for_all":"","_relevanssi_pin_keywords":"","_relevanssi_unpin_keywords":"","_relevanssi_related_keywords":"","_relevanssi_related_include_ids":"","_relevanssi_related_exclude_ids":"","_relevanssi_related_no_append":"","_relevanssi_related_not_related":"","_relevanssi_related_posts":"","_relevanssi_noindex_reason":""},"product_brand":[],"product_cat":[651],"product_tag":[2563,811,2562,1164,1612,1613,1423,1180,984,1424,2561],"class_list":{"0":"post-71894","1":"product","2":"type-product","3":"status-publish","4":"has-post-thumbnail","6":"product_cat-sistemas-de-informacion","7":"product_tag-cadena-de-valor","8":"product_tag-certificacion","9":"product_tag-dimensiones","10":"product_tag-gestion-de-servicios","11":"product_tag-gestion-del-servicio","12":"product_tag-gobernanza","13":"product_tag-itil","14":"product_tag-mejora-continua","15":"product_tag-principios","16":"product_tag-servicios","17":"product_tag-sistema-de-valor","19":"first","20":"instock","21":"sold-individually","22":"taxable","23":"shipping-taxable","24":"purchasable","25":"product-type-variable"},"yoast_head":"<!-- This site is optimized with the Yoast SEO Premium plugin v26.8 (Yoast SEO v26.8) - https:\/\/yoast.com\/product\/yoast-seo-premium-wordpress\/ -->\n<title>ITIL4\u00ae Foundation Certificate in IT Service Management con examen de certificaci\u00f3n<\/title>\n<meta name=\"description\" content=\"Valida tus conocimientos en gesti\u00f3n de servicios de TI y prep\u00e1rate para el Examen de certificaci\u00f3n ITIL4\u00ae Foundation Certificate in IT Service Management.\" \/>\n<meta name=\"robots\" content=\"index, follow, max-snippet:-1, max-image-preview:large, max-video-preview:-1\" \/>\n<link rel=\"canonical\" href=\"https:\/\/ucenfotec.ac.cr\/ecommerce\/producto\/itil4-foundation-certificate-in-it-service-management-con-examen-de-certificacion\/\" \/>\n<meta property=\"og:locale\" content=\"es_ES\" \/>\n<meta property=\"og:type\" content=\"article\" \/>\n<meta property=\"og:title\" content=\"ITIL4\u00ae Foundation Certificate in IT Service Management con examen de certificaci\u00f3n\" \/>\n<meta property=\"og:description\" content=\"Valida tus conocimientos en gesti\u00f3n de servicios de TI y prep\u00e1rate para el Examen de certificaci\u00f3n ITIL4\u00ae Foundation Certificate in IT Service Management.\" \/>\n<meta property=\"og:url\" content=\"https:\/\/ucenfotec.ac.cr\/ecommerce\/producto\/itil4-foundation-certificate-in-it-service-management-con-examen-de-certificacion\/\" \/>\n<meta property=\"og:site_name\" content=\"Cursos - CENFOTEC\" \/>\n<meta property=\"article:modified_time\" content=\"2026-03-10T16:03:31+00:00\" \/>\n<meta property=\"og:image\" content=\"https:\/\/ucenfotec.ac.cr\/ecommerce\/wp-content\/uploads\/sites\/13\/2023\/06\/SINF-678.jpg\" \/>\n\t<meta property=\"og:image:width\" content=\"1920\" \/>\n\t<meta property=\"og:image:height\" content=\"1080\" \/>\n\t<meta property=\"og:image:type\" content=\"image\/jpeg\" \/>\n<meta name=\"twitter:card\" content=\"summary_large_image\" \/>\n<meta name=\"twitter:label1\" content=\"Tiempo de lectura\" \/>\n\t<meta name=\"twitter:data1\" content=\"2 minutos\" \/>\n<script type=\"application\/ld+json\" class=\"yoast-schema-graph\">{\"@context\":\"https:\/\/schema.org\",\"@graph\":[{\"@type\":\"WebPage\",\"@id\":\"https:\/\/ucenfotec.ac.cr\/ecommerce\/producto\/itil4-foundation-certificate-in-it-service-management-con-examen-de-certificacion\/\",\"url\":\"https:\/\/ucenfotec.ac.cr\/ecommerce\/producto\/itil4-foundation-certificate-in-it-service-management-con-examen-de-certificacion\/\",\"name\":\"ITIL4\u00ae Foundation Certificate in IT Service Management con examen de certificaci\u00f3n\",\"isPartOf\":{\"@id\":\"https:\/\/ucenfotec.ac.cr\/ecommerce\/#website\"},\"primaryImageOfPage\":{\"@id\":\"https:\/\/ucenfotec.ac.cr\/ecommerce\/producto\/itil4-foundation-certificate-in-it-service-management-con-examen-de-certificacion\/#primaryimage\"},\"image\":{\"@id\":\"https:\/\/ucenfotec.ac.cr\/ecommerce\/producto\/itil4-foundation-certificate-in-it-service-management-con-examen-de-certificacion\/#primaryimage\"},\"thumbnailUrl\":\"https:\/\/ucenfotec.ac.cr\/ecommerce\/wp-content\/uploads\/sites\/13\/2023\/06\/SINF-678.jpg\",\"datePublished\":\"2023-06-23T17:55:21+00:00\",\"dateModified\":\"2026-03-10T16:03:31+00:00\",\"description\":\"Valida tus conocimientos en gesti\u00f3n de servicios de TI y prep\u00e1rate para el Examen de certificaci\u00f3n ITIL4\u00ae Foundation Certificate in IT Service Management.\",\"breadcrumb\":{\"@id\":\"https:\/\/ucenfotec.ac.cr\/ecommerce\/producto\/itil4-foundation-certificate-in-it-service-management-con-examen-de-certificacion\/#breadcrumb\"},\"inLanguage\":\"es\",\"potentialAction\":[{\"@type\":\"ReadAction\",\"target\":[\"https:\/\/ucenfotec.ac.cr\/ecommerce\/producto\/itil4-foundation-certificate-in-it-service-management-con-examen-de-certificacion\/\"]}]},{\"@type\":\"ImageObject\",\"inLanguage\":\"es\",\"@id\":\"https:\/\/ucenfotec.ac.cr\/ecommerce\/producto\/itil4-foundation-certificate-in-it-service-management-con-examen-de-certificacion\/#primaryimage\",\"url\":\"https:\/\/ucenfotec.ac.cr\/ecommerce\/wp-content\/uploads\/sites\/13\/2023\/06\/SINF-678.jpg\",\"contentUrl\":\"https:\/\/ucenfotec.ac.cr\/ecommerce\/wp-content\/uploads\/sites\/13\/2023\/06\/SINF-678.jpg\",\"width\":1920,\"height\":1080,\"caption\":\"ITIL4\u00ae Foundation Certificate in IT Service Management con examen de certificaci\u00f3n\"},{\"@type\":\"BreadcrumbList\",\"@id\":\"https:\/\/ucenfotec.ac.cr\/ecommerce\/producto\/itil4-foundation-certificate-in-it-service-management-con-examen-de-certificacion\/#breadcrumb\",\"itemListElement\":[{\"@type\":\"ListItem\",\"position\":1,\"name\":\"Portada\",\"item\":\"https:\/\/ucenfotec.ac.cr\/ecommerce\/\"},{\"@type\":\"ListItem\",\"position\":2,\"name\":\"Todos los Cursos\",\"item\":\"https:\/\/ucenfotec.ac.cr\/ecommerce\/todos-los-cursos\/\"},{\"@type\":\"ListItem\",\"position\":3,\"name\":\"ITIL4\u00ae Foundation Certificate in IT Service Management con examen de certificaci\u00f3n\"}]},{\"@type\":\"WebSite\",\"@id\":\"https:\/\/ucenfotec.ac.cr\/ecommerce\/#website\",\"url\":\"https:\/\/ucenfotec.ac.cr\/ecommerce\/\",\"name\":\"Cursos - CENFOTEC\",\"description\":\"Tienda en l\u00ednea de cursos ofrecidos por CENFOTEC\",\"potentialAction\":[{\"@type\":\"SearchAction\",\"target\":{\"@type\":\"EntryPoint\",\"urlTemplate\":\"https:\/\/ucenfotec.ac.cr\/ecommerce\/?s={search_term_string}\"},\"query-input\":{\"@type\":\"PropertyValueSpecification\",\"valueRequired\":true,\"valueName\":\"search_term_string\"}}],\"inLanguage\":\"es\"}]}<\/script>\n<!-- \/ Yoast SEO Premium plugin. -->","yoast_head_json":{"title":"ITIL4\u00ae Foundation Certificate in IT Service Management con examen de certificaci\u00f3n","description":"Valida tus conocimientos en gesti\u00f3n de servicios de TI y prep\u00e1rate para el Examen de certificaci\u00f3n ITIL4\u00ae Foundation Certificate in IT Service Management.","robots":{"index":"index","follow":"follow","max-snippet":"max-snippet:-1","max-image-preview":"max-image-preview:large","max-video-preview":"max-video-preview:-1"},"canonical":"https:\/\/ucenfotec.ac.cr\/ecommerce\/producto\/itil4-foundation-certificate-in-it-service-management-con-examen-de-certificacion\/","og_locale":"es_ES","og_type":"article","og_title":"ITIL4\u00ae Foundation Certificate in IT Service Management con examen de certificaci\u00f3n","og_description":"Valida tus conocimientos en gesti\u00f3n de servicios de TI y prep\u00e1rate para el Examen de certificaci\u00f3n ITIL4\u00ae Foundation Certificate in IT Service Management.","og_url":"https:\/\/ucenfotec.ac.cr\/ecommerce\/producto\/itil4-foundation-certificate-in-it-service-management-con-examen-de-certificacion\/","og_site_name":"Cursos - CENFOTEC","article_modified_time":"2026-03-10T16:03:31+00:00","og_image":[{"width":1920,"height":1080,"url":"https:\/\/ucenfotec.ac.cr\/ecommerce\/wp-content\/uploads\/sites\/13\/2023\/06\/SINF-678.jpg","type":"image\/jpeg"}],"twitter_card":"summary_large_image","twitter_misc":{"Tiempo de lectura":"2 minutos"},"schema":{"@context":"https:\/\/schema.org","@graph":[{"@type":"WebPage","@id":"https:\/\/ucenfotec.ac.cr\/ecommerce\/producto\/itil4-foundation-certificate-in-it-service-management-con-examen-de-certificacion\/","url":"https:\/\/ucenfotec.ac.cr\/ecommerce\/producto\/itil4-foundation-certificate-in-it-service-management-con-examen-de-certificacion\/","name":"ITIL4\u00ae Foundation Certificate in IT Service Management con examen de certificaci\u00f3n","isPartOf":{"@id":"https:\/\/ucenfotec.ac.cr\/ecommerce\/#website"},"primaryImageOfPage":{"@id":"https:\/\/ucenfotec.ac.cr\/ecommerce\/producto\/itil4-foundation-certificate-in-it-service-management-con-examen-de-certificacion\/#primaryimage"},"image":{"@id":"https:\/\/ucenfotec.ac.cr\/ecommerce\/producto\/itil4-foundation-certificate-in-it-service-management-con-examen-de-certificacion\/#primaryimage"},"thumbnailUrl":"https:\/\/ucenfotec.ac.cr\/ecommerce\/wp-content\/uploads\/sites\/13\/2023\/06\/SINF-678.jpg","datePublished":"2023-06-23T17:55:21+00:00","dateModified":"2026-03-10T16:03:31+00:00","description":"Valida tus conocimientos en gesti\u00f3n de servicios de TI y prep\u00e1rate para el Examen de certificaci\u00f3n ITIL4\u00ae Foundation Certificate in IT Service Management.","breadcrumb":{"@id":"https:\/\/ucenfotec.ac.cr\/ecommerce\/producto\/itil4-foundation-certificate-in-it-service-management-con-examen-de-certificacion\/#breadcrumb"},"inLanguage":"es","potentialAction":[{"@type":"ReadAction","target":["https:\/\/ucenfotec.ac.cr\/ecommerce\/producto\/itil4-foundation-certificate-in-it-service-management-con-examen-de-certificacion\/"]}]},{"@type":"ImageObject","inLanguage":"es","@id":"https:\/\/ucenfotec.ac.cr\/ecommerce\/producto\/itil4-foundation-certificate-in-it-service-management-con-examen-de-certificacion\/#primaryimage","url":"https:\/\/ucenfotec.ac.cr\/ecommerce\/wp-content\/uploads\/sites\/13\/2023\/06\/SINF-678.jpg","contentUrl":"https:\/\/ucenfotec.ac.cr\/ecommerce\/wp-content\/uploads\/sites\/13\/2023\/06\/SINF-678.jpg","width":1920,"height":1080,"caption":"ITIL4\u00ae Foundation Certificate in IT Service Management con examen de certificaci\u00f3n"},{"@type":"BreadcrumbList","@id":"https:\/\/ucenfotec.ac.cr\/ecommerce\/producto\/itil4-foundation-certificate-in-it-service-management-con-examen-de-certificacion\/#breadcrumb","itemListElement":[{"@type":"ListItem","position":1,"name":"Portada","item":"https:\/\/ucenfotec.ac.cr\/ecommerce\/"},{"@type":"ListItem","position":2,"name":"Todos los Cursos","item":"https:\/\/ucenfotec.ac.cr\/ecommerce\/todos-los-cursos\/"},{"@type":"ListItem","position":3,"name":"ITIL4\u00ae Foundation Certificate in IT Service Management con examen de certificaci\u00f3n"}]},{"@type":"WebSite","@id":"https:\/\/ucenfotec.ac.cr\/ecommerce\/#website","url":"https:\/\/ucenfotec.ac.cr\/ecommerce\/","name":"Cursos - CENFOTEC","description":"Tienda en l\u00ednea de cursos ofrecidos por CENFOTEC","potentialAction":[{"@type":"SearchAction","target":{"@type":"EntryPoint","urlTemplate":"https:\/\/ucenfotec.ac.cr\/ecommerce\/?s={search_term_string}"},"query-input":{"@type":"PropertyValueSpecification","valueRequired":true,"valueName":"search_term_string"}}],"inLanguage":"es"}]}},"_links":{"self":[{"href":"https:\/\/ucenfotec.ac.cr\/ecommerce\/wp-json\/wp\/v2\/product\/71894","targetHints":{"allow":["GET"]}}],"collection":[{"href":"https:\/\/ucenfotec.ac.cr\/ecommerce\/wp-json\/wp\/v2\/product"}],"about":[{"href":"https:\/\/ucenfotec.ac.cr\/ecommerce\/wp-json\/wp\/v2\/types\/product"}],"wp:featuredmedia":[{"embeddable":true,"href":"https:\/\/ucenfotec.ac.cr\/ecommerce\/wp-json\/wp\/v2\/media\/71235"}],"wp:attachment":[{"href":"https:\/\/ucenfotec.ac.cr\/ecommerce\/wp-json\/wp\/v2\/media?parent=71894"}],"wp:term":[{"taxonomy":"product_brand","embeddable":true,"href":"https:\/\/ucenfotec.ac.cr\/ecommerce\/wp-json\/wp\/v2\/product_brand?post=71894"},{"taxonomy":"product_cat","embeddable":true,"href":"https:\/\/ucenfotec.ac.cr\/ecommerce\/wp-json\/wp\/v2\/product_cat?post=71894"},{"taxonomy":"product_tag","embeddable":true,"href":"https:\/\/ucenfotec.ac.cr\/ecommerce\/wp-json\/wp\/v2\/product_tag?post=71894"}],"curies":[{"name":"wp","href":"https:\/\/api.w.org\/{rel}","templated":true}]}}