{"id":73117,"date":"2023-09-01T13:59:19","date_gmt":"2023-09-01T19:59:19","guid":{"rendered":"https:\/\/ucenfotec.ac.cr\/ecommerce\/?post_type=product&#038;p=73117"},"modified":"2026-04-06T17:46:38","modified_gmt":"2026-04-06T23:46:38","slug":"modelos-de-lenguaje-en-inteligencia-artificial","status":"publish","type":"product","link":"https:\/\/ucenfotec.ac.cr\/ecommerce\/producto\/modelos-de-lenguaje-en-inteligencia-artificial\/","title":{"rendered":"Modelos de Lenguaje en Inteligencia Artificial"},"content":{"rendered":"<div class=\"fusion-fullwidth fullwidth-box fusion-builder-row-1 fusion-flex-container nonhundred-percent-fullwidth non-hundred-percent-height-scrolling\" style=\"--awb-border-radius-top-left:0px;--awb-border-radius-top-right:0px;--awb-border-radius-bottom-right:0px;--awb-border-radius-bottom-left:0px;--awb-flex-wrap:wrap;\" ><div class=\"fusion-builder-row fusion-row fusion-flex-align-items-flex-start fusion-flex-content-wrap\" style=\"max-width:1216.8px;margin-left: calc(-4% \/ 2 );margin-right: calc(-4% \/ 2 );\"><div class=\"fusion-layout-column fusion_builder_column fusion-builder-column-0 fusion_builder_column_1_1 1_1 fusion-flex-column\" style=\"--awb-bg-size:cover;--awb-width-large:100%;--awb-margin-top-large:0px;--awb-spacing-right-large:1.92%;--awb-margin-bottom-large:0px;--awb-spacing-left-large:1.92%;--awb-width-medium:100%;--awb-spacing-right-medium:1.92%;--awb-spacing-left-medium:1.92%;--awb-width-small:100%;--awb-spacing-right-small:1.92%;--awb-spacing-left-small:1.92%;\"><div class=\"fusion-column-wrapper fusion-flex-justify-content-flex-start fusion-content-layout-column\"><div class=\"fusion-text fusion-text-1\"><p><span data-sheets-root=\"1\">Los modelos de lenguaje en inteligencia artificial son sistemas computacionales dise\u00f1ados para comprender, generar y manipular el lenguaje humano aprendiendo patrones y estructuras ling\u00fc\u00edsticas a partir de grandes vol\u00famenes de texto, lo que les permite realizar tareas como traducci\u00f3n autom\u00e1tica, an\u00e1lisis de sentimientos, respuesta a preguntas o generaci\u00f3n de contenido que utilizan t\u00e9cnicas del procesamiento de lenguaje natural (NLP) y algoritmos de aprendizaje autom\u00e1tico, siendo los Transformers como GPT o BERT algunos de los m\u00e1s avanzados.<\/span><\/p>\n<p><span data-sheets-root=\"1\">Las principales tem\u00e1ticas por abordar en el curso son los fundamentos de modelos de lenguaje y de procesamiento del lenguaje natural, modelos de lenguaje avanzados y aplicaciones pr\u00e1cticas y tendencias.<\/span><\/p>\n<p><span data-sheets-root=\"1\">El curso est\u00e1 dise\u00f1ado por competencias y alineado con el marco global de habilidades y competencias para un mundo digital SFIA, por lo que se propone que los estudiantes logren responder a un nivel de responsabilidad 2, de manera que identifican, validan y explotan los conjuntos de datos internos y externos generados a partir de una amplia gama de procesos.<\/span><\/p>\n<hr \/>\n<p><strong>Contenidos<\/strong><\/p>\n<p><span data-sheets-root=\"1\">1. Fundamentos de Modelos de Lenguaje.<br \/>\n2. Fundamentos de procesamiento del lenguaje natural.<br \/>\n3. Modelos de lenguaje avanzados.<br \/>\n4. Aplicaciones pr\u00e1cticas y tendencias.<\/span><\/p>\n<hr \/>\n<p><strong>Certificado e Insignia Digital<\/strong><\/p>\n<p>Al finalizar el curso el estudiante obtiene un t\u00edtulo e Insignia digital, socializable en tiempo real basada en tecnolog\u00eda blockchain que permite una vista m\u00e1s completa tras el logro alcanzado por el estudiante al poderla vincular con evidencias del resultado del aprendizaje en su perfil profesional. Es una certificaci\u00f3n segura.<\/p>\n<p><a href=\"https:\/\/ucenfotec.ac.cr\/ecommerce\/wp-content\/uploads\/sites\/13\/2023\/09\/SINT-616-Mineria-de-Datos.png\"><img decoding=\"async\" class=\"lazyload aligncenter size-full wp-image-171187\" src=\"https:\/\/ucenfotec.ac.cr\/ecommerce\/wp-content\/uploads\/sites\/13\/2023\/09\/SINT-616-Mineria-de-Datos.png\" data-orig-src=\"https:\/\/ucenfotec.ac.cr\/ecommerce\/wp-content\/uploads\/sites\/13\/2023\/09\/SINT-616-Mineria-de-Datos.png\" alt=\"SINT-616 Miner\u00eda de Datos - Universidad CENFOTEC\" width=\"300\" height=\"300\" srcset=\"data:image\/svg+xml,%3Csvg%20xmlns%3D%27http%3A%2F%2Fwww.w3.org%2F2000%2Fsvg%27%20width%3D%27300%27%20height%3D%27300%27%20viewBox%3D%270%200%20300%20300%27%3E%3Crect%20width%3D%27300%27%20height%3D%27300%27%20fill-opacity%3D%220%22%2F%3E%3C%2Fsvg%3E\" data-srcset=\"https:\/\/ucenfotec.ac.cr\/ecommerce\/wp-content\/uploads\/sites\/13\/2023\/09\/SINT-616-Mineria-de-Datos-66x66.png 66w, https:\/\/ucenfotec.ac.cr\/ecommerce\/wp-content\/uploads\/sites\/13\/2023\/09\/SINT-616-Mineria-de-Datos-100x100.png 100w, https:\/\/ucenfotec.ac.cr\/ecommerce\/wp-content\/uploads\/sites\/13\/2023\/09\/SINT-616-Mineria-de-Datos-150x150.png 150w, https:\/\/ucenfotec.ac.cr\/ecommerce\/wp-content\/uploads\/sites\/13\/2023\/09\/SINT-616-Mineria-de-Datos-200x200.png 200w, https:\/\/ucenfotec.ac.cr\/ecommerce\/wp-content\/uploads\/sites\/13\/2023\/09\/SINT-616-Mineria-de-Datos.png 300w\" data-sizes=\"auto\" data-orig-sizes=\"(max-width: 300px) 100vw, 300px\" \/><\/a><\/p>\n<hr \/>\n<\/div><\/div><\/div><\/div><\/div>\n","protected":false},"excerpt":{"rendered":"<p class=\"ai-optimize-27\"><span data-sheets-root=\"1\">Este curso ofrece una introducci\u00f3n te\u00f3rica y pr\u00e1ctica a los modelos de lenguaje en inteligencia artificial, abordando desde conceptos fundamentales hasta aplicaciones avanzadas en procesamiento de lenguaje natural.<\/span><\/p>\n","protected":false},"featured_media":74246,"template":"","meta":{"_relevanssi_hide_post":"","_relevanssi_hide_content":"","_relevanssi_pin_for_all":"","_relevanssi_pin_keywords":"","_relevanssi_unpin_keywords":"","_relevanssi_related_keywords":"","_relevanssi_related_include_ids":"","_relevanssi_related_exclude_ids":"","_relevanssi_related_no_append":"","_relevanssi_related_not_related":"","_relevanssi_related_posts":"","_relevanssi_noindex_reason":""},"product_brand":[],"product_cat":[145],"product_tag":[1449,1448,2623,1447,1446,950,2619,2620,1431,2622,2621,2624],"class_list":{"0":"post-73117","1":"product","2":"type-product","3":"status-publish","4":"has-post-thumbnail","6":"product_cat-sistemas-inteligentes","7":"product_tag-aplicaciones-de-ia-en-lenguaje-natural","8":"product_tag-bert","9":"product_tag-fine-tuning","10":"product_tag-gpt-3","11":"product_tag-grandes-modelos-de-lenguaje","12":"product_tag-inteligencia-artificial","13":"product_tag-modelos-de-lenguaje","14":"product_tag-preprocesamiento-de-texto","15":"product_tag-procesamiento-del-lenguaje-natural","16":"product_tag-redes-neuronales-convolucionales","17":"product_tag-redes-neuronales-recurrentes","18":"product_tag-transfer-learning","20":"first","21":"instock","22":"virtual","23":"sold-individually","24":"taxable","25":"purchasable","26":"product-type-simple"},"yoast_head":"<!-- This site is optimized with the Yoast SEO Premium plugin v27.4 (Yoast SEO v27.4) - https:\/\/yoast.com\/product\/yoast-seo-premium-wordpress\/ -->\n<title>Modelos de Lenguaje en Inteligencia Artificia<\/title>\n<meta name=\"description\" content=\"Estudia modelos de lenguaje y su uso en aplicaciones de IA generativa.Introducci\u00f3n pr\u00e1ctica a modelos de lenguaje e IA, aplicados al procesamiento y generaci\u00f3n autom\u00e1tica de texto en diversos contextos.\" \/>\n<meta name=\"robots\" content=\"index, follow, max-snippet:-1, max-image-preview:large, max-video-preview:-1\" \/>\n<link rel=\"canonical\" href=\"https:\/\/ucenfotec.ac.cr\/ecommerce\/producto\/modelos-de-lenguaje-en-inteligencia-artificial\/\" \/>\n<meta property=\"og:locale\" content=\"es_ES\" \/>\n<meta property=\"og:type\" content=\"article\" \/>\n<meta property=\"og:title\" content=\"Modelos de Lenguaje en Inteligencia Artificial\" \/>\n<meta property=\"og:description\" content=\"Estudia modelos de lenguaje y su uso en aplicaciones de IA generativa.Introducci\u00f3n pr\u00e1ctica a modelos de lenguaje e IA, aplicados al procesamiento y generaci\u00f3n autom\u00e1tica de texto en diversos contextos.\" \/>\n<meta property=\"og:url\" content=\"https:\/\/ucenfotec.ac.cr\/ecommerce\/producto\/modelos-de-lenguaje-en-inteligencia-artificial\/\" \/>\n<meta property=\"og:site_name\" content=\"Cursos - CENFOTEC\" \/>\n<meta property=\"article:modified_time\" content=\"2026-04-06T23:46:38+00:00\" \/>\n<meta property=\"og:image\" content=\"https:\/\/ucenfotec.ac.cr\/ecommerce\/wp-content\/uploads\/sites\/13\/2023\/09\/SINT-624.jpg\" \/>\n\t<meta property=\"og:image:width\" content=\"1920\" \/>\n\t<meta property=\"og:image:height\" content=\"1080\" \/>\n\t<meta property=\"og:image:type\" content=\"image\/jpeg\" \/>\n<meta name=\"twitter:card\" content=\"summary_large_image\" \/>\n<meta name=\"twitter:label1\" content=\"Tiempo de lectura\" \/>\n\t<meta name=\"twitter:data1\" content=\"1 minuto\" \/>\n<script type=\"application\/ld+json\" class=\"yoast-schema-graph\">{\"@context\":\"https:\\\/\\\/schema.org\",\"@graph\":[{\"@type\":\"WebPage\",\"@id\":\"https:\\\/\\\/ucenfotec.ac.cr\\\/ecommerce\\\/producto\\\/modelos-de-lenguaje-en-inteligencia-artificial\\\/\",\"url\":\"https:\\\/\\\/ucenfotec.ac.cr\\\/ecommerce\\\/producto\\\/modelos-de-lenguaje-en-inteligencia-artificial\\\/\",\"name\":\"Modelos de Lenguaje en Inteligencia Artificia\",\"isPartOf\":{\"@id\":\"https:\\\/\\\/ucenfotec.ac.cr\\\/ecommerce\\\/#website\"},\"primaryImageOfPage\":{\"@id\":\"https:\\\/\\\/ucenfotec.ac.cr\\\/ecommerce\\\/producto\\\/modelos-de-lenguaje-en-inteligencia-artificial\\\/#primaryimage\"},\"image\":{\"@id\":\"https:\\\/\\\/ucenfotec.ac.cr\\\/ecommerce\\\/producto\\\/modelos-de-lenguaje-en-inteligencia-artificial\\\/#primaryimage\"},\"thumbnailUrl\":\"https:\\\/\\\/ucenfotec.ac.cr\\\/ecommerce\\\/wp-content\\\/uploads\\\/sites\\\/13\\\/2023\\\/09\\\/SINT-624.jpg\",\"datePublished\":\"2023-09-01T19:59:19+00:00\",\"dateModified\":\"2026-04-06T23:46:38+00:00\",\"description\":\"Estudia modelos de lenguaje y su uso en aplicaciones de IA generativa.Introducci\u00f3n pr\u00e1ctica a modelos de lenguaje e IA, aplicados al procesamiento y generaci\u00f3n autom\u00e1tica de texto en diversos contextos.\",\"breadcrumb\":{\"@id\":\"https:\\\/\\\/ucenfotec.ac.cr\\\/ecommerce\\\/producto\\\/modelos-de-lenguaje-en-inteligencia-artificial\\\/#breadcrumb\"},\"inLanguage\":\"es\",\"potentialAction\":[{\"@type\":\"ReadAction\",\"target\":[\"https:\\\/\\\/ucenfotec.ac.cr\\\/ecommerce\\\/producto\\\/modelos-de-lenguaje-en-inteligencia-artificial\\\/\"]}]},{\"@type\":\"ImageObject\",\"inLanguage\":\"es\",\"@id\":\"https:\\\/\\\/ucenfotec.ac.cr\\\/ecommerce\\\/producto\\\/modelos-de-lenguaje-en-inteligencia-artificial\\\/#primaryimage\",\"url\":\"https:\\\/\\\/ucenfotec.ac.cr\\\/ecommerce\\\/wp-content\\\/uploads\\\/sites\\\/13\\\/2023\\\/09\\\/SINT-624.jpg\",\"contentUrl\":\"https:\\\/\\\/ucenfotec.ac.cr\\\/ecommerce\\\/wp-content\\\/uploads\\\/sites\\\/13\\\/2023\\\/09\\\/SINT-624.jpg\",\"width\":1920,\"height\":1080,\"caption\":\"Modelos de Lenguaje en Inteligencia Artificial\"},{\"@type\":\"BreadcrumbList\",\"@id\":\"https:\\\/\\\/ucenfotec.ac.cr\\\/ecommerce\\\/producto\\\/modelos-de-lenguaje-en-inteligencia-artificial\\\/#breadcrumb\",\"itemListElement\":[{\"@type\":\"ListItem\",\"position\":1,\"name\":\"Portada\",\"item\":\"https:\\\/\\\/ucenfotec.ac.cr\\\/ecommerce\\\/\"},{\"@type\":\"ListItem\",\"position\":2,\"name\":\"Todos los Cursos\",\"item\":\"https:\\\/\\\/ucenfotec.ac.cr\\\/ecommerce\\\/todos-los-cursos\\\/\"},{\"@type\":\"ListItem\",\"position\":3,\"name\":\"Modelos de Lenguaje en Inteligencia Artificial\"}]},{\"@type\":\"WebSite\",\"@id\":\"https:\\\/\\\/ucenfotec.ac.cr\\\/ecommerce\\\/#website\",\"url\":\"https:\\\/\\\/ucenfotec.ac.cr\\\/ecommerce\\\/\",\"name\":\"Cursos - CENFOTEC\",\"description\":\"Tienda en l\u00ednea de cursos ofrecidos por CENFOTEC\",\"potentialAction\":[{\"@type\":\"SearchAction\",\"target\":{\"@type\":\"EntryPoint\",\"urlTemplate\":\"https:\\\/\\\/ucenfotec.ac.cr\\\/ecommerce\\\/?s={search_term_string}\"},\"query-input\":{\"@type\":\"PropertyValueSpecification\",\"valueRequired\":true,\"valueName\":\"search_term_string\"}}],\"inLanguage\":\"es\"}]}<\/script>\n<!-- \/ Yoast SEO Premium plugin. -->","yoast_head_json":{"title":"Modelos de Lenguaje en Inteligencia Artificia","description":"Estudia modelos de lenguaje y su uso en aplicaciones de IA generativa.Introducci\u00f3n pr\u00e1ctica a modelos de lenguaje e IA, aplicados al procesamiento y generaci\u00f3n autom\u00e1tica de texto en diversos contextos.","robots":{"index":"index","follow":"follow","max-snippet":"max-snippet:-1","max-image-preview":"max-image-preview:large","max-video-preview":"max-video-preview:-1"},"canonical":"https:\/\/ucenfotec.ac.cr\/ecommerce\/producto\/modelos-de-lenguaje-en-inteligencia-artificial\/","og_locale":"es_ES","og_type":"article","og_title":"Modelos de Lenguaje en Inteligencia Artificial","og_description":"Estudia modelos de lenguaje y su uso en aplicaciones de IA generativa.Introducci\u00f3n pr\u00e1ctica a modelos de lenguaje e IA, aplicados al procesamiento y generaci\u00f3n autom\u00e1tica de texto en diversos contextos.","og_url":"https:\/\/ucenfotec.ac.cr\/ecommerce\/producto\/modelos-de-lenguaje-en-inteligencia-artificial\/","og_site_name":"Cursos - CENFOTEC","article_modified_time":"2026-04-06T23:46:38+00:00","og_image":[{"width":1920,"height":1080,"url":"https:\/\/ucenfotec.ac.cr\/ecommerce\/wp-content\/uploads\/sites\/13\/2023\/09\/SINT-624.jpg","type":"image\/jpeg"}],"twitter_card":"summary_large_image","twitter_misc":{"Tiempo de lectura":"1 minuto"},"schema":{"@context":"https:\/\/schema.org","@graph":[{"@type":"WebPage","@id":"https:\/\/ucenfotec.ac.cr\/ecommerce\/producto\/modelos-de-lenguaje-en-inteligencia-artificial\/","url":"https:\/\/ucenfotec.ac.cr\/ecommerce\/producto\/modelos-de-lenguaje-en-inteligencia-artificial\/","name":"Modelos de Lenguaje en Inteligencia Artificia","isPartOf":{"@id":"https:\/\/ucenfotec.ac.cr\/ecommerce\/#website"},"primaryImageOfPage":{"@id":"https:\/\/ucenfotec.ac.cr\/ecommerce\/producto\/modelos-de-lenguaje-en-inteligencia-artificial\/#primaryimage"},"image":{"@id":"https:\/\/ucenfotec.ac.cr\/ecommerce\/producto\/modelos-de-lenguaje-en-inteligencia-artificial\/#primaryimage"},"thumbnailUrl":"https:\/\/ucenfotec.ac.cr\/ecommerce\/wp-content\/uploads\/sites\/13\/2023\/09\/SINT-624.jpg","datePublished":"2023-09-01T19:59:19+00:00","dateModified":"2026-04-06T23:46:38+00:00","description":"Estudia modelos de lenguaje y su uso en aplicaciones de IA generativa.Introducci\u00f3n pr\u00e1ctica a modelos de lenguaje e IA, aplicados al procesamiento y generaci\u00f3n autom\u00e1tica de texto en diversos contextos.","breadcrumb":{"@id":"https:\/\/ucenfotec.ac.cr\/ecommerce\/producto\/modelos-de-lenguaje-en-inteligencia-artificial\/#breadcrumb"},"inLanguage":"es","potentialAction":[{"@type":"ReadAction","target":["https:\/\/ucenfotec.ac.cr\/ecommerce\/producto\/modelos-de-lenguaje-en-inteligencia-artificial\/"]}]},{"@type":"ImageObject","inLanguage":"es","@id":"https:\/\/ucenfotec.ac.cr\/ecommerce\/producto\/modelos-de-lenguaje-en-inteligencia-artificial\/#primaryimage","url":"https:\/\/ucenfotec.ac.cr\/ecommerce\/wp-content\/uploads\/sites\/13\/2023\/09\/SINT-624.jpg","contentUrl":"https:\/\/ucenfotec.ac.cr\/ecommerce\/wp-content\/uploads\/sites\/13\/2023\/09\/SINT-624.jpg","width":1920,"height":1080,"caption":"Modelos de Lenguaje en Inteligencia Artificial"},{"@type":"BreadcrumbList","@id":"https:\/\/ucenfotec.ac.cr\/ecommerce\/producto\/modelos-de-lenguaje-en-inteligencia-artificial\/#breadcrumb","itemListElement":[{"@type":"ListItem","position":1,"name":"Portada","item":"https:\/\/ucenfotec.ac.cr\/ecommerce\/"},{"@type":"ListItem","position":2,"name":"Todos los Cursos","item":"https:\/\/ucenfotec.ac.cr\/ecommerce\/todos-los-cursos\/"},{"@type":"ListItem","position":3,"name":"Modelos de Lenguaje en Inteligencia Artificial"}]},{"@type":"WebSite","@id":"https:\/\/ucenfotec.ac.cr\/ecommerce\/#website","url":"https:\/\/ucenfotec.ac.cr\/ecommerce\/","name":"Cursos - CENFOTEC","description":"Tienda en l\u00ednea de cursos ofrecidos por CENFOTEC","potentialAction":[{"@type":"SearchAction","target":{"@type":"EntryPoint","urlTemplate":"https:\/\/ucenfotec.ac.cr\/ecommerce\/?s={search_term_string}"},"query-input":{"@type":"PropertyValueSpecification","valueRequired":true,"valueName":"search_term_string"}}],"inLanguage":"es"}]}},"_links":{"self":[{"href":"https:\/\/ucenfotec.ac.cr\/ecommerce\/wp-json\/wp\/v2\/product\/73117","targetHints":{"allow":["GET"]}}],"collection":[{"href":"https:\/\/ucenfotec.ac.cr\/ecommerce\/wp-json\/wp\/v2\/product"}],"about":[{"href":"https:\/\/ucenfotec.ac.cr\/ecommerce\/wp-json\/wp\/v2\/types\/product"}],"wp:featuredmedia":[{"embeddable":true,"href":"https:\/\/ucenfotec.ac.cr\/ecommerce\/wp-json\/wp\/v2\/media\/74246"}],"wp:attachment":[{"href":"https:\/\/ucenfotec.ac.cr\/ecommerce\/wp-json\/wp\/v2\/media?parent=73117"}],"wp:term":[{"taxonomy":"product_brand","embeddable":true,"href":"https:\/\/ucenfotec.ac.cr\/ecommerce\/wp-json\/wp\/v2\/product_brand?post=73117"},{"taxonomy":"product_cat","embeddable":true,"href":"https:\/\/ucenfotec.ac.cr\/ecommerce\/wp-json\/wp\/v2\/product_cat?post=73117"},{"taxonomy":"product_tag","embeddable":true,"href":"https:\/\/ucenfotec.ac.cr\/ecommerce\/wp-json\/wp\/v2\/product_tag?post=73117"}],"curies":[{"name":"wp","href":"https:\/\/api.w.org\/{rel}","templated":true}]}}