{"id":74555,"date":"2023-10-04T10:44:02","date_gmt":"2023-10-04T16:44:02","guid":{"rendered":"https:\/\/ucenfotec.ac.cr\/ecommerce\/?post_type=product&#038;p=74555"},"modified":"2026-03-23T18:49:23","modified_gmt":"2026-03-24T00:49:23","slug":"inteligencia-emocional-para-comunicacion-asertiva","status":"publish","type":"product","link":"https:\/\/ucenfotec.ac.cr\/ecommerce\/producto\/inteligencia-emocional-para-comunicacion-asertiva\/","title":{"rendered":"Inteligencia emocional para comunicaci\u00f3n asertiva"},"content":{"rendered":"<div class=\"fusion-fullwidth fullwidth-box fusion-builder-row-1 fusion-flex-container nonhundred-percent-fullwidth non-hundred-percent-height-scrolling\" style=\"--awb-border-radius-top-left:0px;--awb-border-radius-top-right:0px;--awb-border-radius-bottom-right:0px;--awb-border-radius-bottom-left:0px;--awb-flex-wrap:wrap;\" ><div class=\"fusion-builder-row fusion-row fusion-flex-align-items-flex-start fusion-flex-content-wrap\" style=\"max-width:1216.8px;margin-left: calc(-4% \/ 2 );margin-right: calc(-4% \/ 2 );\"><div class=\"fusion-layout-column fusion_builder_column fusion-builder-column-0 fusion_builder_column_1_1 1_1 fusion-flex-column\" style=\"--awb-bg-size:cover;--awb-width-large:100%;--awb-margin-top-large:0px;--awb-spacing-right-large:1.92%;--awb-margin-bottom-large:0px;--awb-spacing-left-large:1.92%;--awb-width-medium:100%;--awb-spacing-right-medium:1.92%;--awb-spacing-left-medium:1.92%;--awb-width-small:100%;--awb-spacing-right-small:1.92%;--awb-spacing-left-small:1.92%;\"><div class=\"fusion-column-wrapper fusion-flex-justify-content-flex-start fusion-content-layout-column\"><div class=\"fusion-text fusion-text-1\"><p><span data-sheets-root=\"1\">La inteligencia emocional se refiere a la capacidad de reconocer, comprender y gestionar nuestras propias emociones, e influir en las emociones de los dem\u00e1s, mejorando las interacciones sociales y la toma de decisiones informadas que promuevan un equilibrio emocional en diferentes situaciones.<\/span><\/p>\n<p><span data-sheets-root=\"1\">Las principales tem\u00e1ticas por abordar incluyen los fundamentos de la inteligencia emocional, la gesti\u00f3n de las emociones propias, la comprensi\u00f3n de las emociones de los dem\u00e1s, la comunicaci\u00f3n asertiva y la resoluci\u00f3n de conflictos.<\/span><\/p>\n<p><span data-sheets-root=\"1\">El curso est\u00e1 dise\u00f1ado por competencias y alineado con el marco de habilidades SFIA 8, por lo que se propone que los aprendientes logren responder a un nivel de habilidad 2, de manera que identifiquen t\u00e9cnicas adecuadas de gesti\u00f3n de emociones que mejoran la comunicaci\u00f3n en el \u00e1mbito personal o profesional.<\/span><\/p>\n<hr \/>\n<p><strong>Contenidos<\/strong><\/p>\n<p><span data-sheets-value=\"{\" data-sheets-userformat=\"{\">1. Fundamentos de la inteligencia emocional.<br \/>\n<\/span><span data-sheets-value=\"{\" data-sheets-userformat=\"{\">2. Gesti\u00f3n de las emociones propias.<br \/>\n<\/span><span data-sheets-value=\"{\" data-sheets-userformat=\"{\">3. Comprensi\u00f3n de las emociones de los dem\u00e1s.<br \/>\n<\/span><span data-sheets-value=\"{\" data-sheets-userformat=\"{\">4. Comunicaci\u00f3n asertiva y resoluci\u00f3n de conflictos.<\/span><\/p>\n<hr \/>\n<div class=\"fusion-aligncenter\">\n<p><strong>Certificado e Insignia Digital<\/strong><\/p>\n<p>Al finalizar el curso el estudiante obtiene un t\u00edtulo e Insignia digital, socializable en tiempo real basada en tecnolog\u00eda blockchain que permite una vista m\u00e1s completa tras el logro alcanzado por el estudiante al poderla vincular con evidencias del resultado del aprendizaje en su perfil profesional. Es una certificaci\u00f3n segura.<\/p>\n<p><a href=\"https:\/\/ucenfotec.ac.cr\/ecommerce\/wp-content\/uploads\/sites\/13\/2023\/10\/FUN-873-Inteligencia-Emocional-para-Comunicacion-Asertiva.png\"><img decoding=\"async\" class=\"lazyload aligncenter size-full wp-image-175840\" src=\"https:\/\/ucenfotec.ac.cr\/ecommerce\/wp-content\/uploads\/sites\/13\/2023\/10\/FUN-873-Inteligencia-Emocional-para-Comunicacion-Asertiva.png\" data-orig-src=\"https:\/\/ucenfotec.ac.cr\/ecommerce\/wp-content\/uploads\/sites\/13\/2023\/10\/FUN-873-Inteligencia-Emocional-para-Comunicacion-Asertiva.png\" alt=\"FUN-873-Inteligencia Emocional para Comunicacion Asertiva - Universidad CENFOTEC\" width=\"300\" height=\"300\" srcset=\"data:image\/svg+xml,%3Csvg%20xmlns%3D%27http%3A%2F%2Fwww.w3.org%2F2000%2Fsvg%27%20width%3D%27300%27%20height%3D%27300%27%20viewBox%3D%270%200%20300%20300%27%3E%3Crect%20width%3D%27300%27%20height%3D%27300%27%20fill-opacity%3D%220%22%2F%3E%3C%2Fsvg%3E\" data-srcset=\"https:\/\/ucenfotec.ac.cr\/ecommerce\/wp-content\/uploads\/sites\/13\/2023\/10\/FUN-873-Inteligencia-Emocional-para-Comunicacion-Asertiva-66x66.png 66w, https:\/\/ucenfotec.ac.cr\/ecommerce\/wp-content\/uploads\/sites\/13\/2023\/10\/FUN-873-Inteligencia-Emocional-para-Comunicacion-Asertiva-100x100.png 100w, https:\/\/ucenfotec.ac.cr\/ecommerce\/wp-content\/uploads\/sites\/13\/2023\/10\/FUN-873-Inteligencia-Emocional-para-Comunicacion-Asertiva-150x150.png 150w, https:\/\/ucenfotec.ac.cr\/ecommerce\/wp-content\/uploads\/sites\/13\/2023\/10\/FUN-873-Inteligencia-Emocional-para-Comunicacion-Asertiva-200x200.png 200w, https:\/\/ucenfotec.ac.cr\/ecommerce\/wp-content\/uploads\/sites\/13\/2023\/10\/FUN-873-Inteligencia-Emocional-para-Comunicacion-Asertiva.png 300w\" data-sizes=\"auto\" data-orig-sizes=\"(max-width: 300px) 100vw, 300px\" \/><\/a><\/p>\n<\/div>\n<\/div><\/div><\/div><\/div><\/div>\n","protected":false},"excerpt":{"rendered":"<p class=\"ai-optimize-21\"><span data-sheets-root=\"1\">Este curso desarrolla habilidades para gestionar emociones, fomentar la empat\u00eda, aplicar la inteligencia emocional en la comunicaci\u00f3n, proporcionar estrategias para mejorar la interacci\u00f3n interpersonal y resolver conflictos de manera asertiva.<\/span><\/p>\n","protected":false},"featured_media":75847,"template":"","meta":{"_relevanssi_hide_post":"","_relevanssi_hide_content":"","_relevanssi_pin_for_all":"","_relevanssi_pin_keywords":"","_relevanssi_unpin_keywords":"","_relevanssi_related_keywords":"","_relevanssi_related_include_ids":"","_relevanssi_related_exclude_ids":"","_relevanssi_related_no_append":"","_relevanssi_related_not_related":"","_relevanssi_related_posts":"","_relevanssi_noindex_reason":""},"product_brand":[],"product_cat":[685],"product_tag":[2136,2137,2138,2135,2133,2134,1436,1467,1094,1131],"class_list":{"0":"post-74555","1":"product","2":"type-product","3":"status-publish","4":"has-post-thumbnail","6":"product_cat-fundamentos","7":"product_tag-autoconciencia","8":"product_tag-autorregulacion","9":"product_tag-bienestar-personal","10":"product_tag-comunicacion-asertiva","11":"product_tag-empatia","12":"product_tag-escucha-activa","13":"product_tag-fundamentos","14":"product_tag-gestion-de-emociones","15":"product_tag-inteligencia-emocional","16":"product_tag-resolucion-de-conflictos","18":"first","19":"instock","20":"virtual","21":"sold-individually","22":"taxable","23":"purchasable","24":"product-type-simple"},"yoast_head":"<!-- This site is optimized with the Yoast SEO Premium plugin v27.4 (Yoast SEO v27.4) - https:\/\/yoast.com\/product\/yoast-seo-premium-wordpress\/ -->\n<title>Inteligencia emocional para comunicaci\u00f3n asertiva<\/title>\n<meta name=\"description\" content=\"Aprende t\u00e9cnicas de inteligencia emocional para mejorar la comunicaci\u00f3n, fortalecer la empat\u00eda y resolver conflictos de manera asertiva.\" \/>\n<meta name=\"robots\" content=\"index, follow, max-snippet:-1, max-image-preview:large, max-video-preview:-1\" \/>\n<link rel=\"canonical\" href=\"https:\/\/ucenfotec.ac.cr\/ecommerce\/producto\/inteligencia-emocional-para-comunicacion-asertiva\/\" \/>\n<meta property=\"og:locale\" content=\"es_ES\" \/>\n<meta property=\"og:type\" content=\"article\" \/>\n<meta property=\"og:title\" content=\"Inteligencia emocional para comunicaci\u00f3n asertiva\" \/>\n<meta property=\"og:description\" content=\"Aprende t\u00e9cnicas de inteligencia emocional para mejorar la comunicaci\u00f3n, fortalecer la empat\u00eda y resolver conflictos de manera asertiva.\" \/>\n<meta property=\"og:url\" content=\"https:\/\/ucenfotec.ac.cr\/ecommerce\/producto\/inteligencia-emocional-para-comunicacion-asertiva\/\" \/>\n<meta property=\"og:site_name\" content=\"Cursos - CENFOTEC\" \/>\n<meta property=\"article:modified_time\" content=\"2026-03-24T00:49:23+00:00\" \/>\n<meta property=\"og:image\" content=\"https:\/\/ucenfotec.ac.cr\/ecommerce\/wp-content\/uploads\/sites\/13\/2023\/11\/FUN-873.jpg\" \/>\n\t<meta property=\"og:image:width\" content=\"1920\" \/>\n\t<meta property=\"og:image:height\" content=\"1080\" \/>\n\t<meta property=\"og:image:type\" content=\"image\/jpeg\" \/>\n<meta name=\"twitter:card\" content=\"summary_large_image\" \/>\n<meta name=\"twitter:label1\" content=\"Tiempo de lectura\" \/>\n\t<meta name=\"twitter:data1\" content=\"2 minutos\" \/>\n<script type=\"application\/ld+json\" class=\"yoast-schema-graph\">{\"@context\":\"https:\\\/\\\/schema.org\",\"@graph\":[{\"@type\":\"WebPage\",\"@id\":\"https:\\\/\\\/ucenfotec.ac.cr\\\/ecommerce\\\/producto\\\/inteligencia-emocional-para-comunicacion-asertiva\\\/\",\"url\":\"https:\\\/\\\/ucenfotec.ac.cr\\\/ecommerce\\\/producto\\\/inteligencia-emocional-para-comunicacion-asertiva\\\/\",\"name\":\"Inteligencia emocional para comunicaci\u00f3n asertiva\",\"isPartOf\":{\"@id\":\"https:\\\/\\\/ucenfotec.ac.cr\\\/ecommerce\\\/#website\"},\"primaryImageOfPage\":{\"@id\":\"https:\\\/\\\/ucenfotec.ac.cr\\\/ecommerce\\\/producto\\\/inteligencia-emocional-para-comunicacion-asertiva\\\/#primaryimage\"},\"image\":{\"@id\":\"https:\\\/\\\/ucenfotec.ac.cr\\\/ecommerce\\\/producto\\\/inteligencia-emocional-para-comunicacion-asertiva\\\/#primaryimage\"},\"thumbnailUrl\":\"https:\\\/\\\/ucenfotec.ac.cr\\\/ecommerce\\\/wp-content\\\/uploads\\\/sites\\\/13\\\/2023\\\/11\\\/FUN-873.jpg\",\"datePublished\":\"2023-10-04T16:44:02+00:00\",\"dateModified\":\"2026-03-24T00:49:23+00:00\",\"description\":\"Aprende t\u00e9cnicas de inteligencia emocional para mejorar la comunicaci\u00f3n, fortalecer la empat\u00eda y resolver conflictos de manera asertiva.\",\"breadcrumb\":{\"@id\":\"https:\\\/\\\/ucenfotec.ac.cr\\\/ecommerce\\\/producto\\\/inteligencia-emocional-para-comunicacion-asertiva\\\/#breadcrumb\"},\"inLanguage\":\"es\",\"potentialAction\":[{\"@type\":\"ReadAction\",\"target\":[\"https:\\\/\\\/ucenfotec.ac.cr\\\/ecommerce\\\/producto\\\/inteligencia-emocional-para-comunicacion-asertiva\\\/\"]}]},{\"@type\":\"ImageObject\",\"inLanguage\":\"es\",\"@id\":\"https:\\\/\\\/ucenfotec.ac.cr\\\/ecommerce\\\/producto\\\/inteligencia-emocional-para-comunicacion-asertiva\\\/#primaryimage\",\"url\":\"https:\\\/\\\/ucenfotec.ac.cr\\\/ecommerce\\\/wp-content\\\/uploads\\\/sites\\\/13\\\/2023\\\/11\\\/FUN-873.jpg\",\"contentUrl\":\"https:\\\/\\\/ucenfotec.ac.cr\\\/ecommerce\\\/wp-content\\\/uploads\\\/sites\\\/13\\\/2023\\\/11\\\/FUN-873.jpg\",\"width\":1920,\"height\":1080,\"caption\":\"Inteligencia emocional para comunicaci\u00f3n asertiva\"},{\"@type\":\"BreadcrumbList\",\"@id\":\"https:\\\/\\\/ucenfotec.ac.cr\\\/ecommerce\\\/producto\\\/inteligencia-emocional-para-comunicacion-asertiva\\\/#breadcrumb\",\"itemListElement\":[{\"@type\":\"ListItem\",\"position\":1,\"name\":\"Portada\",\"item\":\"https:\\\/\\\/ucenfotec.ac.cr\\\/ecommerce\\\/\"},{\"@type\":\"ListItem\",\"position\":2,\"name\":\"Todos los Cursos\",\"item\":\"https:\\\/\\\/ucenfotec.ac.cr\\\/ecommerce\\\/todos-los-cursos\\\/\"},{\"@type\":\"ListItem\",\"position\":3,\"name\":\"Inteligencia emocional para comunicaci\u00f3n asertiva\"}]},{\"@type\":\"WebSite\",\"@id\":\"https:\\\/\\\/ucenfotec.ac.cr\\\/ecommerce\\\/#website\",\"url\":\"https:\\\/\\\/ucenfotec.ac.cr\\\/ecommerce\\\/\",\"name\":\"Cursos - CENFOTEC\",\"description\":\"Tienda en l\u00ednea de cursos ofrecidos por CENFOTEC\",\"potentialAction\":[{\"@type\":\"SearchAction\",\"target\":{\"@type\":\"EntryPoint\",\"urlTemplate\":\"https:\\\/\\\/ucenfotec.ac.cr\\\/ecommerce\\\/?s={search_term_string}\"},\"query-input\":{\"@type\":\"PropertyValueSpecification\",\"valueRequired\":true,\"valueName\":\"search_term_string\"}}],\"inLanguage\":\"es\"}]}<\/script>\n<!-- \/ Yoast SEO Premium plugin. -->","yoast_head_json":{"title":"Inteligencia emocional para comunicaci\u00f3n asertiva","description":"Aprende t\u00e9cnicas de inteligencia emocional para mejorar la comunicaci\u00f3n, fortalecer la empat\u00eda y resolver conflictos de manera asertiva.","robots":{"index":"index","follow":"follow","max-snippet":"max-snippet:-1","max-image-preview":"max-image-preview:large","max-video-preview":"max-video-preview:-1"},"canonical":"https:\/\/ucenfotec.ac.cr\/ecommerce\/producto\/inteligencia-emocional-para-comunicacion-asertiva\/","og_locale":"es_ES","og_type":"article","og_title":"Inteligencia emocional para comunicaci\u00f3n asertiva","og_description":"Aprende t\u00e9cnicas de inteligencia emocional para mejorar la comunicaci\u00f3n, fortalecer la empat\u00eda y resolver conflictos de manera asertiva.","og_url":"https:\/\/ucenfotec.ac.cr\/ecommerce\/producto\/inteligencia-emocional-para-comunicacion-asertiva\/","og_site_name":"Cursos - CENFOTEC","article_modified_time":"2026-03-24T00:49:23+00:00","og_image":[{"width":1920,"height":1080,"url":"https:\/\/ucenfotec.ac.cr\/ecommerce\/wp-content\/uploads\/sites\/13\/2023\/11\/FUN-873.jpg","type":"image\/jpeg"}],"twitter_card":"summary_large_image","twitter_misc":{"Tiempo de lectura":"2 minutos"},"schema":{"@context":"https:\/\/schema.org","@graph":[{"@type":"WebPage","@id":"https:\/\/ucenfotec.ac.cr\/ecommerce\/producto\/inteligencia-emocional-para-comunicacion-asertiva\/","url":"https:\/\/ucenfotec.ac.cr\/ecommerce\/producto\/inteligencia-emocional-para-comunicacion-asertiva\/","name":"Inteligencia emocional para comunicaci\u00f3n asertiva","isPartOf":{"@id":"https:\/\/ucenfotec.ac.cr\/ecommerce\/#website"},"primaryImageOfPage":{"@id":"https:\/\/ucenfotec.ac.cr\/ecommerce\/producto\/inteligencia-emocional-para-comunicacion-asertiva\/#primaryimage"},"image":{"@id":"https:\/\/ucenfotec.ac.cr\/ecommerce\/producto\/inteligencia-emocional-para-comunicacion-asertiva\/#primaryimage"},"thumbnailUrl":"https:\/\/ucenfotec.ac.cr\/ecommerce\/wp-content\/uploads\/sites\/13\/2023\/11\/FUN-873.jpg","datePublished":"2023-10-04T16:44:02+00:00","dateModified":"2026-03-24T00:49:23+00:00","description":"Aprende t\u00e9cnicas de inteligencia emocional para mejorar la comunicaci\u00f3n, fortalecer la empat\u00eda y resolver conflictos de manera asertiva.","breadcrumb":{"@id":"https:\/\/ucenfotec.ac.cr\/ecommerce\/producto\/inteligencia-emocional-para-comunicacion-asertiva\/#breadcrumb"},"inLanguage":"es","potentialAction":[{"@type":"ReadAction","target":["https:\/\/ucenfotec.ac.cr\/ecommerce\/producto\/inteligencia-emocional-para-comunicacion-asertiva\/"]}]},{"@type":"ImageObject","inLanguage":"es","@id":"https:\/\/ucenfotec.ac.cr\/ecommerce\/producto\/inteligencia-emocional-para-comunicacion-asertiva\/#primaryimage","url":"https:\/\/ucenfotec.ac.cr\/ecommerce\/wp-content\/uploads\/sites\/13\/2023\/11\/FUN-873.jpg","contentUrl":"https:\/\/ucenfotec.ac.cr\/ecommerce\/wp-content\/uploads\/sites\/13\/2023\/11\/FUN-873.jpg","width":1920,"height":1080,"caption":"Inteligencia emocional para comunicaci\u00f3n asertiva"},{"@type":"BreadcrumbList","@id":"https:\/\/ucenfotec.ac.cr\/ecommerce\/producto\/inteligencia-emocional-para-comunicacion-asertiva\/#breadcrumb","itemListElement":[{"@type":"ListItem","position":1,"name":"Portada","item":"https:\/\/ucenfotec.ac.cr\/ecommerce\/"},{"@type":"ListItem","position":2,"name":"Todos los Cursos","item":"https:\/\/ucenfotec.ac.cr\/ecommerce\/todos-los-cursos\/"},{"@type":"ListItem","position":3,"name":"Inteligencia emocional para comunicaci\u00f3n asertiva"}]},{"@type":"WebSite","@id":"https:\/\/ucenfotec.ac.cr\/ecommerce\/#website","url":"https:\/\/ucenfotec.ac.cr\/ecommerce\/","name":"Cursos - CENFOTEC","description":"Tienda en l\u00ednea de cursos ofrecidos por CENFOTEC","potentialAction":[{"@type":"SearchAction","target":{"@type":"EntryPoint","urlTemplate":"https:\/\/ucenfotec.ac.cr\/ecommerce\/?s={search_term_string}"},"query-input":{"@type":"PropertyValueSpecification","valueRequired":true,"valueName":"search_term_string"}}],"inLanguage":"es"}]}},"_links":{"self":[{"href":"https:\/\/ucenfotec.ac.cr\/ecommerce\/wp-json\/wp\/v2\/product\/74555","targetHints":{"allow":["GET"]}}],"collection":[{"href":"https:\/\/ucenfotec.ac.cr\/ecommerce\/wp-json\/wp\/v2\/product"}],"about":[{"href":"https:\/\/ucenfotec.ac.cr\/ecommerce\/wp-json\/wp\/v2\/types\/product"}],"wp:featuredmedia":[{"embeddable":true,"href":"https:\/\/ucenfotec.ac.cr\/ecommerce\/wp-json\/wp\/v2\/media\/75847"}],"wp:attachment":[{"href":"https:\/\/ucenfotec.ac.cr\/ecommerce\/wp-json\/wp\/v2\/media?parent=74555"}],"wp:term":[{"taxonomy":"product_brand","embeddable":true,"href":"https:\/\/ucenfotec.ac.cr\/ecommerce\/wp-json\/wp\/v2\/product_brand?post=74555"},{"taxonomy":"product_cat","embeddable":true,"href":"https:\/\/ucenfotec.ac.cr\/ecommerce\/wp-json\/wp\/v2\/product_cat?post=74555"},{"taxonomy":"product_tag","embeddable":true,"href":"https:\/\/ucenfotec.ac.cr\/ecommerce\/wp-json\/wp\/v2\/product_tag?post=74555"}],"curies":[{"name":"wp","href":"https:\/\/api.w.org\/{rel}","templated":true}]}}