{"id":80927,"date":"2024-04-17T13:45:59","date_gmt":"2024-04-17T19:45:59","guid":{"rendered":"https:\/\/ucenfotec.ac.cr\/ecommerce\/?post_type=product&#038;p=80927"},"modified":"2026-04-13T12:40:54","modified_gmt":"2026-04-13T18:40:54","slug":"iso-27001-fundamentos-implementacion-y-auditoria-con-examen-de-certificacion","status":"publish","type":"product","link":"https:\/\/ucenfotec.ac.cr\/ecommerce\/producto\/iso-27001-fundamentos-implementacion-y-auditoria-con-examen-de-certificacion\/","title":{"rendered":"ISO-27001 Fundamentos, Implementaci\u00f3n y Auditor\u00eda con examen de certificaci\u00f3n"},"content":{"rendered":"<div class=\"fusion-fullwidth fullwidth-box fusion-builder-row-1 fusion-flex-container nonhundred-percent-fullwidth non-hundred-percent-height-scrolling\" style=\"--awb-border-radius-top-left:0px;--awb-border-radius-top-right:0px;--awb-border-radius-bottom-right:0px;--awb-border-radius-bottom-left:0px;--awb-flex-wrap:wrap;\" ><div class=\"fusion-builder-row fusion-row fusion-flex-align-items-flex-start fusion-flex-content-wrap\" style=\"max-width:1216.8px;margin-left: calc(-4% \/ 2 );margin-right: calc(-4% \/ 2 );\"><div class=\"fusion-layout-column fusion_builder_column fusion-builder-column-0 fusion_builder_column_1_1 1_1 fusion-flex-column\" style=\"--awb-bg-size:cover;--awb-width-large:100%;--awb-margin-top-large:0px;--awb-spacing-right-large:1.92%;--awb-margin-bottom-large:0px;--awb-spacing-left-large:1.92%;--awb-width-medium:100%;--awb-spacing-right-medium:1.92%;--awb-spacing-left-medium:1.92%;--awb-width-small:100%;--awb-spacing-right-small:1.92%;--awb-spacing-left-small:1.92%;\"><div class=\"fusion-column-wrapper fusion-flex-justify-content-flex-start fusion-content-layout-column\"><div class=\"fusion-text fusion-text-1\"><p><span data-sheets-root=\"1\">La Norma ISO\/IEC 27001 es una norma internacional que establece los requisitos para establecer, implementar, mantener y mejorar continuamente un Sistema de Gesti\u00f3n de Seguridad de la Informaci\u00f3n (SGSI). Esta norma proporciona un enfoque sistem\u00e1tico y estructurado para gestionar la seguridad de la informaci\u00f3n en una organizaci\u00f3n, independientemente de su tama\u00f1o o sector. En este curso, los estudiantes identificar\u00e1n los requisitos de la Norma ISO\/IEC 27001, evaluar\u00e1n su aplicabilidad a las organizaciones desde el punto de vista de encargados de seguridad y verificar\u00e1n su cumplimiento desde la perspectiva de un auditor. Entender\u00e1n los componentes necesarios para implementar o determinar el estado actual del sistema de gesti\u00f3n de la seguridad de la informaci\u00f3n que sirva como punto de partida para su mejora. Y determinar\u00e1n los requisitos necesarios para certificar el cumplimiento de un sistema de seguridad acorde con la norma.<\/span><\/p>\n<p><span data-sheets-root=\"1\">Las tem\u00e1ticas por abordar en este curso son introducci\u00f3n, antecedentes y conceptualizaci\u00f3n de un sistema de gesti\u00f3n de la seguridad de la informaci\u00f3n, t\u00e9rminos y definiciones de la norma ISO-27001, implementaci\u00f3n, evaluaci\u00f3n del desempe\u00f1o y mejora, gesti\u00f3n de riesgos y auditor\u00edas internas. El curso est\u00e1 dise\u00f1ado por competencias y alineado con el marco de habilidades SFIA 8, por lo que se propone que los estudiantes logren responder a un nivel de habilidad 5 en el \u00e1rea de Seguridad de la Informaci\u00f3n (SCTY), de manera que eval\u00faen y recomienden controles de seguridad espec\u00edficos, ofrezcan asesoramiento y orientaci\u00f3n sobre estrategias de seguridad para la gesti\u00f3n de riesgos identificados y aseguren el cumplimiento de est\u00e1ndares.<br \/>\n<\/span><\/p>\n<p><span data-sheets-root=\"1\">Al finalizar el curso el estudiante tendr\u00e1 acceso a realizar los ex\u00e1menes de certificaci\u00f3n de ISO 27001 Fundamentos, ISO 27001 Implementador L\u00edder e ISO 27001 Auditor L\u00edder.<\/span><\/p>\n<hr \/>\n<p><strong>Contenidos<\/strong><\/p>\n<p>1. Introducci\u00f3n y antecedentes.<\/p>\n<p>2. \u00bfQu\u00e9 es un Sistema de Gesti\u00f3n de Seguridad de la Informaci\u00f3n (SGSI)?.<\/p>\n<p>3. T\u00e9rminos, definiciones y planificaci\u00f3n: interpretar los requisitos de la norma.<\/p>\n<p>4. Gesti\u00f3n de riesgos de seguridad de la informaci\u00f3n basado en ISO 27005.<\/p>\n<p>5. Planificaci\u00f3n y pasos de la implementaci\u00f3n de un SGSI.<\/p>\n<p>6. Contexto de la organizaci\u00f3n: Interpretar los requisitos de la norma y Liderazgo: Interpretar los requisitos de la norma.<\/p>\n<p>7. Soporte: interpretar los requisitos de la norma y Operaci\u00f3n: interpretar los requisitos de la norma.<\/p>\n<p>8. Evaluaci\u00f3n del Desempe\u00f1o: interpretar los requisitos de la norma.<\/p>\n<p>9. Auditor\u00edas internas con \u00e9nfasis en competencias de Auditor L\u00edder.<\/p>\n<hr \/>\n<p><strong>Certificaci\u00f3n<\/strong><\/p>\n<p><strong>Casa certificadora:<\/strong> <span data-sheets-root=\"1\">CERTIPROF<\/span><\/p>\n<p><strong>Nombre de la certificaci\u00f3n:<\/strong> <span data-sheets-root=\"1\">Master ISO\/IEC 27001 <\/span><\/p>\n<hr \/>\n<\/div><\/div><\/div><\/div><\/div>\n","protected":false},"excerpt":{"rendered":"<p class=\"ai-optimize-20\"><span data-sheets-root=\"1\">Prep\u00e1rate para obtener la certificaci\u00f3n oficial en ISO 27001 y domina la implementaci\u00f3n y auditor\u00eda de un SGSI con est\u00e1ndares internacionales.<\/span><\/p>\n","protected":false},"featured_media":53376,"template":"","meta":{"_relevanssi_hide_post":"","_relevanssi_hide_content":"","_relevanssi_pin_for_all":"","_relevanssi_pin_keywords":"","_relevanssi_unpin_keywords":"","_relevanssi_related_keywords":"","_relevanssi_related_include_ids":"","_relevanssi_related_exclude_ids":"","_relevanssi_related_no_append":"","_relevanssi_related_not_related":"","_relevanssi_related_posts":"","_relevanssi_noindex_reason":""},"product_brand":[],"product_cat":[655],"product_tag":[1544,1542,1541,1543],"class_list":{"0":"post-80927","1":"product","2":"type-product","3":"status-publish","4":"has-post-thumbnail","6":"product_cat-ciberseguridad","7":"product_tag-auditor-iso-27001","8":"product_tag-implementacion-del-sgsi","9":"product_tag-iso-27001","10":"product_tag-sgsi","12":"first","13":"instock","14":"virtual","15":"sold-individually","16":"taxable","17":"purchasable","18":"product-type-simple"},"yoast_head":"<!-- This site is optimized with the Yoast SEO Premium plugin v27.4 (Yoast SEO v27.4) - https:\/\/yoast.com\/product\/yoast-seo-premium-wordpress\/ -->\n<title>PlantillaISO-27001 Fundamentos Implementaci\u00f3n y Auditor\u00eda con examen de certificaci\u00f3n<\/title>\n<meta name=\"description\" content=\"Curso que incluye examen de certificaci\u00f3n sobre ISO-27001 en gesti\u00f3n de seguridad de la informaci\u00f3n.\" \/>\n<meta name=\"robots\" content=\"index, follow, max-snippet:-1, max-image-preview:large, max-video-preview:-1\" \/>\n<link rel=\"canonical\" href=\"https:\/\/ucenfotec.ac.cr\/ecommerce\/producto\/iso-27001-fundamentos-implementacion-y-auditoria-con-examen-de-certificacion\/\" \/>\n<meta property=\"og:locale\" content=\"es_ES\" \/>\n<meta property=\"og:type\" content=\"article\" \/>\n<meta property=\"og:title\" content=\"ISO-27001 Fundamentos, Implementaci\u00f3n y Auditor\u00eda con examen de certificaci\u00f3n\" \/>\n<meta property=\"og:description\" content=\"Curso que incluye examen de certificaci\u00f3n sobre ISO-27001 en gesti\u00f3n de seguridad de la informaci\u00f3n.\" \/>\n<meta property=\"og:url\" content=\"https:\/\/ucenfotec.ac.cr\/ecommerce\/producto\/iso-27001-fundamentos-implementacion-y-auditoria-con-examen-de-certificacion\/\" \/>\n<meta property=\"og:site_name\" content=\"Cursos - CENFOTEC\" \/>\n<meta property=\"article:modified_time\" content=\"2026-04-13T18:40:54+00:00\" \/>\n<meta property=\"og:image\" content=\"https:\/\/ucenfotec.ac.cr\/ecommerce\/wp-content\/uploads\/sites\/13\/2022\/05\/Cybersecurity.jpg\" \/>\n\t<meta property=\"og:image:width\" content=\"500\" \/>\n\t<meta property=\"og:image:height\" content=\"650\" \/>\n\t<meta property=\"og:image:type\" content=\"image\/jpeg\" \/>\n<meta name=\"twitter:card\" content=\"summary_large_image\" \/>\n<meta name=\"twitter:label1\" content=\"Tiempo de lectura\" \/>\n\t<meta name=\"twitter:data1\" content=\"1 minuto\" \/>\n<script type=\"application\/ld+json\" class=\"yoast-schema-graph\">{\"@context\":\"https:\\\/\\\/schema.org\",\"@graph\":[{\"@type\":\"WebPage\",\"@id\":\"https:\\\/\\\/ucenfotec.ac.cr\\\/ecommerce\\\/producto\\\/iso-27001-fundamentos-implementacion-y-auditoria-con-examen-de-certificacion\\\/\",\"url\":\"https:\\\/\\\/ucenfotec.ac.cr\\\/ecommerce\\\/producto\\\/iso-27001-fundamentos-implementacion-y-auditoria-con-examen-de-certificacion\\\/\",\"name\":\"PlantillaISO-27001 Fundamentos Implementaci\u00f3n y Auditor\u00eda con examen de certificaci\u00f3n\",\"isPartOf\":{\"@id\":\"https:\\\/\\\/ucenfotec.ac.cr\\\/ecommerce\\\/#website\"},\"primaryImageOfPage\":{\"@id\":\"https:\\\/\\\/ucenfotec.ac.cr\\\/ecommerce\\\/producto\\\/iso-27001-fundamentos-implementacion-y-auditoria-con-examen-de-certificacion\\\/#primaryimage\"},\"image\":{\"@id\":\"https:\\\/\\\/ucenfotec.ac.cr\\\/ecommerce\\\/producto\\\/iso-27001-fundamentos-implementacion-y-auditoria-con-examen-de-certificacion\\\/#primaryimage\"},\"thumbnailUrl\":\"https:\\\/\\\/ucenfotec.ac.cr\\\/ecommerce\\\/wp-content\\\/uploads\\\/sites\\\/13\\\/2022\\\/05\\\/Cybersecurity.jpg\",\"datePublished\":\"2024-04-17T19:45:59+00:00\",\"dateModified\":\"2026-04-13T18:40:54+00:00\",\"description\":\"Curso que incluye examen de certificaci\u00f3n sobre ISO-27001 en gesti\u00f3n de seguridad de la informaci\u00f3n.\",\"breadcrumb\":{\"@id\":\"https:\\\/\\\/ucenfotec.ac.cr\\\/ecommerce\\\/producto\\\/iso-27001-fundamentos-implementacion-y-auditoria-con-examen-de-certificacion\\\/#breadcrumb\"},\"inLanguage\":\"es\",\"potentialAction\":[{\"@type\":\"ReadAction\",\"target\":[\"https:\\\/\\\/ucenfotec.ac.cr\\\/ecommerce\\\/producto\\\/iso-27001-fundamentos-implementacion-y-auditoria-con-examen-de-certificacion\\\/\"]}]},{\"@type\":\"ImageObject\",\"inLanguage\":\"es\",\"@id\":\"https:\\\/\\\/ucenfotec.ac.cr\\\/ecommerce\\\/producto\\\/iso-27001-fundamentos-implementacion-y-auditoria-con-examen-de-certificacion\\\/#primaryimage\",\"url\":\"https:\\\/\\\/ucenfotec.ac.cr\\\/ecommerce\\\/wp-content\\\/uploads\\\/sites\\\/13\\\/2022\\\/05\\\/Cybersecurity.jpg\",\"contentUrl\":\"https:\\\/\\\/ucenfotec.ac.cr\\\/ecommerce\\\/wp-content\\\/uploads\\\/sites\\\/13\\\/2022\\\/05\\\/Cybersecurity.jpg\",\"width\":500,\"height\":650,\"caption\":\"Ciberseguridad - Universidad CENFOTEC\"},{\"@type\":\"BreadcrumbList\",\"@id\":\"https:\\\/\\\/ucenfotec.ac.cr\\\/ecommerce\\\/producto\\\/iso-27001-fundamentos-implementacion-y-auditoria-con-examen-de-certificacion\\\/#breadcrumb\",\"itemListElement\":[{\"@type\":\"ListItem\",\"position\":1,\"name\":\"Portada\",\"item\":\"https:\\\/\\\/ucenfotec.ac.cr\\\/ecommerce\\\/\"},{\"@type\":\"ListItem\",\"position\":2,\"name\":\"Todos los Cursos\",\"item\":\"https:\\\/\\\/ucenfotec.ac.cr\\\/ecommerce\\\/todos-los-cursos\\\/\"},{\"@type\":\"ListItem\",\"position\":3,\"name\":\"ISO-27001 Fundamentos, Implementaci\u00f3n y Auditor\u00eda con examen de certificaci\u00f3n\"}]},{\"@type\":\"WebSite\",\"@id\":\"https:\\\/\\\/ucenfotec.ac.cr\\\/ecommerce\\\/#website\",\"url\":\"https:\\\/\\\/ucenfotec.ac.cr\\\/ecommerce\\\/\",\"name\":\"Cursos - CENFOTEC\",\"description\":\"Tienda en l\u00ednea de cursos ofrecidos por CENFOTEC\",\"potentialAction\":[{\"@type\":\"SearchAction\",\"target\":{\"@type\":\"EntryPoint\",\"urlTemplate\":\"https:\\\/\\\/ucenfotec.ac.cr\\\/ecommerce\\\/?s={search_term_string}\"},\"query-input\":{\"@type\":\"PropertyValueSpecification\",\"valueRequired\":true,\"valueName\":\"search_term_string\"}}],\"inLanguage\":\"es\"}]}<\/script>\n<!-- \/ Yoast SEO Premium plugin. -->","yoast_head_json":{"title":"PlantillaISO-27001 Fundamentos Implementaci\u00f3n y Auditor\u00eda con examen de certificaci\u00f3n","description":"Curso que incluye examen de certificaci\u00f3n sobre ISO-27001 en gesti\u00f3n de seguridad de la informaci\u00f3n.","robots":{"index":"index","follow":"follow","max-snippet":"max-snippet:-1","max-image-preview":"max-image-preview:large","max-video-preview":"max-video-preview:-1"},"canonical":"https:\/\/ucenfotec.ac.cr\/ecommerce\/producto\/iso-27001-fundamentos-implementacion-y-auditoria-con-examen-de-certificacion\/","og_locale":"es_ES","og_type":"article","og_title":"ISO-27001 Fundamentos, Implementaci\u00f3n y Auditor\u00eda con examen de certificaci\u00f3n","og_description":"Curso que incluye examen de certificaci\u00f3n sobre ISO-27001 en gesti\u00f3n de seguridad de la informaci\u00f3n.","og_url":"https:\/\/ucenfotec.ac.cr\/ecommerce\/producto\/iso-27001-fundamentos-implementacion-y-auditoria-con-examen-de-certificacion\/","og_site_name":"Cursos - CENFOTEC","article_modified_time":"2026-04-13T18:40:54+00:00","og_image":[{"width":500,"height":650,"url":"https:\/\/ucenfotec.ac.cr\/ecommerce\/wp-content\/uploads\/sites\/13\/2022\/05\/Cybersecurity.jpg","type":"image\/jpeg"}],"twitter_card":"summary_large_image","twitter_misc":{"Tiempo de lectura":"1 minuto"},"schema":{"@context":"https:\/\/schema.org","@graph":[{"@type":"WebPage","@id":"https:\/\/ucenfotec.ac.cr\/ecommerce\/producto\/iso-27001-fundamentos-implementacion-y-auditoria-con-examen-de-certificacion\/","url":"https:\/\/ucenfotec.ac.cr\/ecommerce\/producto\/iso-27001-fundamentos-implementacion-y-auditoria-con-examen-de-certificacion\/","name":"PlantillaISO-27001 Fundamentos Implementaci\u00f3n y Auditor\u00eda con examen de certificaci\u00f3n","isPartOf":{"@id":"https:\/\/ucenfotec.ac.cr\/ecommerce\/#website"},"primaryImageOfPage":{"@id":"https:\/\/ucenfotec.ac.cr\/ecommerce\/producto\/iso-27001-fundamentos-implementacion-y-auditoria-con-examen-de-certificacion\/#primaryimage"},"image":{"@id":"https:\/\/ucenfotec.ac.cr\/ecommerce\/producto\/iso-27001-fundamentos-implementacion-y-auditoria-con-examen-de-certificacion\/#primaryimage"},"thumbnailUrl":"https:\/\/ucenfotec.ac.cr\/ecommerce\/wp-content\/uploads\/sites\/13\/2022\/05\/Cybersecurity.jpg","datePublished":"2024-04-17T19:45:59+00:00","dateModified":"2026-04-13T18:40:54+00:00","description":"Curso que incluye examen de certificaci\u00f3n sobre ISO-27001 en gesti\u00f3n de seguridad de la informaci\u00f3n.","breadcrumb":{"@id":"https:\/\/ucenfotec.ac.cr\/ecommerce\/producto\/iso-27001-fundamentos-implementacion-y-auditoria-con-examen-de-certificacion\/#breadcrumb"},"inLanguage":"es","potentialAction":[{"@type":"ReadAction","target":["https:\/\/ucenfotec.ac.cr\/ecommerce\/producto\/iso-27001-fundamentos-implementacion-y-auditoria-con-examen-de-certificacion\/"]}]},{"@type":"ImageObject","inLanguage":"es","@id":"https:\/\/ucenfotec.ac.cr\/ecommerce\/producto\/iso-27001-fundamentos-implementacion-y-auditoria-con-examen-de-certificacion\/#primaryimage","url":"https:\/\/ucenfotec.ac.cr\/ecommerce\/wp-content\/uploads\/sites\/13\/2022\/05\/Cybersecurity.jpg","contentUrl":"https:\/\/ucenfotec.ac.cr\/ecommerce\/wp-content\/uploads\/sites\/13\/2022\/05\/Cybersecurity.jpg","width":500,"height":650,"caption":"Ciberseguridad - Universidad CENFOTEC"},{"@type":"BreadcrumbList","@id":"https:\/\/ucenfotec.ac.cr\/ecommerce\/producto\/iso-27001-fundamentos-implementacion-y-auditoria-con-examen-de-certificacion\/#breadcrumb","itemListElement":[{"@type":"ListItem","position":1,"name":"Portada","item":"https:\/\/ucenfotec.ac.cr\/ecommerce\/"},{"@type":"ListItem","position":2,"name":"Todos los Cursos","item":"https:\/\/ucenfotec.ac.cr\/ecommerce\/todos-los-cursos\/"},{"@type":"ListItem","position":3,"name":"ISO-27001 Fundamentos, Implementaci\u00f3n y Auditor\u00eda con examen de certificaci\u00f3n"}]},{"@type":"WebSite","@id":"https:\/\/ucenfotec.ac.cr\/ecommerce\/#website","url":"https:\/\/ucenfotec.ac.cr\/ecommerce\/","name":"Cursos - CENFOTEC","description":"Tienda en l\u00ednea de cursos ofrecidos por CENFOTEC","potentialAction":[{"@type":"SearchAction","target":{"@type":"EntryPoint","urlTemplate":"https:\/\/ucenfotec.ac.cr\/ecommerce\/?s={search_term_string}"},"query-input":{"@type":"PropertyValueSpecification","valueRequired":true,"valueName":"search_term_string"}}],"inLanguage":"es"}]}},"_links":{"self":[{"href":"https:\/\/ucenfotec.ac.cr\/ecommerce\/wp-json\/wp\/v2\/product\/80927","targetHints":{"allow":["GET"]}}],"collection":[{"href":"https:\/\/ucenfotec.ac.cr\/ecommerce\/wp-json\/wp\/v2\/product"}],"about":[{"href":"https:\/\/ucenfotec.ac.cr\/ecommerce\/wp-json\/wp\/v2\/types\/product"}],"wp:featuredmedia":[{"embeddable":true,"href":"https:\/\/ucenfotec.ac.cr\/ecommerce\/wp-json\/wp\/v2\/media\/53376"}],"wp:attachment":[{"href":"https:\/\/ucenfotec.ac.cr\/ecommerce\/wp-json\/wp\/v2\/media?parent=80927"}],"wp:term":[{"taxonomy":"product_brand","embeddable":true,"href":"https:\/\/ucenfotec.ac.cr\/ecommerce\/wp-json\/wp\/v2\/product_brand?post=80927"},{"taxonomy":"product_cat","embeddable":true,"href":"https:\/\/ucenfotec.ac.cr\/ecommerce\/wp-json\/wp\/v2\/product_cat?post=80927"},{"taxonomy":"product_tag","embeddable":true,"href":"https:\/\/ucenfotec.ac.cr\/ecommerce\/wp-json\/wp\/v2\/product_tag?post=80927"}],"curies":[{"name":"wp","href":"https:\/\/api.w.org\/{rel}","templated":true}]}}